{"id":19556,"date":"2022-11-30T11:11:42","date_gmt":"2022-11-30T11:11:42","guid":{"rendered":"https:\/\/culturas.cc\/congresso2022\/?page_id=19556"},"modified":"2023-05-17T09:54:20","modified_gmt":"2023-05-17T08:54:20","slug":"https-culturas-cc-congresso2022-wp-content-uploads-sites-13-2023-05-livro-de-resumos_final-pdf","status":"publish","type":"page","link":"https:\/\/culturas.cc\/congresso2022\/https-culturas-cc-congresso2022-wp-content-uploads-sites-13-2023-05-livro-de-resumos_final-pdf\/","title":{"rendered":"Programa"},"content":{"rendered":"\n<div data-wp-interactive=\"core\/file\" class=\"wp-block-file\"><object data-wp-bind--hidden=\"!state.hasPdfPreview\" hidden class=\"wp-block-file__embed\" data=\"https:\/\/culturas.cc\/congresso2022\/wp-content\/uploads\/sites\/13\/2023\/05\/Livro-de-Resumos_final.pdf\" type=\"application\/pdf\" style=\"width:100%;height:600px\" aria-label=\"Incorpora\u00e7\u00e3o de Incorpora\u00e7\u00e3o de Livro-de-Resumos_final..\"><\/object><a id=\"wp-block-file--media-0872948d-06ae-4c6d-ba50-30d76c1665b6\" href=\"https:\/\/culturas.cc\/congresso2022\/wp-content\/uploads\/sites\/13\/2023\/05\/Livro-de-Resumos_final.pdf\">Livro-de-Resumos_final<\/a><a href=\"https:\/\/culturas.cc\/congresso2022\/wp-content\/uploads\/sites\/13\/2023\/05\/Livro-de-Resumos_final.pdf\" class=\"wp-block-file__button\" download aria-describedby=\"wp-block-file--media-0872948d-06ae-4c6d-ba50-30d76c1665b6\">Descarregar<\/a><\/div>\n","protected":false},"excerpt":{"rendered":"","protected":false},"author":577,"featured_media":0,"parent":0,"menu_order":0,"comment_status":"closed","ping_status":"closed","template":"","meta":{"_bbp_topic_count":0,"_bbp_reply_count":0,"_bbp_total_topic_count":0,"_bbp_total_reply_count":0,"_bbp_voice_count":0,"_bbp_anonymous_reply_count":0,"_bbp_topic_count_hidden":0,"_bbp_reply_count_hidden":0,"_bbp_forum_subforum_count":0,"footnotes":""},"class_list":["post-19556","page","type-page","status-publish","hentry"],"jetpack_sharing_enabled":true,"_links":{"self":[{"href":"https:\/\/culturas.cc\/congresso2022\/wp-json\/wp\/v2\/pages\/19556","targetHints":{"allow":["GET"]}}],"collection":[{"href":"https:\/\/culturas.cc\/congresso2022\/wp-json\/wp\/v2\/pages"}],"about":[{"href":"https:\/\/culturas.cc\/congresso2022\/wp-json\/wp\/v2\/types\/page"}],"author":[{"embeddable":true,"href":"https:\/\/culturas.cc\/congresso2022\/wp-json\/wp\/v2\/users\/577"}],"replies":[{"embeddable":true,"href":"https:\/\/culturas.cc\/congresso2022\/wp-json\/wp\/v2\/comments?post=19556"}],"version-history":[{"count":4,"href":"https:\/\/culturas.cc\/congresso2022\/wp-json\/wp\/v2\/pages\/19556\/revisions"}],"predecessor-version":[{"id":19605,"href":"https:\/\/culturas.cc\/congresso2022\/wp-json\/wp\/v2\/pages\/19556\/revisions\/19605"}],"wp:attachment":[{"href":"https:\/\/culturas.cc\/congresso2022\/wp-json\/wp\/v2\/media?parent=19556"}],"curies":[{"name":"wp","href":"https:\/\/api.w.org\/{rel}","templated":true}]}}