{"id":16623,"date":"2020-11-10T23:47:18","date_gmt":"2020-11-11T02:47:18","guid":{"rendered":"https:\/\/culturas.cc\/congresso2020\/?post_type=tribe_events&#038;p=16623"},"modified":"2020-11-18T23:51:52","modified_gmt":"2020-11-19T02:51:52","slug":"painel-6-raca-e-genero-no-mundo-digital","status":"publish","type":"tribe_events","link":"https:\/\/culturas.cc\/congresso2020\/event\/painel-6-raca-e-genero-no-mundo-digital\/","title":{"rendered":"Painel 6 | Ra\u00e7a e g\u00eanero no mundo digital"},"content":{"rendered":"<p>O projeto dos idealizadores da Internet era conectar todos os seres humanos sem distin\u00e7\u00e3o de ra\u00e7a, de g\u00eanero e de qualquer outra especificidade poss\u00edvel. Cinquenta anos depois de sua primeira conex\u00e3o, a Internet se mostra bem distante do sonho dos pioneiros dessa revolu\u00e7\u00e3o que mudou completamente o mundo e a vida de muitas pessoas. Uma dimens\u00e3o desse sonho est\u00e1 quase fazendo o caminho contr\u00e1rio. Assim, queremos problematizar o tema da pequena representatividade de mulheres negras na Internet e, particularmente, nas bases de conhecimento como a Wikipedia. O que essa sub-representatividade (ou sua aus\u00eancia) diz a respeito da evolu\u00e7\u00e3o da Internet e das diferentes sociedades? Quais s\u00e3o os efeitos da pequena presen\u00e7a da mulher negra ou de algumas figuras hist\u00f3ricas que &#8220;a grande hist\u00f3ria&#8221; tenta apagar dos livros escolares? Este cen\u00e1rio pode ser transformado ou j\u00e1 passamos do ponto de n\u00e3o retorno?<\/p>\n<p><strong>Mamadou Gaye<\/strong> |\u00a0 Diretor da Alian\u00e7a Francesa Salvador; <strong>L\u00edvia Sant\u2019Anna Vaz<\/strong> | Promotora de Justi\u00e7a MPBA; <strong>Celio Costa Filho<\/strong> | administrador na Wikipedia em portugu\u00eas, membro fundador e gerente administrativo do Wiki Movimento Brasil<\/p>\n<h2><a href=\"https:\/\/www.youtube.com\/channel\/UCIK-EIYExB5Ia09PLqz46Ow?view_as=subscriber\">Clique aqui para ver ao vivo no Youtube<\/a><\/h2>\n<h2><a href=\"https:\/\/culturas.cc\/congresso2020\/#aovivo\">Clique aqui para ver ao vivo no site<\/a><\/h2>\n<div id=\"cmsmasters_divider_8fj513pts4\" class=\"cmsmasters_divider cmsmasters_divider_width_long cmsmasters_divider_pos_center\"><\/div>\n<div class=\"cmsmasters_sidebar sidebar_layout_1434\"><aside id=\"text-6\" class=\"widget widget_text\">\t\t\t<div class=\"textwidget\"><p><a href=\"https:\/\/culturas.cc\"><img loading=\"lazy\" decoding=\"async\" data-recalc-dims=\"1\" class=\"alignnone size-medium wp-image-15395\" src=\"https:\/\/i0.wp.com\/culturas.cc\/congresso2020\/wp-content\/uploads\/sites\/9\/2020\/09\/culturascc-bk.png?resize=300%2C109&#038;ssl=1\" alt=\"\" width=\"300\" height=\"109\" srcset=\"https:\/\/i0.wp.com\/culturas.cc\/congresso2020\/wp-content\/uploads\/sites\/9\/2020\/09\/culturascc-bk.png?w=530&amp;ssl=1 530w, https:\/\/i0.wp.com\/culturas.cc\/congresso2020\/wp-content\/uploads\/sites\/9\/2020\/09\/culturascc-bk.png?resize=300%2C109&amp;ssl=1 300w\" sizes=\"auto, (max-width: 300px) 100vw, 300px\" \/><\/a><\/p>\n<h4>Contatos<\/h4>\n<p>Universidade Federal da Bahia<br \/>\nSalvador &#8211; Bahia &#8211; Brasil<br \/>\ncongresso2020@culturas.cc<\/p>\n<\/div>\n\t\t<\/aside><aside id=\"text-9\" class=\"widget widget_text\"><h3 class=\"widgettitle\">Assine nosso livro de visitas<\/h3>\t\t\t<div class=\"textwidget\"><blockquote class=\"wp-embedded-content\" data-secret=\"EnKOD1aKxE\"><p><a href=\"https:\/\/culturas.cc\/congresso2020\/guestbook\/\">Livro de Visitas<\/a><\/p><\/blockquote>\n<p><iframe class=\"wp-embedded-content\" sandbox=\"allow-scripts\" security=\"restricted\" style=\"position: absolute; visibility: hidden;\" title=\"&#8220;Livro de Visitas&#8221; &#8212; 2020 - congresso internacional sobre culturas\" src=\"https:\/\/culturas.cc\/congresso2020\/guestbook\/embed\/#?secret=cUZMVLyznD#?secret=EnKOD1aKxE\" data-secret=\"EnKOD1aKxE\" frameborder=\"0\" marginwidth=\"0\" marginheight=\"0\" scrolling=\"no\"><\/iframe><\/p>\n<\/div>\n\t\t<\/aside><div class=\"cl\"><\/div>\n<\/div>\n","protected":false},"excerpt":{"rendered":"<p><strong>Mamadou Gaye, Diretor da Alian\u00e7a Francesa Salvador<\/strong><\/p>\n<p><strong>L\u00edvia Sant\u2019Anna Vaz, Promotora de Justi\u00e7a MPBA<\/strong><\/p>\n<p><strong>Celio Costa Filho, administrador na Wikipedia em portugu\u00eas, membro fundador e gerente administrativo do Wiki Movimento Brasil<\/strong><\/p>\n","protected":false},"author":1,"featured_media":17196,"template":"","meta":{"_bbp_topic_count":0,"_bbp_reply_count":0,"_bbp_total_topic_count":0,"_bbp_total_reply_count":0,"_bbp_voice_count":0,"_bbp_anonymous_reply_count":0,"_bbp_topic_count_hidden":0,"_bbp_reply_count_hidden":0,"_bbp_forum_subforum_count":0,"_tribe_events_status":"","_tribe_events_status_reason":"","footnotes":""},"tags":[],"tribe_events_cat":[151],"class_list":["post-16623","tribe_events","type-tribe_events","status-publish","has-post-thumbnail","hentry","tribe_events_cat-painel-20nov","cat_painel-20nov"],"jetpack_sharing_enabled":true,"_links":{"self":[{"href":"https:\/\/culturas.cc\/congresso2020\/wp-json\/wp\/v2\/tribe_events\/16623","targetHints":{"allow":["GET"]}}],"collection":[{"href":"https:\/\/culturas.cc\/congresso2020\/wp-json\/wp\/v2\/tribe_events"}],"about":[{"href":"https:\/\/culturas.cc\/congresso2020\/wp-json\/wp\/v2\/types\/tribe_events"}],"author":[{"embeddable":true,"href":"https:\/\/culturas.cc\/congresso2020\/wp-json\/wp\/v2\/users\/1"}],"version-history":[{"count":6,"href":"https:\/\/culturas.cc\/congresso2020\/wp-json\/wp\/v2\/tribe_events\/16623\/revisions"}],"predecessor-version":[{"id":17362,"href":"https:\/\/culturas.cc\/congresso2020\/wp-json\/wp\/v2\/tribe_events\/16623\/revisions\/17362"}],"wp:featuredmedia":[{"embeddable":true,"href":"https:\/\/culturas.cc\/congresso2020\/wp-json\/wp\/v2\/media\/17196"}],"wp:attachment":[{"href":"https:\/\/culturas.cc\/congresso2020\/wp-json\/wp\/v2\/media?parent=16623"}],"wp:term":[{"taxonomy":"post_tag","embeddable":true,"href":"https:\/\/culturas.cc\/congresso2020\/wp-json\/wp\/v2\/tags?post=16623"},{"taxonomy":"tribe_events_cat","embeddable":true,"href":"https:\/\/culturas.cc\/congresso2020\/wp-json\/wp\/v2\/tribe_events_cat?post=16623"}],"curies":[{"name":"wp","href":"https:\/\/api.w.org\/{rel}","templated":true}]}}

Painel 6 | Raça e gênero no mundo digital

<p>O projeto dos idealizadores da Internet era conectar todos os seres humanos sem distinção de raça, de gênero e de qualquer outra especificidade possível. Cinquenta anos depois de sua primeira conexão, a Internet se mostra bem distante do sonho dos pioneiros dessa revolução que mudou completamente o mundo e a vida de muitas pessoas. Uma dimensão desse sonho está quase fazendo o caminho contrário. Assim, queremos problematizar o tema da pequena representatividade de mulheres negras na Internet e, particularmente, nas bases de conhecimento como a Wikipedia. O que essa sub-representatividade (ou sua ausência) diz a respeito da evolução da Internet e das diferentes sociedades? Quais são os efeitos da pequena presença da mulher negra ou de algumas figuras históricas que &#8220;a grande história&#8221; tenta apagar dos livros escolares? Este cenário pode ser transformado ou já passamos do ponto de não retorno?</p>
<p><strong>Mamadou Gaye</strong> |  Diretor da Aliança Francesa Salvador; <strong>Lívia Sant’Anna Vaz</strong> | Promotora de Justiça MPBA; <strong>Celio Costa Filho</strong> | administrador na Wikipedia em português, membro fundador e gerente administrativo do Wiki Movimento Brasil</p>
<h2><a href="https://www.youtube.com/channel/UCIK-EIYExB5Ia09PLqz46Ow?view_as=subscriber">Clique aqui para ver ao vivo no Youtube</a></h2>
<h2><a href="https://culturas.cc/congresso2020/#aovivo">Clique aqui para ver ao vivo no site</a></h2>
<div id="cmsmasters_divider_8fj513pts4" class="cmsmasters_divider cmsmasters_divider_width_long cmsmasters_divider_pos_center"></div>
<div class="cmsmasters_sidebar sidebar_layout_1434"><aside id="text-6" class="widget widget_text">			<div class="textwidget"><p><a href="https://culturas.cc"><img loading="lazy" decoding="async" data-recalc-dims="1" class="alignnone size-medium wp-image-15395" src="https://i0.wp.com/culturas.cc/congresso2020/wp-content/uploads/sites/9/2020/09/culturascc-bk.png?resize=300%2C109&#038;ssl=1" alt="" width="300" height="109" srcset="https://i0.wp.com/culturas.cc/congresso2020/wp-content/uploads/sites/9/2020/09/culturascc-bk.png?w=530&amp;ssl=1 530w, https://i0.wp.com/culturas.cc/congresso2020/wp-content/uploads/sites/9/2020/09/culturascc-bk.png?resize=300%2C109&amp;ssl=1 300w" sizes="auto, (max-width: 300px) 100vw, 300px" /></a></p>
<h4>Contatos</h4>
<p>Universidade Federal da Bahia<br />
Salvador &#8211; Bahia &#8211; Brasil<br />
congresso2020@culturas.cc</p>
</div>
		</aside><aside id="text-9" class="widget widget_text"><h3 class="widgettitle">Assine nosso livro de visitas</h3>			<div class="textwidget"><blockquote class="wp-embedded-content" data-secret="EnKOD1aKxE"><p><a href="https://culturas.cc/congresso2020/guestbook/">Livro de Visitas</a></p></blockquote>
<p><iframe class="wp-embedded-content" sandbox="allow-scripts" security="restricted" style="position: absolute; visibility: hidden;" title="&#8220;Livro de Visitas&#8221; &#8212; 2020 - congresso internacional sobre culturas" src="https://culturas.cc/congresso2020/guestbook/embed/#?secret=cUZMVLyznD#?secret=EnKOD1aKxE" data-secret="EnKOD1aKxE" frameborder="0" marginwidth="0" marginheight="0" scrolling="no"></iframe></p>
</div>
		</aside><div class="cl"></div>
</div>

<p><strong>Mamadou Gaye, Diretor da Aliança Francesa Salvador</strong></p>
<p><strong>Lívia Sant’Anna Vaz, Promotora de Justiça MPBA</strong></p>
<p><strong>Celio Costa Filho, administrador na Wikipedia em português, membro fundador e gerente administrativo do Wiki Movimento Brasil</strong></p>
