{"id":16621,"date":"2020-11-10T23:44:32","date_gmt":"2020-11-11T02:44:32","guid":{"rendered":"https:\/\/culturas.cc\/congresso2020\/?post_type=tribe_events&#038;p=16621"},"modified":"2020-11-18T23:51:12","modified_gmt":"2020-11-19T02:51:12","slug":"painel-3-as-tres-culturas-e-as-tecnologias-digitais-uma-nova-convivencia-saudavel","status":"publish","type":"tribe_events","link":"https:\/\/culturas.cc\/congresso2020\/event\/painel-3-as-tres-culturas-e-as-tecnologias-digitais-uma-nova-convivencia-saudavel\/","title":{"rendered":"Painel 3 | As Tr\u00eas Culturas e as Tecnologias Digitais: uma nova conviv\u00eancia saud\u00e1vel?"},"content":{"rendered":"<p>Os processos de forma\u00e7\u00e3o, em todo o mundo, t\u00eam registrado in\u00fameras mudan\u00e7as em fun\u00e7\u00e3o das demandas compuls\u00f3rias de ensino remoto por conta dos efeitos da pandemia por COVID-19. A utiliza\u00e7\u00e3o de tecnologias digitais foi acionada em larga escala, criando novos (e desafiadores) expedientes a estudantes, professores e pesquisadores. Neste sentido, cabe indagar: como as Artes, as Ci\u00eancias e as Humanidades refletem e provocam os efeitos de um ensino mediado por tecnologias digitais? Como estas &#8220;Tr\u00eas Culturas&#8221; s\u00e3o atravessadas por novas din\u00e2micas de ensino e aprendizagem, especialmente na universidade? Este debate se mostra essencial \u00e0 compreens\u00e3o dos novos of\u00edcios, tanto acad\u00eamicos quanto intelectuais e culturais.<\/p>\n<p><strong>Ivana Bentes<\/strong> | UFRJ; <strong>Mirian Tavares<\/strong> | CIAC\/Universidade do Algarve; <strong>Messias Bandeira<\/strong> | IHAC|UFBA; <strong>Mois\u00e9s Martins<\/strong> | Universidade do Minho<\/p>\n<h2><a href=\"https:\/\/www.youtube.com\/channel\/UCIK-EIYExB5Ia09PLqz46Ow?view_as=subscriber\">Clique aqui para ver ao vivo no Youtube<\/a><\/h2>\n<h2><a href=\"https:\/\/culturas.cc\/congresso2020\/#aovivo\">Clique aqui para ver ao vivo no site<\/a><\/h2>\n<div id=\"cmsmasters_divider_8fj513pts4\" class=\"cmsmasters_divider cmsmasters_divider_width_long cmsmasters_divider_pos_center\"><\/div>\n<div class=\"cmsmasters_sidebar sidebar_layout_1434\"><aside id=\"text-6\" class=\"widget widget_text\">\t\t\t<div class=\"textwidget\"><p><a href=\"https:\/\/culturas.cc\"><img loading=\"lazy\" decoding=\"async\" data-recalc-dims=\"1\" class=\"alignnone size-medium wp-image-15395\" src=\"https:\/\/i0.wp.com\/culturas.cc\/congresso2020\/wp-content\/uploads\/sites\/9\/2020\/09\/culturascc-bk.png?resize=300%2C109&#038;ssl=1\" alt=\"\" width=\"300\" height=\"109\" srcset=\"https:\/\/i0.wp.com\/culturas.cc\/congresso2020\/wp-content\/uploads\/sites\/9\/2020\/09\/culturascc-bk.png?w=530&amp;ssl=1 530w, https:\/\/i0.wp.com\/culturas.cc\/congresso2020\/wp-content\/uploads\/sites\/9\/2020\/09\/culturascc-bk.png?resize=300%2C109&amp;ssl=1 300w\" sizes=\"auto, (max-width: 300px) 100vw, 300px\" \/><\/a><\/p>\n<h4>Contatos<\/h4>\n<p>Universidade Federal da Bahia<br \/>\nSalvador &#8211; Bahia &#8211; Brasil<br \/>\ncongresso2020@culturas.cc<\/p>\n<\/div>\n\t\t<\/aside><aside id=\"text-9\" class=\"widget widget_text\"><h3 class=\"widgettitle\">Assine nosso livro de visitas<\/h3>\t\t\t<div class=\"textwidget\"><blockquote class=\"wp-embedded-content\" data-secret=\"EnKOD1aKxE\"><p><a href=\"https:\/\/culturas.cc\/congresso2020\/guestbook\/\">Livro de Visitas<\/a><\/p><\/blockquote>\n<p><iframe class=\"wp-embedded-content\" sandbox=\"allow-scripts\" security=\"restricted\" style=\"position: absolute; visibility: hidden;\" title=\"&#8220;Livro de Visitas&#8221; &#8212; 2020 - congresso internacional sobre culturas\" src=\"https:\/\/culturas.cc\/congresso2020\/guestbook\/embed\/#?secret=cUZMVLyznD#?secret=EnKOD1aKxE\" data-secret=\"EnKOD1aKxE\" frameborder=\"0\" marginwidth=\"0\" marginheight=\"0\" scrolling=\"no\"><\/iframe><\/p>\n<\/div>\n\t\t<\/aside><div class=\"cl\"><\/div>\n<\/div>\n","protected":false},"excerpt":{"rendered":"<p><strong>Mirian Tavares (CIAC\/Universidade do Algarve)<\/strong><\/p>\n<p><strong>Messias Bandeira (IHAC|UFBA)<\/strong><\/p>\n<p><strong>Mois\u00e9s Martins (Universidade do Minho)<\/strong><\/p>\n","protected":false},"author":1,"featured_media":17193,"template":"","meta":{"_bbp_topic_count":0,"_bbp_reply_count":0,"_bbp_total_topic_count":0,"_bbp_total_reply_count":0,"_bbp_voice_count":0,"_bbp_anonymous_reply_count":0,"_bbp_topic_count_hidden":0,"_bbp_reply_count_hidden":0,"_bbp_forum_subforum_count":0,"_tribe_events_status":"","_tribe_events_status_reason":"","footnotes":""},"tags":[],"tribe_events_cat":[150],"class_list":["post-16621","tribe_events","type-tribe_events","status-publish","has-post-thumbnail","hentry","tribe_events_cat-painel-19nov","cat_painel-19nov"],"jetpack_sharing_enabled":true,"_links":{"self":[{"href":"https:\/\/culturas.cc\/congresso2020\/wp-json\/wp\/v2\/tribe_events\/16621","targetHints":{"allow":["GET"]}}],"collection":[{"href":"https:\/\/culturas.cc\/congresso2020\/wp-json\/wp\/v2\/tribe_events"}],"about":[{"href":"https:\/\/culturas.cc\/congresso2020\/wp-json\/wp\/v2\/types\/tribe_events"}],"author":[{"embeddable":true,"href":"https:\/\/culturas.cc\/congresso2020\/wp-json\/wp\/v2\/users\/1"}],"version-history":[{"count":13,"href":"https:\/\/culturas.cc\/congresso2020\/wp-json\/wp\/v2\/tribe_events\/16621\/revisions"}],"predecessor-version":[{"id":17360,"href":"https:\/\/culturas.cc\/congresso2020\/wp-json\/wp\/v2\/tribe_events\/16621\/revisions\/17360"}],"wp:featuredmedia":[{"embeddable":true,"href":"https:\/\/culturas.cc\/congresso2020\/wp-json\/wp\/v2\/media\/17193"}],"wp:attachment":[{"href":"https:\/\/culturas.cc\/congresso2020\/wp-json\/wp\/v2\/media?parent=16621"}],"wp:term":[{"taxonomy":"post_tag","embeddable":true,"href":"https:\/\/culturas.cc\/congresso2020\/wp-json\/wp\/v2\/tags?post=16621"},{"taxonomy":"tribe_events_cat","embeddable":true,"href":"https:\/\/culturas.cc\/congresso2020\/wp-json\/wp\/v2\/tribe_events_cat?post=16621"}],"curies":[{"name":"wp","href":"https:\/\/api.w.org\/{rel}","templated":true}]}}

Painel 3 | As Três Culturas e as Tecnologias Digitais: uma nova convivência saudável?

<p>Os processos de formação, em todo o mundo, têm registrado inúmeras mudanças em função das demandas compulsórias de ensino remoto por conta dos efeitos da pandemia por COVID-19. A utilização de tecnologias digitais foi acionada em larga escala, criando novos (e desafiadores) expedientes a estudantes, professores e pesquisadores. Neste sentido, cabe indagar: como as Artes, as Ciências e as Humanidades refletem e provocam os efeitos de um ensino mediado por tecnologias digitais? Como estas &#8220;Três Culturas&#8221; são atravessadas por novas dinâmicas de ensino e aprendizagem, especialmente na universidade? Este debate se mostra essencial à compreensão dos novos ofícios, tanto acadêmicos quanto intelectuais e culturais.</p>
<p><strong>Ivana Bentes</strong> | UFRJ; <strong>Mirian Tavares</strong> | CIAC/Universidade do Algarve; <strong>Messias Bandeira</strong> | IHAC|UFBA; <strong>Moisés Martins</strong> | Universidade do Minho</p>
<h2><a href="https://www.youtube.com/channel/UCIK-EIYExB5Ia09PLqz46Ow?view_as=subscriber">Clique aqui para ver ao vivo no Youtube</a></h2>
<h2><a href="https://culturas.cc/congresso2020/#aovivo">Clique aqui para ver ao vivo no site</a></h2>
<div id="cmsmasters_divider_8fj513pts4" class="cmsmasters_divider cmsmasters_divider_width_long cmsmasters_divider_pos_center"></div>
<div class="cmsmasters_sidebar sidebar_layout_1434"><aside id="text-6" class="widget widget_text">			<div class="textwidget"><p><a href="https://culturas.cc"><img loading="lazy" decoding="async" data-recalc-dims="1" class="alignnone size-medium wp-image-15395" src="https://i0.wp.com/culturas.cc/congresso2020/wp-content/uploads/sites/9/2020/09/culturascc-bk.png?resize=300%2C109&#038;ssl=1" alt="" width="300" height="109" srcset="https://i0.wp.com/culturas.cc/congresso2020/wp-content/uploads/sites/9/2020/09/culturascc-bk.png?w=530&amp;ssl=1 530w, https://i0.wp.com/culturas.cc/congresso2020/wp-content/uploads/sites/9/2020/09/culturascc-bk.png?resize=300%2C109&amp;ssl=1 300w" sizes="auto, (max-width: 300px) 100vw, 300px" /></a></p>
<h4>Contatos</h4>
<p>Universidade Federal da Bahia<br />
Salvador &#8211; Bahia &#8211; Brasil<br />
congresso2020@culturas.cc</p>
</div>
		</aside><aside id="text-9" class="widget widget_text"><h3 class="widgettitle">Assine nosso livro de visitas</h3>			<div class="textwidget"><blockquote class="wp-embedded-content" data-secret="EnKOD1aKxE"><p><a href="https://culturas.cc/congresso2020/guestbook/">Livro de Visitas</a></p></blockquote>
<p><iframe class="wp-embedded-content" sandbox="allow-scripts" security="restricted" style="position: absolute; visibility: hidden;" title="&#8220;Livro de Visitas&#8221; &#8212; 2020 - congresso internacional sobre culturas" src="https://culturas.cc/congresso2020/guestbook/embed/#?secret=cUZMVLyznD#?secret=EnKOD1aKxE" data-secret="EnKOD1aKxE" frameborder="0" marginwidth="0" marginheight="0" scrolling="no"></iframe></p>
</div>
		</aside><div class="cl"></div>
</div>

<p><strong>Mirian Tavares (CIAC/Universidade do Algarve)</strong></p>
<p><strong>Messias Bandeira (IHAC|UFBA)</strong></p>
<p><strong>Moisés Martins (Universidade do Minho)</strong></p>
