{"id":16493,"date":"2020-11-10T14:22:26","date_gmt":"2020-11-10T17:22:26","guid":{"rendered":"https:\/\/culturas.cc\/congresso2020\/?post_type=tribe_events&#038;p=16493"},"modified":"2020-11-19T00:06:08","modified_gmt":"2020-11-19T03:06:08","slug":"live-13-gt1-cultura-politica-democracia-e-combate-a-desigualdades-e-opressoes","status":"publish","type":"tribe_events","link":"https:\/\/culturas.cc\/congresso2020\/event\/live-13-gt1-cultura-politica-democracia-e-combate-a-desigualdades-e-opressoes\/","title":{"rendered":"LIVE 13 | GT1 &#8211; Cultura, Pol\u00edtica, Democracia e Combate a Desigualdades e Opress\u00f5es"},"content":{"rendered":"<h3 style=\"text-align: center;\">Assista no Youtube<\/h3>\n<h2 style=\"text-align: center;\"><a href=\"https:\/\/www.youtube.com\/watch?v=LlDwD-WYs78\">Clique aqui<\/a><\/h2>\n<p>&nbsp;<\/p>\n<h3>Trabalhos<\/h3>\n<p><strong>1\u00ba &#8211; Abram alas pros reis: a dimens\u00e3o psicossocial do rap na promo\u00e7\u00e3o de sa\u00fade mental da popula\u00e7\u00e3o negra | <\/strong>Ramon Luis de Santana Alc\u00e2ntara, Maria Thereza Milhomen da Cunha Silva, Nathalia Souza Oliveira, Vin\u00edcius Ruan Miranda Barros.<\/p>\n<p><strong>2\u00ba &#8211; di\u00e1logo de\/sobre coletivos culturais e suas a\u00e7\u00f5es de enfrentamento a desigualdades e opress\u00f5es |\u00a0<\/strong>Natan Carlos Raposo Duarte, Igor Cardoso Ribeiro, Mauro Cesar Alves, Vera Solange Pires Gomes de Sousa.<\/p>\n<p><strong>3\u00ba &#8211; Forma\u00e7\u00e3o (inter)Cultural: media\u00e7\u00f5es identit\u00e1rias na di\u00e1spora negra contempor\u00e2nea |\u00a0<\/strong>Rita de Cassia Dias Pereira de Jesus, Mariana Ballen Fernandes, Kleber Antonio de Oliveira Amancio, Rosildo Moreira do Rosario.<\/p>\n<h3>Confira os resumos dos trabalhos:<\/h3>\n<div class=\"cmsmasters_posts_slider cmsmasters_posts_slider_post\" >\r\n\t\t<div id=\"cmsmasters_slider_lykcf8autl13\" class=\"cmsmasters_owl_slider owl-carousel\" data-items=\"3\" data-single-item=\"false\" data-auto-play=\"false\" data-pagination=\"false\"><div class=\"cmsmasters_owl_slider_item\"><!-- Start Posts Slider Post Article -->\r\n<article id=\"post-16775\" class=\"cmsmasters_slider_post post-16775 post type-post status-publish format-standard has-post-thumbnail hentry category-gt-1 category-live-13 category-resumos\">\r\n\t<div class=\"cmsmasters_slider_post_outer\">\r\n\t<div class=\"cmsmasters_slider_post_img_wrap\"><figure class=\"cmsmasters_img_rollover_wrap preloader\"><img loading=\"lazy\" decoding=\"async\" width=\"580\" height=\"580\" src=\"https:\/\/i0.wp.com\/culturas.cc\/congresso2020\/wp-content\/uploads\/sites\/9\/2020\/11\/GT1.png?resize=580%2C580&amp;ssl=1\" class=\"full-width wp-post-image\" alt=\"Forma\u00e7\u00e3o (inter)Cultural: media\u00e7\u00f5es identit\u00e1rias na di\u00e1spora negra contempor\u00e2nea\" title=\"GT1\" srcset=\"https:\/\/i0.wp.com\/culturas.cc\/congresso2020\/wp-content\/uploads\/sites\/9\/2020\/11\/GT1.png?w=600&amp;ssl=1 600w, https:\/\/i0.wp.com\/culturas.cc\/congresso2020\/wp-content\/uploads\/sites\/9\/2020\/11\/GT1.png?resize=300%2C300&amp;ssl=1 300w, https:\/\/i0.wp.com\/culturas.cc\/congresso2020\/wp-content\/uploads\/sites\/9\/2020\/11\/GT1.png?resize=150%2C150&amp;ssl=1 150w, https:\/\/i0.wp.com\/culturas.cc\/congresso2020\/wp-content\/uploads\/sites\/9\/2020\/11\/GT1.png?resize=180%2C180&amp;ssl=1 180w, https:\/\/i0.wp.com\/culturas.cc\/congresso2020\/wp-content\/uploads\/sites\/9\/2020\/11\/GT1.png?resize=580%2C580&amp;ssl=1 580w\" sizes=\"auto, (max-width: 580px) 100vw, 580px\" \/><div class=\"cmsmasters_img_rollover\"><a href=\"https:\/\/culturas.cc\/congresso2020\/16775\/\" title=\"Forma\u00e7\u00e3o (inter)Cultural: media\u00e7\u00f5es identit\u00e1rias na di\u00e1spora negra contempor\u00e2nea\" class=\"cmsmasters_open_link\"><\/a><\/div><\/figure><\/div><header class=\"cmsmasters_slider_post_header entry-header\"><h4 class=\"cmsmasters_slider_post_title entry-title\"><a href=\"https:\/\/culturas.cc\/congresso2020\/16775\/\">Forma\u00e7\u00e3o (inter)Cultural: media\u00e7\u00f5es identit\u00e1rias na di\u00e1spora negra contempor\u00e2nea<\/a><\/h4><\/header><div class=\"cmsmasters_slider_post_cont_info second entry-meta\"><span class=\"cmsmasters_slider_post_author\">by <a href=\"https:\/\/culturas.cc\/congresso2020\/author\/redeculturas\/\" title=\"Posts by culturas.cc\" class=\"vcard author\"><span class=\"fn\" rel=\"author\">culturas.cc<\/span><\/a><\/span><\/div><div class=\"cmsmasters_slider_post_cont_info third entry-meta\"><span class=\"cmsmasters_likes cmsmasters_slider_post_likes\"><a href=\"#\" onclick=\"cmsmastersLike(16775, false); return false;\" id=\"cmsmastersLike-16775\" class=\"cmsmastersLike cmsmasters_theme_icon_like\"><span>0 <\/span><\/a><\/span><\/div>\t<\/div>\r\n<\/article>\r\n<!-- Finish Posts Slider Post Article -->\r\n\r\n<\/div><div class=\"cmsmasters_owl_slider_item\"><!-- Start Posts Slider Post Article -->\r\n<article id=\"post-16773\" class=\"cmsmasters_slider_post post-16773 post type-post status-publish format-standard has-post-thumbnail hentry category-gt-1 category-live-13 category-resumos\">\r\n\t<div class=\"cmsmasters_slider_post_outer\">\r\n\t<div class=\"cmsmasters_slider_post_img_wrap\"><figure class=\"cmsmasters_img_rollover_wrap preloader\"><img loading=\"lazy\" decoding=\"async\" width=\"580\" height=\"580\" src=\"https:\/\/i0.wp.com\/culturas.cc\/congresso2020\/wp-content\/uploads\/sites\/9\/2020\/11\/GT1.png?resize=580%2C580&amp;ssl=1\" class=\"full-width wp-post-image\" alt=\"Di\u00e1logo de\/sobre coletivos culturais e suas a\u00e7\u00f5es de enfrentamento a desigualdades e opress\u00f5es\" title=\"GT1\" srcset=\"https:\/\/i0.wp.com\/culturas.cc\/congresso2020\/wp-content\/uploads\/sites\/9\/2020\/11\/GT1.png?w=600&amp;ssl=1 600w, https:\/\/i0.wp.com\/culturas.cc\/congresso2020\/wp-content\/uploads\/sites\/9\/2020\/11\/GT1.png?resize=300%2C300&amp;ssl=1 300w, https:\/\/i0.wp.com\/culturas.cc\/congresso2020\/wp-content\/uploads\/sites\/9\/2020\/11\/GT1.png?resize=150%2C150&amp;ssl=1 150w, https:\/\/i0.wp.com\/culturas.cc\/congresso2020\/wp-content\/uploads\/sites\/9\/2020\/11\/GT1.png?resize=180%2C180&amp;ssl=1 180w, https:\/\/i0.wp.com\/culturas.cc\/congresso2020\/wp-content\/uploads\/sites\/9\/2020\/11\/GT1.png?resize=580%2C580&amp;ssl=1 580w\" sizes=\"auto, (max-width: 580px) 100vw, 580px\" \/><div class=\"cmsmasters_img_rollover\"><a href=\"https:\/\/culturas.cc\/congresso2020\/16773\/\" title=\"Di\u00e1logo de\/sobre coletivos culturais e suas a\u00e7\u00f5es de enfrentamento a desigualdades e opress\u00f5es\" class=\"cmsmasters_open_link\"><\/a><\/div><\/figure><\/div><header class=\"cmsmasters_slider_post_header entry-header\"><h4 class=\"cmsmasters_slider_post_title entry-title\"><a href=\"https:\/\/culturas.cc\/congresso2020\/16773\/\">Di\u00e1logo de\/sobre coletivos culturais e suas a\u00e7\u00f5es de enfrentamento a desigualdades e opress\u00f5es<\/a><\/h4><\/header><div class=\"cmsmasters_slider_post_cont_info second entry-meta\"><span class=\"cmsmasters_slider_post_author\">by <a href=\"https:\/\/culturas.cc\/congresso2020\/author\/redeculturas\/\" title=\"Posts by culturas.cc\" class=\"vcard author\"><span class=\"fn\" rel=\"author\">culturas.cc<\/span><\/a><\/span><\/div><div class=\"cmsmasters_slider_post_cont_info third entry-meta\"><span class=\"cmsmasters_likes cmsmasters_slider_post_likes\"><a href=\"#\" onclick=\"cmsmastersLike(16773, false); return false;\" id=\"cmsmastersLike-16773\" class=\"cmsmastersLike cmsmasters_theme_icon_like\"><span>0 <\/span><\/a><\/span><\/div>\t<\/div>\r\n<\/article>\r\n<!-- Finish Posts Slider Post Article -->\r\n\r\n<\/div><div class=\"cmsmasters_owl_slider_item\"><!-- Start Posts Slider Post Article -->\r\n<article id=\"post-16771\" class=\"cmsmasters_slider_post post-16771 post type-post status-publish format-standard has-post-thumbnail hentry category-gt-1 category-live-13 category-resumos\">\r\n\t<div class=\"cmsmasters_slider_post_outer\">\r\n\t<div class=\"cmsmasters_slider_post_img_wrap\"><figure class=\"cmsmasters_img_rollover_wrap preloader\"><img loading=\"lazy\" decoding=\"async\" width=\"580\" height=\"580\" src=\"https:\/\/i0.wp.com\/culturas.cc\/congresso2020\/wp-content\/uploads\/sites\/9\/2020\/11\/GT1.png?resize=580%2C580&amp;ssl=1\" class=\"full-width wp-post-image\" alt=\"Abram alas pros reis: a dimens\u00e3o psicossocial do rap na promo\u00e7\u00e3o de sa\u00fade mental da popula\u00e7\u00e3o negra\" title=\"GT1\" srcset=\"https:\/\/i0.wp.com\/culturas.cc\/congresso2020\/wp-content\/uploads\/sites\/9\/2020\/11\/GT1.png?w=600&amp;ssl=1 600w, https:\/\/i0.wp.com\/culturas.cc\/congresso2020\/wp-content\/uploads\/sites\/9\/2020\/11\/GT1.png?resize=300%2C300&amp;ssl=1 300w, https:\/\/i0.wp.com\/culturas.cc\/congresso2020\/wp-content\/uploads\/sites\/9\/2020\/11\/GT1.png?resize=150%2C150&amp;ssl=1 150w, https:\/\/i0.wp.com\/culturas.cc\/congresso2020\/wp-content\/uploads\/sites\/9\/2020\/11\/GT1.png?resize=180%2C180&amp;ssl=1 180w, https:\/\/i0.wp.com\/culturas.cc\/congresso2020\/wp-content\/uploads\/sites\/9\/2020\/11\/GT1.png?resize=580%2C580&amp;ssl=1 580w\" sizes=\"auto, (max-width: 580px) 100vw, 580px\" \/><div class=\"cmsmasters_img_rollover\"><a href=\"https:\/\/culturas.cc\/congresso2020\/16771\/\" title=\"Abram alas pros reis: a dimens\u00e3o psicossocial do rap na promo\u00e7\u00e3o de sa\u00fade mental da popula\u00e7\u00e3o negra\" class=\"cmsmasters_open_link\"><\/a><\/div><\/figure><\/div><header class=\"cmsmasters_slider_post_header entry-header\"><h4 class=\"cmsmasters_slider_post_title entry-title\"><a href=\"https:\/\/culturas.cc\/congresso2020\/16771\/\">Abram alas pros reis: a dimens\u00e3o psicossocial do rap na promo\u00e7\u00e3o de sa\u00fade mental da popula\u00e7\u00e3o negra<\/a><\/h4><\/header><div class=\"cmsmasters_slider_post_cont_info second entry-meta\"><span class=\"cmsmasters_slider_post_author\">by <a href=\"https:\/\/culturas.cc\/congresso2020\/author\/redeculturas\/\" title=\"Posts by culturas.cc\" class=\"vcard author\"><span class=\"fn\" rel=\"author\">culturas.cc<\/span><\/a><\/span><\/div><div class=\"cmsmasters_slider_post_cont_info third entry-meta\"><span class=\"cmsmasters_likes cmsmasters_slider_post_likes\"><a href=\"#\" onclick=\"cmsmastersLike(16771, false); return false;\" id=\"cmsmastersLike-16771\" class=\"cmsmastersLike cmsmasters_theme_icon_like\"><span>0 <\/span><\/a><\/span><\/div>\t<\/div>\r\n<\/article>\r\n<!-- Finish Posts Slider Post Article -->\r\n\r\n<\/div><\/div><\/div>\n","protected":false},"excerpt":{"rendered":"<p><strong>1\u00ba &#8211; Abram alas pros reis: a dimens\u00e3o psicossocial do rap na promo\u00e7\u00e3o de sa\u00fade mental da popula\u00e7\u00e3o negra | <\/strong>Ramon Luis de Santana Alc\u00e2ntara, Maria Thereza Milhomen da Cunha Silva, Nathalia Souza Oliveira, Vin\u00edcius Ruan Miranda Barros.<\/p>\n<p><strong>2\u00ba &#8211; di\u00e1logo de\/sobre coletivos culturais e suas a\u00e7\u00f5es de enfrentamento a desigualdades e opress\u00f5es |\u00a0<\/strong>Natan Carlos Raposo Duarte, Igor Cardoso Ribeiro, Mauro Cesar Alves, Vera Solange Pires Gomes de Sousa.<\/p>\n<p><strong>3\u00ba &#8211; Forma\u00e7\u00e3o (inter)Cultural: media\u00e7\u00f5es identit\u00e1rias na di\u00e1spora negra contempor\u00e2nea |\u00a0<\/strong>Rita de Cassia Dias Pereira de Jesus, Mariana Ballen Fernandes, Kleber Antonio de Oliveira Amancio, Rosildo Moreira do Rosario.<\/p>\n","protected":false},"author":1,"featured_media":17174,"template":"","meta":{"_bbp_topic_count":0,"_bbp_reply_count":0,"_bbp_total_topic_count":0,"_bbp_total_reply_count":0,"_bbp_voice_count":0,"_bbp_anonymous_reply_count":0,"_bbp_topic_count_hidden":0,"_bbp_reply_count_hidden":0,"_bbp_forum_subforum_count":0,"_tribe_events_status":"","_tribe_events_status_reason":"","footnotes":""},"tags":[],"tribe_events_cat":[149],"class_list":["post-16493","tribe_events","type-tribe_events","status-publish","has-post-thumbnail","hentry","tribe_events_cat-gt-20nov"],"jetpack_sharing_enabled":true,"_links":{"self":[{"href":"https:\/\/culturas.cc\/congresso2020\/wp-json\/wp\/v2\/tribe_events\/16493","targetHints":{"allow":["GET"]}}],"collection":[{"href":"https:\/\/culturas.cc\/congresso2020\/wp-json\/wp\/v2\/tribe_events"}],"about":[{"href":"https:\/\/culturas.cc\/congresso2020\/wp-json\/wp\/v2\/types\/tribe_events"}],"author":[{"embeddable":true,"href":"https:\/\/culturas.cc\/congresso2020\/wp-json\/wp\/v2\/users\/1"}],"version-history":[{"count":10,"href":"https:\/\/culturas.cc\/congresso2020\/wp-json\/wp\/v2\/tribe_events\/16493\/revisions"}],"predecessor-version":[{"id":17382,"href":"https:\/\/culturas.cc\/congresso2020\/wp-json\/wp\/v2\/tribe_events\/16493\/revisions\/17382"}],"wp:featuredmedia":[{"embeddable":true,"href":"https:\/\/culturas.cc\/congresso2020\/wp-json\/wp\/v2\/media\/17174"}],"wp:attachment":[{"href":"https:\/\/culturas.cc\/congresso2020\/wp-json\/wp\/v2\/media?parent=16493"}],"wp:term":[{"taxonomy":"post_tag","embeddable":true,"href":"https:\/\/culturas.cc\/congresso2020\/wp-json\/wp\/v2\/tags?post=16493"},{"taxonomy":"tribe_events_cat","embeddable":true,"href":"https:\/\/culturas.cc\/congresso2020\/wp-json\/wp\/v2\/tribe_events_cat?post=16493"}],"curies":[{"name":"wp","href":"https:\/\/api.w.org\/{rel}","templated":true}]}}

LIVE 13 | GT1 &#8211; Cultura, Política, Democracia e Combate a Desigualdades e Opressões

<h3 style="text-align: center;">Assista no Youtube</h3>
<h2 style="text-align: center;"><a href="https://www.youtube.com/watch?v=LlDwD-WYs78">Clique aqui</a></h2>
<p>&nbsp;</p>
<h3>Trabalhos</h3>
<p><strong>1º &#8211; Abram alas pros reis: a dimensão psicossocial do rap na promoção de saúde mental da população negra | </strong>Ramon Luis de Santana Alcântara, Maria Thereza Milhomen da Cunha Silva, Nathalia Souza Oliveira, Vinícius Ruan Miranda Barros.</p>
<p><strong>2º &#8211; diálogo de/sobre coletivos culturais e suas ações de enfrentamento a desigualdades e opressões | </strong>Natan Carlos Raposo Duarte, Igor Cardoso Ribeiro, Mauro Cesar Alves, Vera Solange Pires Gomes de Sousa.</p>
<p><strong>3º &#8211; Formação (inter)Cultural: mediações identitárias na diáspora negra contemporânea | </strong>Rita de Cassia Dias Pereira de Jesus, Mariana Ballen Fernandes, Kleber Antonio de Oliveira Amancio, Rosildo Moreira do Rosario.</p>
<h3>Confira os resumos dos trabalhos:</h3>
<div class="cmsmasters_posts_slider cmsmasters_posts_slider_post" >
		<div id="cmsmasters_slider_lykcf8autl13" class="cmsmasters_owl_slider owl-carousel" data-items="3" data-single-item="false" data-auto-play="false" data-pagination="false"><div class="cmsmasters_owl_slider_item"><!-- Start Posts Slider Post Article -->
<article id="post-16775" class="cmsmasters_slider_post post-16775 post type-post status-publish format-standard has-post-thumbnail hentry category-gt-1 category-live-13 category-resumos">
	<div class="cmsmasters_slider_post_outer">
	<div class="cmsmasters_slider_post_img_wrap"><figure class="cmsmasters_img_rollover_wrap preloader"><img loading="lazy" decoding="async" width="580" height="580" src="https://i0.wp.com/culturas.cc/congresso2020/wp-content/uploads/sites/9/2020/11/GT1.png?resize=580%2C580&amp;ssl=1" class="full-width wp-post-image" alt="Formação (inter)Cultural: mediações identitárias na diáspora negra contemporânea" title="GT1" srcset="https://i0.wp.com/culturas.cc/congresso2020/wp-content/uploads/sites/9/2020/11/GT1.png?w=600&amp;ssl=1 600w, https://i0.wp.com/culturas.cc/congresso2020/wp-content/uploads/sites/9/2020/11/GT1.png?resize=300%2C300&amp;ssl=1 300w, https://i0.wp.com/culturas.cc/congresso2020/wp-content/uploads/sites/9/2020/11/GT1.png?resize=150%2C150&amp;ssl=1 150w, https://i0.wp.com/culturas.cc/congresso2020/wp-content/uploads/sites/9/2020/11/GT1.png?resize=180%2C180&amp;ssl=1 180w, https://i0.wp.com/culturas.cc/congresso2020/wp-content/uploads/sites/9/2020/11/GT1.png?resize=580%2C580&amp;ssl=1 580w" sizes="auto, (max-width: 580px) 100vw, 580px" /><div class="cmsmasters_img_rollover"><a href="https://culturas.cc/congresso2020/16775/" title="Formação (inter)Cultural: mediações identitárias na diáspora negra contemporânea" class="cmsmasters_open_link"></a></div></figure></div><header class="cmsmasters_slider_post_header entry-header"><h4 class="cmsmasters_slider_post_title entry-title"><a href="https://culturas.cc/congresso2020/16775/">Formação (inter)Cultural: mediações identitárias na diáspora negra contemporânea</a></h4></header><div class="cmsmasters_slider_post_cont_info second entry-meta"><span class="cmsmasters_slider_post_author">by <a href="https://culturas.cc/congresso2020/author/redeculturas/" title="Posts by culturas.cc" class="vcard author"><span class="fn" rel="author">culturas.cc</span></a></span></div><div class="cmsmasters_slider_post_cont_info third entry-meta"><span class="cmsmasters_likes cmsmasters_slider_post_likes"><a href="#" onclick="cmsmastersLike(16775, false); return false;" id="cmsmastersLike-16775" class="cmsmastersLike cmsmasters_theme_icon_like"><span>0 </span></a></span></div>	</div>
</article>
<!-- Finish Posts Slider Post Article -->

</div><div class="cmsmasters_owl_slider_item"><!-- Start Posts Slider Post Article -->
<article id="post-16773" class="cmsmasters_slider_post post-16773 post type-post status-publish format-standard has-post-thumbnail hentry category-gt-1 category-live-13 category-resumos">
	<div class="cmsmasters_slider_post_outer">
	<div class="cmsmasters_slider_post_img_wrap"><figure class="cmsmasters_img_rollover_wrap preloader"><img loading="lazy" decoding="async" width="580" height="580" src="https://i0.wp.com/culturas.cc/congresso2020/wp-content/uploads/sites/9/2020/11/GT1.png?resize=580%2C580&amp;ssl=1" class="full-width wp-post-image" alt="Diálogo de/sobre coletivos culturais e suas ações de enfrentamento a desigualdades e opressões" title="GT1" srcset="https://i0.wp.com/culturas.cc/congresso2020/wp-content/uploads/sites/9/2020/11/GT1.png?w=600&amp;ssl=1 600w, https://i0.wp.com/culturas.cc/congresso2020/wp-content/uploads/sites/9/2020/11/GT1.png?resize=300%2C300&amp;ssl=1 300w, https://i0.wp.com/culturas.cc/congresso2020/wp-content/uploads/sites/9/2020/11/GT1.png?resize=150%2C150&amp;ssl=1 150w, https://i0.wp.com/culturas.cc/congresso2020/wp-content/uploads/sites/9/2020/11/GT1.png?resize=180%2C180&amp;ssl=1 180w, https://i0.wp.com/culturas.cc/congresso2020/wp-content/uploads/sites/9/2020/11/GT1.png?resize=580%2C580&amp;ssl=1 580w" sizes="auto, (max-width: 580px) 100vw, 580px" /><div class="cmsmasters_img_rollover"><a href="https://culturas.cc/congresso2020/16773/" title="Diálogo de/sobre coletivos culturais e suas ações de enfrentamento a desigualdades e opressões" class="cmsmasters_open_link"></a></div></figure></div><header class="cmsmasters_slider_post_header entry-header"><h4 class="cmsmasters_slider_post_title entry-title"><a href="https://culturas.cc/congresso2020/16773/">Diálogo de/sobre coletivos culturais e suas ações de enfrentamento a desigualdades e opressões</a></h4></header><div class="cmsmasters_slider_post_cont_info second entry-meta"><span class="cmsmasters_slider_post_author">by <a href="https://culturas.cc/congresso2020/author/redeculturas/" title="Posts by culturas.cc" class="vcard author"><span class="fn" rel="author">culturas.cc</span></a></span></div><div class="cmsmasters_slider_post_cont_info third entry-meta"><span class="cmsmasters_likes cmsmasters_slider_post_likes"><a href="#" onclick="cmsmastersLike(16773, false); return false;" id="cmsmastersLike-16773" class="cmsmastersLike cmsmasters_theme_icon_like"><span>0 </span></a></span></div>	</div>
</article>
<!-- Finish Posts Slider Post Article -->

</div><div class="cmsmasters_owl_slider_item"><!-- Start Posts Slider Post Article -->
<article id="post-16771" class="cmsmasters_slider_post post-16771 post type-post status-publish format-standard has-post-thumbnail hentry category-gt-1 category-live-13 category-resumos">
	<div class="cmsmasters_slider_post_outer">
	<div class="cmsmasters_slider_post_img_wrap"><figure class="cmsmasters_img_rollover_wrap preloader"><img loading="lazy" decoding="async" width="580" height="580" src="https://i0.wp.com/culturas.cc/congresso2020/wp-content/uploads/sites/9/2020/11/GT1.png?resize=580%2C580&amp;ssl=1" class="full-width wp-post-image" alt="Abram alas pros reis: a dimensão psicossocial do rap na promoção de saúde mental da população negra" title="GT1" srcset="https://i0.wp.com/culturas.cc/congresso2020/wp-content/uploads/sites/9/2020/11/GT1.png?w=600&amp;ssl=1 600w, https://i0.wp.com/culturas.cc/congresso2020/wp-content/uploads/sites/9/2020/11/GT1.png?resize=300%2C300&amp;ssl=1 300w, https://i0.wp.com/culturas.cc/congresso2020/wp-content/uploads/sites/9/2020/11/GT1.png?resize=150%2C150&amp;ssl=1 150w, https://i0.wp.com/culturas.cc/congresso2020/wp-content/uploads/sites/9/2020/11/GT1.png?resize=180%2C180&amp;ssl=1 180w, https://i0.wp.com/culturas.cc/congresso2020/wp-content/uploads/sites/9/2020/11/GT1.png?resize=580%2C580&amp;ssl=1 580w" sizes="auto, (max-width: 580px) 100vw, 580px" /><div class="cmsmasters_img_rollover"><a href="https://culturas.cc/congresso2020/16771/" title="Abram alas pros reis: a dimensão psicossocial do rap na promoção de saúde mental da população negra" class="cmsmasters_open_link"></a></div></figure></div><header class="cmsmasters_slider_post_header entry-header"><h4 class="cmsmasters_slider_post_title entry-title"><a href="https://culturas.cc/congresso2020/16771/">Abram alas pros reis: a dimensão psicossocial do rap na promoção de saúde mental da população negra</a></h4></header><div class="cmsmasters_slider_post_cont_info second entry-meta"><span class="cmsmasters_slider_post_author">by <a href="https://culturas.cc/congresso2020/author/redeculturas/" title="Posts by culturas.cc" class="vcard author"><span class="fn" rel="author">culturas.cc</span></a></span></div><div class="cmsmasters_slider_post_cont_info third entry-meta"><span class="cmsmasters_likes cmsmasters_slider_post_likes"><a href="#" onclick="cmsmastersLike(16771, false); return false;" id="cmsmastersLike-16771" class="cmsmastersLike cmsmasters_theme_icon_like"><span>0 </span></a></span></div>	</div>
</article>
<!-- Finish Posts Slider Post Article -->

</div></div></div>

<p><strong>1º &#8211; Abram alas pros reis: a dimensão psicossocial do rap na promoção de saúde mental da população negra | </strong>Ramon Luis de Santana Alcântara, Maria Thereza Milhomen da Cunha Silva, Nathalia Souza Oliveira, Vinícius Ruan Miranda Barros.</p>
<p><strong>2º &#8211; diálogo de/sobre coletivos culturais e suas ações de enfrentamento a desigualdades e opressões | </strong>Natan Carlos Raposo Duarte, Igor Cardoso Ribeiro, Mauro Cesar Alves, Vera Solange Pires Gomes de Sousa.</p>
<p><strong>3º &#8211; Formação (inter)Cultural: mediações identitárias na diáspora negra contemporânea | </strong>Rita de Cassia Dias Pereira de Jesus, Mariana Ballen Fernandes, Kleber Antonio de Oliveira Amancio, Rosildo Moreira do Rosario.</p>
