{"id":16478,"date":"2020-11-10T13:19:11","date_gmt":"2020-11-10T16:19:11","guid":{"rendered":"https:\/\/culturas.cc\/congresso2020\/?post_type=tribe_events&#038;p=16478"},"modified":"2021-01-26T16:52:29","modified_gmt":"2021-01-26T19:52:29","slug":"painel-4-memoria-arte-museologia-e-expressoes-culturais","status":"publish","type":"tribe_events","link":"https:\/\/culturas.cc\/congresso2020\/event\/painel-4-memoria-arte-museologia-e-expressoes-culturais\/","title":{"rendered":"Painel 4 | Mem\u00f3ria, arte, museologia e express\u00f5es culturais"},"content":{"rendered":"<p>Ao longo das \u00faltimas duas d\u00e9cadas, a rela\u00e7\u00e3o entre cultura e mem\u00f3ria surgiu em muitas partes do mundo como uma quest\u00e3o-chave de pesquisa interdisciplinar, envolvendo campos t\u00e3o diversos como a Hist\u00f3ria, a Sociologia, a Arte, a Literatura e os Estudos dos M\u00e9dia, a Filosofia, a Teologia, a Psicologia e as Neuroci\u00eancias, conjugando assim, contributos das Humanidades, das Ci\u00eancias Sociais e das Ci\u00eancias Naturais. Esta proposta de mesa assenta precisamente no trabalho de investiga\u00e7\u00e3o, em Ci\u00eancias Sociais, desenvolvido no Centro de Estudos de Comunica\u00e7\u00e3o e Sociedade, no contexto de v\u00e1rios projetos interdisciplinares, que cruzam reflex\u00f5es e estudos sobre mem\u00f3ria e a produ\u00e7\u00e3o art\u00edstica e educativa, express\u00f5es culturais tradicionais e populares, a arte sonora, os conceitos de exposi\u00e7\u00e3o, museologia e interculturalidade. Procurando estimular o debate sobre o papel dos produtos culturais, art\u00edsticos e educativos na (re)constru\u00e7\u00e3o da mem\u00f3ria social dos indiv\u00edduos, pretende-se questionar imagens, narrativas e sons difundidas por estes produtos, bem como processos de dissemina\u00e7\u00e3o e de media\u00e7\u00e3o destas produ\u00e7\u00f5es e o seu impacto na reformula\u00e7\u00e3o de vis\u00f5es do mundo, e das pr\u00f3prias express\u00f5es art\u00edsticas e culturais.<\/p>\n<p><strong>Mois\u00e9s Martins<\/strong> | Universidade do Minho; <strong>Com:<\/strong> Madalena Oliveira; Cl\u00e1udia Martinho; Rita Ribeiro; Rosa Cabecinhas; Isabel Macedo; Alice Balb\u00e9.<\/p>\n<h2><a href=\"https:\/\/www.youtube.com\/channel\/UCIK-EIYExB5Ia09PLqz46Ow?view_as=subscriber\">Clique aqui para ver ao vivo no Youtube<\/a><\/h2>\n<h2><a href=\"https:\/\/culturas.cc\/congresso2020\/#aovivo\">Clique aqui para ver ao vivo no site<\/a><\/h2>\n<div id=\"cmsmasters_divider_8fj513pts4\" class=\"cmsmasters_divider cmsmasters_divider_width_long cmsmasters_divider_pos_center\"><\/div>\n<div class=\"cmsmasters_sidebar sidebar_layout_1434\"><aside id=\"text-6\" class=\"widget widget_text\">\t\t\t<div class=\"textwidget\"><p><a href=\"https:\/\/culturas.cc\"><img loading=\"lazy\" decoding=\"async\" data-recalc-dims=\"1\" class=\"alignnone size-medium wp-image-15395\" src=\"https:\/\/i0.wp.com\/culturas.cc\/congresso2020\/wp-content\/uploads\/sites\/9\/2020\/09\/culturascc-bk.png?resize=300%2C109&#038;ssl=1\" alt=\"\" width=\"300\" height=\"109\" srcset=\"https:\/\/i0.wp.com\/culturas.cc\/congresso2020\/wp-content\/uploads\/sites\/9\/2020\/09\/culturascc-bk.png?w=530&amp;ssl=1 530w, https:\/\/i0.wp.com\/culturas.cc\/congresso2020\/wp-content\/uploads\/sites\/9\/2020\/09\/culturascc-bk.png?resize=300%2C109&amp;ssl=1 300w\" sizes=\"auto, (max-width: 300px) 100vw, 300px\" \/><\/a><\/p>\n<h4>Contatos<\/h4>\n<p>Universidade Federal da Bahia<br \/>\nSalvador &#8211; Bahia &#8211; Brasil<br \/>\ncongresso2020@culturas.cc<\/p>\n<\/div>\n\t\t<\/aside><aside id=\"text-9\" class=\"widget widget_text\"><h3 class=\"widgettitle\">Assine nosso livro de visitas<\/h3>\t\t\t<div class=\"textwidget\"><blockquote class=\"wp-embedded-content\" data-secret=\"EnKOD1aKxE\"><p><a href=\"https:\/\/culturas.cc\/congresso2020\/guestbook\/\">Livro de Visitas<\/a><\/p><\/blockquote>\n<p><iframe class=\"wp-embedded-content\" sandbox=\"allow-scripts\" security=\"restricted\" style=\"position: absolute; visibility: hidden;\" title=\"&#8220;Livro de Visitas&#8221; &#8212; 2020 - congresso internacional sobre culturas\" src=\"https:\/\/culturas.cc\/congresso2020\/guestbook\/embed\/#?secret=cUZMVLyznD#?secret=EnKOD1aKxE\" data-secret=\"EnKOD1aKxE\" frameborder=\"0\" marginwidth=\"0\" marginheight=\"0\" scrolling=\"no\"><\/iframe><\/p>\n<\/div>\n\t\t<\/aside><div class=\"cl\"><\/div>\n<\/div>\n","protected":false},"excerpt":{"rendered":"<p><strong>Mois\u00e9s Martins (Minho)<\/strong><br \/>\n<strong>Madalena Oliveira<\/strong><br \/>\n<strong>Cl\u00e1udia Martinho<\/strong><br \/>\n<strong>Rita Ribeiro<\/strong><br \/>\n<strong>Rosa Cabecinhas<\/strong><br \/>\n<strong>Isabel Macedo<\/strong><br \/>\n<strong>Alice Balb\u00e9<\/strong><\/p>\n","protected":false},"author":1,"featured_media":17194,"template":"","meta":{"_bbp_topic_count":0,"_bbp_reply_count":0,"_bbp_total_topic_count":0,"_bbp_total_reply_count":0,"_bbp_voice_count":0,"_bbp_anonymous_reply_count":0,"_bbp_topic_count_hidden":0,"_bbp_reply_count_hidden":0,"_bbp_forum_subforum_count":0,"_tribe_events_status":"","_tribe_events_status_reason":"","footnotes":""},"tags":[],"tribe_events_cat":[151],"class_list":["post-16478","tribe_events","type-tribe_events","status-publish","has-post-thumbnail","hentry","tribe_events_cat-painel-20nov","cat_painel-20nov"],"jetpack_sharing_enabled":true,"_links":{"self":[{"href":"https:\/\/culturas.cc\/congresso2020\/wp-json\/wp\/v2\/tribe_events\/16478","targetHints":{"allow":["GET"]}}],"collection":[{"href":"https:\/\/culturas.cc\/congresso2020\/wp-json\/wp\/v2\/tribe_events"}],"about":[{"href":"https:\/\/culturas.cc\/congresso2020\/wp-json\/wp\/v2\/types\/tribe_events"}],"author":[{"embeddable":true,"href":"https:\/\/culturas.cc\/congresso2020\/wp-json\/wp\/v2\/users\/1"}],"version-history":[{"count":12,"href":"https:\/\/culturas.cc\/congresso2020\/wp-json\/wp\/v2\/tribe_events\/16478\/revisions"}],"predecessor-version":[{"id":17599,"href":"https:\/\/culturas.cc\/congresso2020\/wp-json\/wp\/v2\/tribe_events\/16478\/revisions\/17599"}],"wp:featuredmedia":[{"embeddable":true,"href":"https:\/\/culturas.cc\/congresso2020\/wp-json\/wp\/v2\/media\/17194"}],"wp:attachment":[{"href":"https:\/\/culturas.cc\/congresso2020\/wp-json\/wp\/v2\/media?parent=16478"}],"wp:term":[{"taxonomy":"post_tag","embeddable":true,"href":"https:\/\/culturas.cc\/congresso2020\/wp-json\/wp\/v2\/tags?post=16478"},{"taxonomy":"tribe_events_cat","embeddable":true,"href":"https:\/\/culturas.cc\/congresso2020\/wp-json\/wp\/v2\/tribe_events_cat?post=16478"}],"curies":[{"name":"wp","href":"https:\/\/api.w.org\/{rel}","templated":true}]}}

Painel 4 | Memória, arte, museologia e expressões culturais

<p>Ao longo das últimas duas décadas, a relação entre cultura e memória surgiu em muitas partes do mundo como uma questão-chave de pesquisa interdisciplinar, envolvendo campos tão diversos como a História, a Sociologia, a Arte, a Literatura e os Estudos dos Média, a Filosofia, a Teologia, a Psicologia e as Neurociências, conjugando assim, contributos das Humanidades, das Ciências Sociais e das Ciências Naturais. Esta proposta de mesa assenta precisamente no trabalho de investigação, em Ciências Sociais, desenvolvido no Centro de Estudos de Comunicação e Sociedade, no contexto de vários projetos interdisciplinares, que cruzam reflexões e estudos sobre memória e a produção artística e educativa, expressões culturais tradicionais e populares, a arte sonora, os conceitos de exposição, museologia e interculturalidade. Procurando estimular o debate sobre o papel dos produtos culturais, artísticos e educativos na (re)construção da memória social dos indivíduos, pretende-se questionar imagens, narrativas e sons difundidas por estes produtos, bem como processos de disseminação e de mediação destas produções e o seu impacto na reformulação de visões do mundo, e das próprias expressões artísticas e culturais.</p>
<p><strong>Moisés Martins</strong> | Universidade do Minho; <strong>Com:</strong> Madalena Oliveira; Cláudia Martinho; Rita Ribeiro; Rosa Cabecinhas; Isabel Macedo; Alice Balbé.</p>
<h2><a href="https://www.youtube.com/channel/UCIK-EIYExB5Ia09PLqz46Ow?view_as=subscriber">Clique aqui para ver ao vivo no Youtube</a></h2>
<h2><a href="https://culturas.cc/congresso2020/#aovivo">Clique aqui para ver ao vivo no site</a></h2>
<div id="cmsmasters_divider_8fj513pts4" class="cmsmasters_divider cmsmasters_divider_width_long cmsmasters_divider_pos_center"></div>
<div class="cmsmasters_sidebar sidebar_layout_1434"><aside id="text-6" class="widget widget_text">			<div class="textwidget"><p><a href="https://culturas.cc"><img loading="lazy" decoding="async" data-recalc-dims="1" class="alignnone size-medium wp-image-15395" src="https://i0.wp.com/culturas.cc/congresso2020/wp-content/uploads/sites/9/2020/09/culturascc-bk.png?resize=300%2C109&#038;ssl=1" alt="" width="300" height="109" srcset="https://i0.wp.com/culturas.cc/congresso2020/wp-content/uploads/sites/9/2020/09/culturascc-bk.png?w=530&amp;ssl=1 530w, https://i0.wp.com/culturas.cc/congresso2020/wp-content/uploads/sites/9/2020/09/culturascc-bk.png?resize=300%2C109&amp;ssl=1 300w" sizes="auto, (max-width: 300px) 100vw, 300px" /></a></p>
<h4>Contatos</h4>
<p>Universidade Federal da Bahia<br />
Salvador &#8211; Bahia &#8211; Brasil<br />
congresso2020@culturas.cc</p>
</div>
		</aside><aside id="text-9" class="widget widget_text"><h3 class="widgettitle">Assine nosso livro de visitas</h3>			<div class="textwidget"><blockquote class="wp-embedded-content" data-secret="EnKOD1aKxE"><p><a href="https://culturas.cc/congresso2020/guestbook/">Livro de Visitas</a></p></blockquote>
<p><iframe class="wp-embedded-content" sandbox="allow-scripts" security="restricted" style="position: absolute; visibility: hidden;" title="&#8220;Livro de Visitas&#8221; &#8212; 2020 - congresso internacional sobre culturas" src="https://culturas.cc/congresso2020/guestbook/embed/#?secret=cUZMVLyznD#?secret=EnKOD1aKxE" data-secret="EnKOD1aKxE" frameborder="0" marginwidth="0" marginheight="0" scrolling="no"></iframe></p>
</div>
		</aside><div class="cl"></div>
</div>

<p><strong>Moisés Martins (Minho)</strong><br />
<strong>Madalena Oliveira</strong><br />
<strong>Cláudia Martinho</strong><br />
<strong>Rita Ribeiro</strong><br />
<strong>Rosa Cabecinhas</strong><br />
<strong>Isabel Macedo</strong><br />
<strong>Alice Balbé</strong></p>
