{"id":16437,"date":"2020-11-10T02:25:21","date_gmt":"2020-11-10T05:25:21","guid":{"rendered":"https:\/\/culturas.cc\/congresso2020\/?post_type=tribe_events&#038;p=16437"},"modified":"2020-11-19T00:04:00","modified_gmt":"2020-11-19T03:04:00","slug":"live-10-gt5-cultura-comunicacao-artes-sensibilidade-e-saberes-populares","status":"publish","type":"tribe_events","link":"https:\/\/culturas.cc\/congresso2020\/event\/live-10-gt5-cultura-comunicacao-artes-sensibilidade-e-saberes-populares\/","title":{"rendered":"LIVE 10 | GT5 &#8211; Cultura, Comunica\u00e7\u00e3o, Artes, Sensibilidade e Saberes Populares"},"content":{"rendered":"<h3 style=\"text-align: center;\">Assista no Youtube<\/h3>\n<h2 style=\"text-align: center;\"><a href=\"https:\/\/www.youtube.com\/watch?v=cYMmhTTJOW0\">Clique aqui<\/a><\/h2>\n<h3>Trabalhos<\/h3>\n<p><strong>1\u00ba &#8211; Experi\u00eancias que descortinam reflex\u00f5es em torno da ideia de pertencimento e despertencimento | <\/strong>Sarah Oliveira Carneiro, Cl\u00e1udia Vasconcelos, Gislene Moreira.<\/p>\n<p><strong>2\u00ba &#8211; \u201cA m\u00fasica sacra do candombl\u00e9 na modernidade: ressignifica\u00e7\u00e3o e ocupa\u00e7\u00e3o do espa\u00e7o p\u00fablico\u201d <\/strong>| Julice Oliveira Dias dos Santos, Ta\u00eds Viana Villa Riberio, Gis\u00e9lia de Jesus Pereira, Hilda Batista Brito Santa Rosa.<\/p>\n<p><strong>3\u00ba &#8211; percep\u00e7\u00f5es e imagin\u00e1rios: pesquisas em desenho, cultura e interatividade\u00a0<\/strong>|\u00a0Francisco Ant\u00f4nio Zorzo, Suzane Costa Lopes Braz, Ricardo Ferreira Rocha, Thiago Lins da Silva, Jaqueline de Jesus de Lemos.<\/p>\n<h3>Confira os resumos dos trabalhos:<\/h3>\n<div class=\"cmsmasters_posts_slider cmsmasters_posts_slider_post\" >\r\n\t\t<div id=\"cmsmasters_slider_lykcf8autl10\" class=\"cmsmasters_owl_slider owl-carousel\" data-items=\"3\" data-single-item=\"false\" data-auto-play=\"false\" data-pagination=\"false\"><div class=\"cmsmasters_owl_slider_item\"><!-- Start Posts Slider Post Article -->\r\n<article id=\"post-16877\" class=\"cmsmasters_slider_post post-16877 post type-post status-publish format-standard has-post-thumbnail hentry category-gt-5 category-live-10 category-resumos\">\r\n\t<div class=\"cmsmasters_slider_post_outer\">\r\n\t<div class=\"cmsmasters_slider_post_img_wrap\"><figure class=\"cmsmasters_img_rollover_wrap preloader\"><img loading=\"lazy\" decoding=\"async\" width=\"580\" height=\"580\" src=\"https:\/\/i0.wp.com\/culturas.cc\/congresso2020\/wp-content\/uploads\/sites\/9\/2020\/11\/gt5.png?resize=580%2C580&amp;ssl=1\" class=\"full-width wp-post-image\" alt=\"Percep\u00e7\u00f5es e imagin\u00e1rios: pesquisas em desenho, cultura e interatividade\" title=\"gt5\" srcset=\"https:\/\/i0.wp.com\/culturas.cc\/congresso2020\/wp-content\/uploads\/sites\/9\/2020\/11\/gt5.png?w=600&amp;ssl=1 600w, https:\/\/i0.wp.com\/culturas.cc\/congresso2020\/wp-content\/uploads\/sites\/9\/2020\/11\/gt5.png?resize=300%2C300&amp;ssl=1 300w, https:\/\/i0.wp.com\/culturas.cc\/congresso2020\/wp-content\/uploads\/sites\/9\/2020\/11\/gt5.png?resize=150%2C150&amp;ssl=1 150w, https:\/\/i0.wp.com\/culturas.cc\/congresso2020\/wp-content\/uploads\/sites\/9\/2020\/11\/gt5.png?resize=180%2C180&amp;ssl=1 180w, https:\/\/i0.wp.com\/culturas.cc\/congresso2020\/wp-content\/uploads\/sites\/9\/2020\/11\/gt5.png?resize=580%2C580&amp;ssl=1 580w\" sizes=\"auto, (max-width: 580px) 100vw, 580px\" \/><div class=\"cmsmasters_img_rollover\"><a href=\"https:\/\/culturas.cc\/congresso2020\/16877\/\" title=\"Percep\u00e7\u00f5es e imagin\u00e1rios: pesquisas em desenho, cultura e interatividade\" class=\"cmsmasters_open_link\"><\/a><\/div><\/figure><\/div><header class=\"cmsmasters_slider_post_header entry-header\"><h4 class=\"cmsmasters_slider_post_title entry-title\"><a href=\"https:\/\/culturas.cc\/congresso2020\/16877\/\">Percep\u00e7\u00f5es e imagin\u00e1rios: pesquisas em desenho, cultura e interatividade<\/a><\/h4><\/header><div class=\"cmsmasters_slider_post_cont_info second entry-meta\"><span class=\"cmsmasters_slider_post_author\">by <a href=\"https:\/\/culturas.cc\/congresso2020\/author\/redeculturas\/\" title=\"Posts by culturas.cc\" class=\"vcard author\"><span class=\"fn\" rel=\"author\">culturas.cc<\/span><\/a><\/span><\/div><div class=\"cmsmasters_slider_post_cont_info third entry-meta\"><span class=\"cmsmasters_likes cmsmasters_slider_post_likes\"><a href=\"#\" onclick=\"cmsmastersLike(16877, false); return false;\" id=\"cmsmastersLike-16877\" class=\"cmsmastersLike cmsmasters_theme_icon_like\"><span>0 <\/span><\/a><\/span><\/div>\t<\/div>\r\n<\/article>\r\n<!-- Finish Posts Slider Post Article -->\r\n\r\n<\/div><div class=\"cmsmasters_owl_slider_item\"><!-- Start Posts Slider Post Article -->\r\n<article id=\"post-16873\" class=\"cmsmasters_slider_post post-16873 post type-post status-publish format-standard has-post-thumbnail hentry category-gt-5 category-live-10 category-resumos\">\r\n\t<div class=\"cmsmasters_slider_post_outer\">\r\n\t<div class=\"cmsmasters_slider_post_img_wrap\"><figure class=\"cmsmasters_img_rollover_wrap preloader\"><img loading=\"lazy\" decoding=\"async\" width=\"580\" height=\"580\" src=\"https:\/\/i0.wp.com\/culturas.cc\/congresso2020\/wp-content\/uploads\/sites\/9\/2020\/11\/gt5.png?resize=580%2C580&amp;ssl=1\" class=\"full-width wp-post-image\" alt=\"Experi\u00eancias que descortinam reflex\u00f5es em torno da ideia de pertencimento e despertencimento\" title=\"gt5\" srcset=\"https:\/\/i0.wp.com\/culturas.cc\/congresso2020\/wp-content\/uploads\/sites\/9\/2020\/11\/gt5.png?w=600&amp;ssl=1 600w, https:\/\/i0.wp.com\/culturas.cc\/congresso2020\/wp-content\/uploads\/sites\/9\/2020\/11\/gt5.png?resize=300%2C300&amp;ssl=1 300w, https:\/\/i0.wp.com\/culturas.cc\/congresso2020\/wp-content\/uploads\/sites\/9\/2020\/11\/gt5.png?resize=150%2C150&amp;ssl=1 150w, https:\/\/i0.wp.com\/culturas.cc\/congresso2020\/wp-content\/uploads\/sites\/9\/2020\/11\/gt5.png?resize=180%2C180&amp;ssl=1 180w, https:\/\/i0.wp.com\/culturas.cc\/congresso2020\/wp-content\/uploads\/sites\/9\/2020\/11\/gt5.png?resize=580%2C580&amp;ssl=1 580w\" sizes=\"auto, (max-width: 580px) 100vw, 580px\" \/><div class=\"cmsmasters_img_rollover\"><a href=\"https:\/\/culturas.cc\/congresso2020\/16873\/\" title=\"Experi\u00eancias que descortinam reflex\u00f5es em torno da ideia de pertencimento e despertencimento\" class=\"cmsmasters_open_link\"><\/a><\/div><\/figure><\/div><header class=\"cmsmasters_slider_post_header entry-header\"><h4 class=\"cmsmasters_slider_post_title entry-title\"><a href=\"https:\/\/culturas.cc\/congresso2020\/16873\/\">Experi\u00eancias que descortinam reflex\u00f5es em torno da ideia de pertencimento e despertencimento<\/a><\/h4><\/header><div class=\"cmsmasters_slider_post_cont_info second entry-meta\"><span class=\"cmsmasters_slider_post_author\">by <a href=\"https:\/\/culturas.cc\/congresso2020\/author\/redeculturas\/\" title=\"Posts by culturas.cc\" class=\"vcard author\"><span class=\"fn\" rel=\"author\">culturas.cc<\/span><\/a><\/span><\/div><div class=\"cmsmasters_slider_post_cont_info third entry-meta\"><span class=\"cmsmasters_likes cmsmasters_slider_post_likes\"><a href=\"#\" onclick=\"cmsmastersLike(16873, false); return false;\" id=\"cmsmastersLike-16873\" class=\"cmsmastersLike cmsmasters_theme_icon_like\"><span>0 <\/span><\/a><\/span><\/div>\t<\/div>\r\n<\/article>\r\n<!-- Finish Posts Slider Post Article -->\r\n\r\n<\/div><div class=\"cmsmasters_owl_slider_item\"><!-- Start Posts Slider Post Article -->\r\n<article id=\"post-16875\" class=\"cmsmasters_slider_post post-16875 post type-post status-publish format-standard has-post-thumbnail hentry category-gt-5 category-live-10 category-resumos\">\r\n\t<div class=\"cmsmasters_slider_post_outer\">\r\n\t<div class=\"cmsmasters_slider_post_img_wrap\"><figure class=\"cmsmasters_img_rollover_wrap preloader\"><img loading=\"lazy\" decoding=\"async\" width=\"580\" height=\"580\" src=\"https:\/\/i0.wp.com\/culturas.cc\/congresso2020\/wp-content\/uploads\/sites\/9\/2020\/11\/gt5.png?resize=580%2C580&amp;ssl=1\" class=\"full-width wp-post-image\" alt=\"\u201cA m\u00fasica sacra do candombl\u00e9 na modernidade: ressignifica\u00e7\u00e3o e ocupa\u00e7\u00e3o do espa\u00e7o p\u00fablico\u201d\" title=\"gt5\" srcset=\"https:\/\/i0.wp.com\/culturas.cc\/congresso2020\/wp-content\/uploads\/sites\/9\/2020\/11\/gt5.png?w=600&amp;ssl=1 600w, https:\/\/i0.wp.com\/culturas.cc\/congresso2020\/wp-content\/uploads\/sites\/9\/2020\/11\/gt5.png?resize=300%2C300&amp;ssl=1 300w, https:\/\/i0.wp.com\/culturas.cc\/congresso2020\/wp-content\/uploads\/sites\/9\/2020\/11\/gt5.png?resize=150%2C150&amp;ssl=1 150w, https:\/\/i0.wp.com\/culturas.cc\/congresso2020\/wp-content\/uploads\/sites\/9\/2020\/11\/gt5.png?resize=180%2C180&amp;ssl=1 180w, https:\/\/i0.wp.com\/culturas.cc\/congresso2020\/wp-content\/uploads\/sites\/9\/2020\/11\/gt5.png?resize=580%2C580&amp;ssl=1 580w\" sizes=\"auto, (max-width: 580px) 100vw, 580px\" \/><div class=\"cmsmasters_img_rollover\"><a href=\"https:\/\/culturas.cc\/congresso2020\/16875\/\" title=\"\u201cA m\u00fasica sacra do candombl\u00e9 na modernidade: ressignifica\u00e7\u00e3o e ocupa\u00e7\u00e3o do espa\u00e7o p\u00fablico\u201d\" class=\"cmsmasters_open_link\"><\/a><\/div><\/figure><\/div><header class=\"cmsmasters_slider_post_header entry-header\"><h4 class=\"cmsmasters_slider_post_title entry-title\"><a href=\"https:\/\/culturas.cc\/congresso2020\/16875\/\">\u201cA m\u00fasica sacra do candombl\u00e9 na modernidade: ressignifica\u00e7\u00e3o e ocupa\u00e7\u00e3o do espa\u00e7o p\u00fablico\u201d<\/a><\/h4><\/header><div class=\"cmsmasters_slider_post_cont_info second entry-meta\"><span class=\"cmsmasters_slider_post_author\">by <a href=\"https:\/\/culturas.cc\/congresso2020\/author\/redeculturas\/\" title=\"Posts by culturas.cc\" class=\"vcard author\"><span class=\"fn\" rel=\"author\">culturas.cc<\/span><\/a><\/span><\/div><div class=\"cmsmasters_slider_post_cont_info third entry-meta\"><span class=\"cmsmasters_likes cmsmasters_slider_post_likes\"><a href=\"#\" onclick=\"cmsmastersLike(16875, false); return false;\" id=\"cmsmastersLike-16875\" class=\"cmsmastersLike cmsmasters_theme_icon_like\"><span>0 <\/span><\/a><\/span><\/div>\t<\/div>\r\n<\/article>\r\n<!-- Finish Posts Slider Post Article -->\r\n\r\n<\/div><\/div><\/div>\n","protected":false},"excerpt":{"rendered":"<p><strong>1\u00ba &#8211; Experi\u00eancias que descortinam reflex\u00f5es em torno da ideia de pertencimento e despertencimento | <\/strong>Sarah Oliveira Carneiro, Cl\u00e1udia Vasconcelos, Gislene Moreira.<\/p>\n<p><strong>2\u00ba &#8211; \u201cA m\u00fasica sacra do candombl\u00e9 na modernidade: ressignifica\u00e7\u00e3o e ocupa\u00e7\u00e3o do espa\u00e7o p\u00fablico\u201d <\/strong>| Julice Oliveira Dias dos Santos, Ta\u00eds Viana Villa Riberio, Gis\u00e9lia de Jesus Pereira, Hilda Batista Brito Santa Rosa.<\/p>\n<p><strong>3\u00ba &#8211; percep\u00e7\u00f5es e imagin\u00e1rios: pesquisas em desenho, cultura e interatividade\u00a0<\/strong>|\u00a0Francisco Ant\u00f4nio Zorzo, Suzane Costa Lopes Braz, Ricardo Ferreira Rocha, Thiago Lins da Silva, Jaqueline de Jesus de Lemos.<\/p>\n","protected":false},"author":1,"featured_media":17178,"template":"","meta":{"_bbp_topic_count":0,"_bbp_reply_count":0,"_bbp_total_topic_count":0,"_bbp_total_reply_count":0,"_bbp_voice_count":0,"_bbp_anonymous_reply_count":0,"_bbp_topic_count_hidden":0,"_bbp_reply_count_hidden":0,"_bbp_forum_subforum_count":0,"_tribe_events_status":"","_tribe_events_status_reason":"","footnotes":""},"tags":[],"tribe_events_cat":[148],"class_list":["post-16437","tribe_events","type-tribe_events","status-publish","has-post-thumbnail","hentry","tribe_events_cat-gt-19nov"],"jetpack_sharing_enabled":true,"_links":{"self":[{"href":"https:\/\/culturas.cc\/congresso2020\/wp-json\/wp\/v2\/tribe_events\/16437","targetHints":{"allow":["GET"]}}],"collection":[{"href":"https:\/\/culturas.cc\/congresso2020\/wp-json\/wp\/v2\/tribe_events"}],"about":[{"href":"https:\/\/culturas.cc\/congresso2020\/wp-json\/wp\/v2\/types\/tribe_events"}],"author":[{"embeddable":true,"href":"https:\/\/culturas.cc\/congresso2020\/wp-json\/wp\/v2\/users\/1"}],"version-history":[{"count":9,"href":"https:\/\/culturas.cc\/congresso2020\/wp-json\/wp\/v2\/tribe_events\/16437\/revisions"}],"predecessor-version":[{"id":17379,"href":"https:\/\/culturas.cc\/congresso2020\/wp-json\/wp\/v2\/tribe_events\/16437\/revisions\/17379"}],"wp:featuredmedia":[{"embeddable":true,"href":"https:\/\/culturas.cc\/congresso2020\/wp-json\/wp\/v2\/media\/17178"}],"wp:attachment":[{"href":"https:\/\/culturas.cc\/congresso2020\/wp-json\/wp\/v2\/media?parent=16437"}],"wp:term":[{"taxonomy":"post_tag","embeddable":true,"href":"https:\/\/culturas.cc\/congresso2020\/wp-json\/wp\/v2\/tags?post=16437"},{"taxonomy":"tribe_events_cat","embeddable":true,"href":"https:\/\/culturas.cc\/congresso2020\/wp-json\/wp\/v2\/tribe_events_cat?post=16437"}],"curies":[{"name":"wp","href":"https:\/\/api.w.org\/{rel}","templated":true}]}}

LIVE 10 | GT5 &#8211; Cultura, Comunicação, Artes, Sensibilidade e Saberes Populares

<h3 style="text-align: center;">Assista no Youtube</h3>
<h2 style="text-align: center;"><a href="https://www.youtube.com/watch?v=cYMmhTTJOW0">Clique aqui</a></h2>
<h3>Trabalhos</h3>
<p><strong>1º &#8211; Experiências que descortinam reflexões em torno da ideia de pertencimento e despertencimento | </strong>Sarah Oliveira Carneiro, Cláudia Vasconcelos, Gislene Moreira.</p>
<p><strong>2º &#8211; “A música sacra do candomblé na modernidade: ressignificação e ocupação do espaço público” </strong>| Julice Oliveira Dias dos Santos, Taís Viana Villa Riberio, Gisélia de Jesus Pereira, Hilda Batista Brito Santa Rosa.</p>
<p><strong>3º &#8211; percepções e imaginários: pesquisas em desenho, cultura e interatividade </strong>| Francisco Antônio Zorzo, Suzane Costa Lopes Braz, Ricardo Ferreira Rocha, Thiago Lins da Silva, Jaqueline de Jesus de Lemos.</p>
<h3>Confira os resumos dos trabalhos:</h3>
<div class="cmsmasters_posts_slider cmsmasters_posts_slider_post" >
		<div id="cmsmasters_slider_lykcf8autl10" class="cmsmasters_owl_slider owl-carousel" data-items="3" data-single-item="false" data-auto-play="false" data-pagination="false"><div class="cmsmasters_owl_slider_item"><!-- Start Posts Slider Post Article -->
<article id="post-16877" class="cmsmasters_slider_post post-16877 post type-post status-publish format-standard has-post-thumbnail hentry category-gt-5 category-live-10 category-resumos">
	<div class="cmsmasters_slider_post_outer">
	<div class="cmsmasters_slider_post_img_wrap"><figure class="cmsmasters_img_rollover_wrap preloader"><img loading="lazy" decoding="async" width="580" height="580" src="https://i0.wp.com/culturas.cc/congresso2020/wp-content/uploads/sites/9/2020/11/gt5.png?resize=580%2C580&amp;ssl=1" class="full-width wp-post-image" alt="Percepções e imaginários: pesquisas em desenho, cultura e interatividade" title="gt5" srcset="https://i0.wp.com/culturas.cc/congresso2020/wp-content/uploads/sites/9/2020/11/gt5.png?w=600&amp;ssl=1 600w, https://i0.wp.com/culturas.cc/congresso2020/wp-content/uploads/sites/9/2020/11/gt5.png?resize=300%2C300&amp;ssl=1 300w, https://i0.wp.com/culturas.cc/congresso2020/wp-content/uploads/sites/9/2020/11/gt5.png?resize=150%2C150&amp;ssl=1 150w, https://i0.wp.com/culturas.cc/congresso2020/wp-content/uploads/sites/9/2020/11/gt5.png?resize=180%2C180&amp;ssl=1 180w, https://i0.wp.com/culturas.cc/congresso2020/wp-content/uploads/sites/9/2020/11/gt5.png?resize=580%2C580&amp;ssl=1 580w" sizes="auto, (max-width: 580px) 100vw, 580px" /><div class="cmsmasters_img_rollover"><a href="https://culturas.cc/congresso2020/16877/" title="Percepções e imaginários: pesquisas em desenho, cultura e interatividade" class="cmsmasters_open_link"></a></div></figure></div><header class="cmsmasters_slider_post_header entry-header"><h4 class="cmsmasters_slider_post_title entry-title"><a href="https://culturas.cc/congresso2020/16877/">Percepções e imaginários: pesquisas em desenho, cultura e interatividade</a></h4></header><div class="cmsmasters_slider_post_cont_info second entry-meta"><span class="cmsmasters_slider_post_author">by <a href="https://culturas.cc/congresso2020/author/redeculturas/" title="Posts by culturas.cc" class="vcard author"><span class="fn" rel="author">culturas.cc</span></a></span></div><div class="cmsmasters_slider_post_cont_info third entry-meta"><span class="cmsmasters_likes cmsmasters_slider_post_likes"><a href="#" onclick="cmsmastersLike(16877, false); return false;" id="cmsmastersLike-16877" class="cmsmastersLike cmsmasters_theme_icon_like"><span>0 </span></a></span></div>	</div>
</article>
<!-- Finish Posts Slider Post Article -->

</div><div class="cmsmasters_owl_slider_item"><!-- Start Posts Slider Post Article -->
<article id="post-16873" class="cmsmasters_slider_post post-16873 post type-post status-publish format-standard has-post-thumbnail hentry category-gt-5 category-live-10 category-resumos">
	<div class="cmsmasters_slider_post_outer">
	<div class="cmsmasters_slider_post_img_wrap"><figure class="cmsmasters_img_rollover_wrap preloader"><img loading="lazy" decoding="async" width="580" height="580" src="https://i0.wp.com/culturas.cc/congresso2020/wp-content/uploads/sites/9/2020/11/gt5.png?resize=580%2C580&amp;ssl=1" class="full-width wp-post-image" alt="Experiências que descortinam reflexões em torno da ideia de pertencimento e despertencimento" title="gt5" srcset="https://i0.wp.com/culturas.cc/congresso2020/wp-content/uploads/sites/9/2020/11/gt5.png?w=600&amp;ssl=1 600w, https://i0.wp.com/culturas.cc/congresso2020/wp-content/uploads/sites/9/2020/11/gt5.png?resize=300%2C300&amp;ssl=1 300w, https://i0.wp.com/culturas.cc/congresso2020/wp-content/uploads/sites/9/2020/11/gt5.png?resize=150%2C150&amp;ssl=1 150w, https://i0.wp.com/culturas.cc/congresso2020/wp-content/uploads/sites/9/2020/11/gt5.png?resize=180%2C180&amp;ssl=1 180w, https://i0.wp.com/culturas.cc/congresso2020/wp-content/uploads/sites/9/2020/11/gt5.png?resize=580%2C580&amp;ssl=1 580w" sizes="auto, (max-width: 580px) 100vw, 580px" /><div class="cmsmasters_img_rollover"><a href="https://culturas.cc/congresso2020/16873/" title="Experiências que descortinam reflexões em torno da ideia de pertencimento e despertencimento" class="cmsmasters_open_link"></a></div></figure></div><header class="cmsmasters_slider_post_header entry-header"><h4 class="cmsmasters_slider_post_title entry-title"><a href="https://culturas.cc/congresso2020/16873/">Experiências que descortinam reflexões em torno da ideia de pertencimento e despertencimento</a></h4></header><div class="cmsmasters_slider_post_cont_info second entry-meta"><span class="cmsmasters_slider_post_author">by <a href="https://culturas.cc/congresso2020/author/redeculturas/" title="Posts by culturas.cc" class="vcard author"><span class="fn" rel="author">culturas.cc</span></a></span></div><div class="cmsmasters_slider_post_cont_info third entry-meta"><span class="cmsmasters_likes cmsmasters_slider_post_likes"><a href="#" onclick="cmsmastersLike(16873, false); return false;" id="cmsmastersLike-16873" class="cmsmastersLike cmsmasters_theme_icon_like"><span>0 </span></a></span></div>	</div>
</article>
<!-- Finish Posts Slider Post Article -->

</div><div class="cmsmasters_owl_slider_item"><!-- Start Posts Slider Post Article -->
<article id="post-16875" class="cmsmasters_slider_post post-16875 post type-post status-publish format-standard has-post-thumbnail hentry category-gt-5 category-live-10 category-resumos">
	<div class="cmsmasters_slider_post_outer">
	<div class="cmsmasters_slider_post_img_wrap"><figure class="cmsmasters_img_rollover_wrap preloader"><img loading="lazy" decoding="async" width="580" height="580" src="https://i0.wp.com/culturas.cc/congresso2020/wp-content/uploads/sites/9/2020/11/gt5.png?resize=580%2C580&amp;ssl=1" class="full-width wp-post-image" alt="“A música sacra do candomblé na modernidade: ressignificação e ocupação do espaço público”" title="gt5" srcset="https://i0.wp.com/culturas.cc/congresso2020/wp-content/uploads/sites/9/2020/11/gt5.png?w=600&amp;ssl=1 600w, https://i0.wp.com/culturas.cc/congresso2020/wp-content/uploads/sites/9/2020/11/gt5.png?resize=300%2C300&amp;ssl=1 300w, https://i0.wp.com/culturas.cc/congresso2020/wp-content/uploads/sites/9/2020/11/gt5.png?resize=150%2C150&amp;ssl=1 150w, https://i0.wp.com/culturas.cc/congresso2020/wp-content/uploads/sites/9/2020/11/gt5.png?resize=180%2C180&amp;ssl=1 180w, https://i0.wp.com/culturas.cc/congresso2020/wp-content/uploads/sites/9/2020/11/gt5.png?resize=580%2C580&amp;ssl=1 580w" sizes="auto, (max-width: 580px) 100vw, 580px" /><div class="cmsmasters_img_rollover"><a href="https://culturas.cc/congresso2020/16875/" title="“A música sacra do candomblé na modernidade: ressignificação e ocupação do espaço público”" class="cmsmasters_open_link"></a></div></figure></div><header class="cmsmasters_slider_post_header entry-header"><h4 class="cmsmasters_slider_post_title entry-title"><a href="https://culturas.cc/congresso2020/16875/">“A música sacra do candomblé na modernidade: ressignificação e ocupação do espaço público”</a></h4></header><div class="cmsmasters_slider_post_cont_info second entry-meta"><span class="cmsmasters_slider_post_author">by <a href="https://culturas.cc/congresso2020/author/redeculturas/" title="Posts by culturas.cc" class="vcard author"><span class="fn" rel="author">culturas.cc</span></a></span></div><div class="cmsmasters_slider_post_cont_info third entry-meta"><span class="cmsmasters_likes cmsmasters_slider_post_likes"><a href="#" onclick="cmsmastersLike(16875, false); return false;" id="cmsmastersLike-16875" class="cmsmastersLike cmsmasters_theme_icon_like"><span>0 </span></a></span></div>	</div>
</article>
<!-- Finish Posts Slider Post Article -->

</div></div></div>

<p><strong>1º &#8211; Experiências que descortinam reflexões em torno da ideia de pertencimento e despertencimento | </strong>Sarah Oliveira Carneiro, Cláudia Vasconcelos, Gislene Moreira.</p>
<p><strong>2º &#8211; “A música sacra do candomblé na modernidade: ressignificação e ocupação do espaço público” </strong>| Julice Oliveira Dias dos Santos, Taís Viana Villa Riberio, Gisélia de Jesus Pereira, Hilda Batista Brito Santa Rosa.</p>
<p><strong>3º &#8211; percepções e imaginários: pesquisas em desenho, cultura e interatividade </strong>| Francisco Antônio Zorzo, Suzane Costa Lopes Braz, Ricardo Ferreira Rocha, Thiago Lins da Silva, Jaqueline de Jesus de Lemos.</p>
