{"id":16433,"date":"2020-11-10T02:23:47","date_gmt":"2020-11-10T05:23:47","guid":{"rendered":"https:\/\/culturas.cc\/congresso2020\/?post_type=tribe_events&#038;p=16433"},"modified":"2020-11-19T00:03:33","modified_gmt":"2020-11-19T03:03:33","slug":"live-8-gt4-cultura-ciencia-saude-modos-de-vida-e-consumo","status":"publish","type":"tribe_events","link":"https:\/\/culturas.cc\/congresso2020\/event\/live-8-gt4-cultura-ciencia-saude-modos-de-vida-e-consumo\/","title":{"rendered":"LIVE 8 | GT4 &#8211; Cultura, Ci\u00eancia, Sa\u00fade, Modos de Vida e Consumo"},"content":{"rendered":"<h3 style=\"text-align: center;\">Assista no Youtube<\/h3>\n<h2 style=\"text-align: center;\"><a href=\"https:\/\/www.youtube.com\/watch?v=capIhe3CkUU\">Clique aqui<\/a><\/h2>\n<h3>Trabalhos<\/h3>\n<p><strong>1\u00ba &#8211; Retratos de g\u00e9nero na comunica\u00e7\u00e3o p\u00fablica de sa\u00fade no contexto covid em Portugal |<\/strong> Paula Lobo, Ivone Ferreira, Melissa Pio<\/p>\n<p><strong>2\u00ba &#8211; Cultura e pandemia no Brasil: pol\u00edticas p\u00fablicas de sa\u00fade para os idosos e negacionismo | <\/strong>C\u00e1ssio Luiz Arag\u00e3o Matos, Catiane Rocha Passos de Souza, Priscila Ch\u00e9quer.<\/p>\n<p><strong>3\u00ba &#8211; Sa\u00fade imposs\u00edvel |\u00a0<\/strong>Anna Am\u00e9lia de Faria, Juliana Maia Borges Sampaio, Nat\u00e1lia Barreto de Mesquita, Maria Clara Reis Andrade, Luiz Paulo Carvalho Pires de Oliveira.<\/p>\n<h3>Confira os resumos dos trabalhos:<\/h3>\n<div class=\"cmsmasters_posts_slider cmsmasters_posts_slider_post\" >\r\n\t\t<div id=\"cmsmasters_slider_lykcf8autl8\" class=\"cmsmasters_owl_slider owl-carousel\" data-items=\"3\" data-single-item=\"false\" data-auto-play=\"false\" data-pagination=\"false\"><div class=\"cmsmasters_owl_slider_item\"><!-- Start Posts Slider Post Article -->\r\n<article id=\"post-16858\" class=\"cmsmasters_slider_post post-16858 post type-post status-publish format-standard has-post-thumbnail hentry category-gt-4 category-live-8 category-resumos\">\r\n\t<div class=\"cmsmasters_slider_post_outer\">\r\n\t<div class=\"cmsmasters_slider_post_img_wrap\"><figure class=\"cmsmasters_img_rollover_wrap preloader\"><img loading=\"lazy\" decoding=\"async\" width=\"580\" height=\"580\" src=\"https:\/\/i0.wp.com\/culturas.cc\/congresso2020\/wp-content\/uploads\/sites\/9\/2020\/11\/gt4.png?resize=580%2C580&amp;ssl=1\" class=\"full-width wp-post-image\" alt=\"Sa\u00fade imposs\u00edvel\" title=\"gt4\" srcset=\"https:\/\/i0.wp.com\/culturas.cc\/congresso2020\/wp-content\/uploads\/sites\/9\/2020\/11\/gt4.png?w=600&amp;ssl=1 600w, https:\/\/i0.wp.com\/culturas.cc\/congresso2020\/wp-content\/uploads\/sites\/9\/2020\/11\/gt4.png?resize=300%2C300&amp;ssl=1 300w, https:\/\/i0.wp.com\/culturas.cc\/congresso2020\/wp-content\/uploads\/sites\/9\/2020\/11\/gt4.png?resize=150%2C150&amp;ssl=1 150w, https:\/\/i0.wp.com\/culturas.cc\/congresso2020\/wp-content\/uploads\/sites\/9\/2020\/11\/gt4.png?resize=180%2C180&amp;ssl=1 180w, https:\/\/i0.wp.com\/culturas.cc\/congresso2020\/wp-content\/uploads\/sites\/9\/2020\/11\/gt4.png?resize=580%2C580&amp;ssl=1 580w\" sizes=\"auto, (max-width: 580px) 100vw, 580px\" \/><div class=\"cmsmasters_img_rollover\"><a href=\"https:\/\/culturas.cc\/congresso2020\/16858\/\" title=\"Sa\u00fade imposs\u00edvel\" class=\"cmsmasters_open_link\"><\/a><\/div><\/figure><\/div><header class=\"cmsmasters_slider_post_header entry-header\"><h4 class=\"cmsmasters_slider_post_title entry-title\"><a href=\"https:\/\/culturas.cc\/congresso2020\/16858\/\">Sa\u00fade imposs\u00edvel<\/a><\/h4><\/header><div class=\"cmsmasters_slider_post_cont_info second entry-meta\"><span class=\"cmsmasters_slider_post_author\">by <a href=\"https:\/\/culturas.cc\/congresso2020\/author\/ricosoares\/\" title=\"Posts by Rico Soares\" class=\"vcard author\"><span class=\"fn\" rel=\"author\">Rico Soares<\/span><\/a><\/span><\/div><div class=\"cmsmasters_slider_post_cont_info third entry-meta\"><span class=\"cmsmasters_likes cmsmasters_slider_post_likes\"><a href=\"#\" onclick=\"cmsmastersLike(16858, false); return false;\" id=\"cmsmastersLike-16858\" class=\"cmsmastersLike cmsmasters_theme_icon_like\"><span>0 <\/span><\/a><\/span><\/div>\t<\/div>\r\n<\/article>\r\n<!-- Finish Posts Slider Post Article -->\r\n\r\n<\/div><div class=\"cmsmasters_owl_slider_item\"><!-- Start Posts Slider Post Article -->\r\n<article id=\"post-16854\" class=\"cmsmasters_slider_post post-16854 post type-post status-publish format-standard has-post-thumbnail hentry category-gt-4 category-live-8 category-resumos\">\r\n\t<div class=\"cmsmasters_slider_post_outer\">\r\n\t<div class=\"cmsmasters_slider_post_img_wrap\"><figure class=\"cmsmasters_img_rollover_wrap preloader\"><img loading=\"lazy\" decoding=\"async\" width=\"580\" height=\"580\" src=\"https:\/\/i0.wp.com\/culturas.cc\/congresso2020\/wp-content\/uploads\/sites\/9\/2020\/11\/gt4.png?resize=580%2C580&amp;ssl=1\" class=\"full-width wp-post-image\" alt=\"Retratos de g\u00e9nero na comunica\u00e7\u00e3o p\u00fablica de sa\u00fade no contexto covid em Portugal\" title=\"gt4\" srcset=\"https:\/\/i0.wp.com\/culturas.cc\/congresso2020\/wp-content\/uploads\/sites\/9\/2020\/11\/gt4.png?w=600&amp;ssl=1 600w, https:\/\/i0.wp.com\/culturas.cc\/congresso2020\/wp-content\/uploads\/sites\/9\/2020\/11\/gt4.png?resize=300%2C300&amp;ssl=1 300w, https:\/\/i0.wp.com\/culturas.cc\/congresso2020\/wp-content\/uploads\/sites\/9\/2020\/11\/gt4.png?resize=150%2C150&amp;ssl=1 150w, https:\/\/i0.wp.com\/culturas.cc\/congresso2020\/wp-content\/uploads\/sites\/9\/2020\/11\/gt4.png?resize=180%2C180&amp;ssl=1 180w, https:\/\/i0.wp.com\/culturas.cc\/congresso2020\/wp-content\/uploads\/sites\/9\/2020\/11\/gt4.png?resize=580%2C580&amp;ssl=1 580w\" sizes=\"auto, (max-width: 580px) 100vw, 580px\" \/><div class=\"cmsmasters_img_rollover\"><a href=\"https:\/\/culturas.cc\/congresso2020\/16854\/\" title=\"Retratos de g\u00e9nero na comunica\u00e7\u00e3o p\u00fablica de sa\u00fade no contexto covid em Portugal\" class=\"cmsmasters_open_link\"><\/a><\/div><\/figure><\/div><header class=\"cmsmasters_slider_post_header entry-header\"><h4 class=\"cmsmasters_slider_post_title entry-title\"><a href=\"https:\/\/culturas.cc\/congresso2020\/16854\/\">Retratos de g\u00e9nero na comunica\u00e7\u00e3o p\u00fablica de sa\u00fade no contexto covid em Portugal<\/a><\/h4><\/header><div class=\"cmsmasters_slider_post_cont_info second entry-meta\"><span class=\"cmsmasters_slider_post_author\">by <a href=\"https:\/\/culturas.cc\/congresso2020\/author\/redeculturas\/\" title=\"Posts by culturas.cc\" class=\"vcard author\"><span class=\"fn\" rel=\"author\">culturas.cc<\/span><\/a><\/span><\/div><div class=\"cmsmasters_slider_post_cont_info third entry-meta\"><span class=\"cmsmasters_likes cmsmasters_slider_post_likes\"><a href=\"#\" onclick=\"cmsmastersLike(16854, false); return false;\" id=\"cmsmastersLike-16854\" class=\"cmsmastersLike cmsmasters_theme_icon_like\"><span>0 <\/span><\/a><\/span><\/div>\t<\/div>\r\n<\/article>\r\n<!-- Finish Posts Slider Post Article -->\r\n\r\n<\/div><div class=\"cmsmasters_owl_slider_item\"><!-- Start Posts Slider Post Article -->\r\n<article id=\"post-16856\" class=\"cmsmasters_slider_post post-16856 post type-post status-publish format-standard has-post-thumbnail hentry category-gt-4 category-live-8 category-resumos\">\r\n\t<div class=\"cmsmasters_slider_post_outer\">\r\n\t<div class=\"cmsmasters_slider_post_img_wrap\"><figure class=\"cmsmasters_img_rollover_wrap preloader\"><img loading=\"lazy\" decoding=\"async\" width=\"580\" height=\"580\" src=\"https:\/\/i0.wp.com\/culturas.cc\/congresso2020\/wp-content\/uploads\/sites\/9\/2020\/11\/gt4.png?resize=580%2C580&amp;ssl=1\" class=\"full-width wp-post-image\" alt=\"Cultura e pandemia no Brasil: pol\u00edticas p\u00fablicas de sa\u00fade para os idosos e negacionismo\" title=\"gt4\" srcset=\"https:\/\/i0.wp.com\/culturas.cc\/congresso2020\/wp-content\/uploads\/sites\/9\/2020\/11\/gt4.png?w=600&amp;ssl=1 600w, https:\/\/i0.wp.com\/culturas.cc\/congresso2020\/wp-content\/uploads\/sites\/9\/2020\/11\/gt4.png?resize=300%2C300&amp;ssl=1 300w, https:\/\/i0.wp.com\/culturas.cc\/congresso2020\/wp-content\/uploads\/sites\/9\/2020\/11\/gt4.png?resize=150%2C150&amp;ssl=1 150w, https:\/\/i0.wp.com\/culturas.cc\/congresso2020\/wp-content\/uploads\/sites\/9\/2020\/11\/gt4.png?resize=180%2C180&amp;ssl=1 180w, https:\/\/i0.wp.com\/culturas.cc\/congresso2020\/wp-content\/uploads\/sites\/9\/2020\/11\/gt4.png?resize=580%2C580&amp;ssl=1 580w\" sizes=\"auto, (max-width: 580px) 100vw, 580px\" \/><div class=\"cmsmasters_img_rollover\"><a href=\"https:\/\/culturas.cc\/congresso2020\/16856\/\" title=\"Cultura e pandemia no Brasil: pol\u00edticas p\u00fablicas de sa\u00fade para os idosos e negacionismo\" class=\"cmsmasters_open_link\"><\/a><\/div><\/figure><\/div><header class=\"cmsmasters_slider_post_header entry-header\"><h4 class=\"cmsmasters_slider_post_title entry-title\"><a href=\"https:\/\/culturas.cc\/congresso2020\/16856\/\">Cultura e pandemia no Brasil: pol\u00edticas p\u00fablicas de sa\u00fade para os idosos e negacionismo<\/a><\/h4><\/header><div class=\"cmsmasters_slider_post_cont_info second entry-meta\"><span class=\"cmsmasters_slider_post_author\">by <a href=\"https:\/\/culturas.cc\/congresso2020\/author\/redeculturas\/\" title=\"Posts by culturas.cc\" class=\"vcard author\"><span class=\"fn\" rel=\"author\">culturas.cc<\/span><\/a><\/span><\/div><div class=\"cmsmasters_slider_post_cont_info third entry-meta\"><span class=\"cmsmasters_likes cmsmasters_slider_post_likes\"><a href=\"#\" onclick=\"cmsmastersLike(16856, false); return false;\" id=\"cmsmastersLike-16856\" class=\"cmsmastersLike cmsmasters_theme_icon_like\"><span>1 <\/span><\/a><\/span><\/div>\t<\/div>\r\n<\/article>\r\n<!-- Finish Posts Slider Post Article -->\r\n\r\n<\/div><\/div><\/div>\n","protected":false},"excerpt":{"rendered":"<p><strong>1\u00ba &#8211; Retratos de g\u00e9nero na comunica\u00e7\u00e3o p\u00fablica de sa\u00fade no contexto covid em Portugal |<\/strong> Paula Lobo, Ivone Ferreira, Melissa Pio<\/p>\n<p><strong>2\u00ba &#8211; Cultura e pandemia no Brasil: pol\u00edticas p\u00fablicas de sa\u00fade para os idosos e negacionismo | <\/strong>C\u00e1ssio Luiz Arag\u00e3o Matos, Catiane Rocha Passos de Souza, Priscila Ch\u00e9quer.<\/p>\n<p><strong>3\u00ba &#8211; Sa\u00fade imposs\u00edvel |\u00a0<\/strong>Anna Am\u00e9lia de Faria, Juliana Maia Borges Sampaio, Nat\u00e1lia Barreto de Mesquita, Maria Clara Reis Andrade, Luiz Paulo Carvalho Pires de Oliveira.<\/p>\n","protected":false},"author":1,"featured_media":17177,"template":"","meta":{"_bbp_topic_count":0,"_bbp_reply_count":0,"_bbp_total_topic_count":0,"_bbp_total_reply_count":0,"_bbp_voice_count":0,"_bbp_anonymous_reply_count":0,"_bbp_topic_count_hidden":0,"_bbp_reply_count_hidden":0,"_bbp_forum_subforum_count":0,"_tribe_events_status":"","_tribe_events_status_reason":"","footnotes":""},"tags":[],"tribe_events_cat":[148],"class_list":["post-16433","tribe_events","type-tribe_events","status-publish","has-post-thumbnail","hentry","tribe_events_cat-gt-19nov"],"jetpack_sharing_enabled":true,"_links":{"self":[{"href":"https:\/\/culturas.cc\/congresso2020\/wp-json\/wp\/v2\/tribe_events\/16433","targetHints":{"allow":["GET"]}}],"collection":[{"href":"https:\/\/culturas.cc\/congresso2020\/wp-json\/wp\/v2\/tribe_events"}],"about":[{"href":"https:\/\/culturas.cc\/congresso2020\/wp-json\/wp\/v2\/types\/tribe_events"}],"author":[{"embeddable":true,"href":"https:\/\/culturas.cc\/congresso2020\/wp-json\/wp\/v2\/users\/1"}],"version-history":[{"count":9,"href":"https:\/\/culturas.cc\/congresso2020\/wp-json\/wp\/v2\/tribe_events\/16433\/revisions"}],"predecessor-version":[{"id":17377,"href":"https:\/\/culturas.cc\/congresso2020\/wp-json\/wp\/v2\/tribe_events\/16433\/revisions\/17377"}],"wp:featuredmedia":[{"embeddable":true,"href":"https:\/\/culturas.cc\/congresso2020\/wp-json\/wp\/v2\/media\/17177"}],"wp:attachment":[{"href":"https:\/\/culturas.cc\/congresso2020\/wp-json\/wp\/v2\/media?parent=16433"}],"wp:term":[{"taxonomy":"post_tag","embeddable":true,"href":"https:\/\/culturas.cc\/congresso2020\/wp-json\/wp\/v2\/tags?post=16433"},{"taxonomy":"tribe_events_cat","embeddable":true,"href":"https:\/\/culturas.cc\/congresso2020\/wp-json\/wp\/v2\/tribe_events_cat?post=16433"}],"curies":[{"name":"wp","href":"https:\/\/api.w.org\/{rel}","templated":true}]}}

LIVE 8 | GT4 &#8211; Cultura, Ciência, Saúde, Modos de Vida e Consumo

<h3 style="text-align: center;">Assista no Youtube</h3>
<h2 style="text-align: center;"><a href="https://www.youtube.com/watch?v=capIhe3CkUU">Clique aqui</a></h2>
<h3>Trabalhos</h3>
<p><strong>1º &#8211; Retratos de género na comunicação pública de saúde no contexto covid em Portugal |</strong> Paula Lobo, Ivone Ferreira, Melissa Pio</p>
<p><strong>2º &#8211; Cultura e pandemia no Brasil: políticas públicas de saúde para os idosos e negacionismo | </strong>Cássio Luiz Aragão Matos, Catiane Rocha Passos de Souza, Priscila Chéquer.</p>
<p><strong>3º &#8211; Saúde impossível | </strong>Anna Amélia de Faria, Juliana Maia Borges Sampaio, Natália Barreto de Mesquita, Maria Clara Reis Andrade, Luiz Paulo Carvalho Pires de Oliveira.</p>
<h3>Confira os resumos dos trabalhos:</h3>
<div class="cmsmasters_posts_slider cmsmasters_posts_slider_post" >
		<div id="cmsmasters_slider_lykcf8autl8" class="cmsmasters_owl_slider owl-carousel" data-items="3" data-single-item="false" data-auto-play="false" data-pagination="false"><div class="cmsmasters_owl_slider_item"><!-- Start Posts Slider Post Article -->
<article id="post-16858" class="cmsmasters_slider_post post-16858 post type-post status-publish format-standard has-post-thumbnail hentry category-gt-4 category-live-8 category-resumos">
	<div class="cmsmasters_slider_post_outer">
	<div class="cmsmasters_slider_post_img_wrap"><figure class="cmsmasters_img_rollover_wrap preloader"><img loading="lazy" decoding="async" width="580" height="580" src="https://i0.wp.com/culturas.cc/congresso2020/wp-content/uploads/sites/9/2020/11/gt4.png?resize=580%2C580&amp;ssl=1" class="full-width wp-post-image" alt="Saúde impossível" title="gt4" srcset="https://i0.wp.com/culturas.cc/congresso2020/wp-content/uploads/sites/9/2020/11/gt4.png?w=600&amp;ssl=1 600w, https://i0.wp.com/culturas.cc/congresso2020/wp-content/uploads/sites/9/2020/11/gt4.png?resize=300%2C300&amp;ssl=1 300w, https://i0.wp.com/culturas.cc/congresso2020/wp-content/uploads/sites/9/2020/11/gt4.png?resize=150%2C150&amp;ssl=1 150w, https://i0.wp.com/culturas.cc/congresso2020/wp-content/uploads/sites/9/2020/11/gt4.png?resize=180%2C180&amp;ssl=1 180w, https://i0.wp.com/culturas.cc/congresso2020/wp-content/uploads/sites/9/2020/11/gt4.png?resize=580%2C580&amp;ssl=1 580w" sizes="auto, (max-width: 580px) 100vw, 580px" /><div class="cmsmasters_img_rollover"><a href="https://culturas.cc/congresso2020/16858/" title="Saúde impossível" class="cmsmasters_open_link"></a></div></figure></div><header class="cmsmasters_slider_post_header entry-header"><h4 class="cmsmasters_slider_post_title entry-title"><a href="https://culturas.cc/congresso2020/16858/">Saúde impossível</a></h4></header><div class="cmsmasters_slider_post_cont_info second entry-meta"><span class="cmsmasters_slider_post_author">by <a href="https://culturas.cc/congresso2020/author/ricosoares/" title="Posts by Rico Soares" class="vcard author"><span class="fn" rel="author">Rico Soares</span></a></span></div><div class="cmsmasters_slider_post_cont_info third entry-meta"><span class="cmsmasters_likes cmsmasters_slider_post_likes"><a href="#" onclick="cmsmastersLike(16858, false); return false;" id="cmsmastersLike-16858" class="cmsmastersLike cmsmasters_theme_icon_like"><span>0 </span></a></span></div>	</div>
</article>
<!-- Finish Posts Slider Post Article -->

</div><div class="cmsmasters_owl_slider_item"><!-- Start Posts Slider Post Article -->
<article id="post-16854" class="cmsmasters_slider_post post-16854 post type-post status-publish format-standard has-post-thumbnail hentry category-gt-4 category-live-8 category-resumos">
	<div class="cmsmasters_slider_post_outer">
	<div class="cmsmasters_slider_post_img_wrap"><figure class="cmsmasters_img_rollover_wrap preloader"><img loading="lazy" decoding="async" width="580" height="580" src="https://i0.wp.com/culturas.cc/congresso2020/wp-content/uploads/sites/9/2020/11/gt4.png?resize=580%2C580&amp;ssl=1" class="full-width wp-post-image" alt="Retratos de género na comunicação pública de saúde no contexto covid em Portugal" title="gt4" srcset="https://i0.wp.com/culturas.cc/congresso2020/wp-content/uploads/sites/9/2020/11/gt4.png?w=600&amp;ssl=1 600w, https://i0.wp.com/culturas.cc/congresso2020/wp-content/uploads/sites/9/2020/11/gt4.png?resize=300%2C300&amp;ssl=1 300w, https://i0.wp.com/culturas.cc/congresso2020/wp-content/uploads/sites/9/2020/11/gt4.png?resize=150%2C150&amp;ssl=1 150w, https://i0.wp.com/culturas.cc/congresso2020/wp-content/uploads/sites/9/2020/11/gt4.png?resize=180%2C180&amp;ssl=1 180w, https://i0.wp.com/culturas.cc/congresso2020/wp-content/uploads/sites/9/2020/11/gt4.png?resize=580%2C580&amp;ssl=1 580w" sizes="auto, (max-width: 580px) 100vw, 580px" /><div class="cmsmasters_img_rollover"><a href="https://culturas.cc/congresso2020/16854/" title="Retratos de género na comunicação pública de saúde no contexto covid em Portugal" class="cmsmasters_open_link"></a></div></figure></div><header class="cmsmasters_slider_post_header entry-header"><h4 class="cmsmasters_slider_post_title entry-title"><a href="https://culturas.cc/congresso2020/16854/">Retratos de género na comunicação pública de saúde no contexto covid em Portugal</a></h4></header><div class="cmsmasters_slider_post_cont_info second entry-meta"><span class="cmsmasters_slider_post_author">by <a href="https://culturas.cc/congresso2020/author/redeculturas/" title="Posts by culturas.cc" class="vcard author"><span class="fn" rel="author">culturas.cc</span></a></span></div><div class="cmsmasters_slider_post_cont_info third entry-meta"><span class="cmsmasters_likes cmsmasters_slider_post_likes"><a href="#" onclick="cmsmastersLike(16854, false); return false;" id="cmsmastersLike-16854" class="cmsmastersLike cmsmasters_theme_icon_like"><span>0 </span></a></span></div>	</div>
</article>
<!-- Finish Posts Slider Post Article -->

</div><div class="cmsmasters_owl_slider_item"><!-- Start Posts Slider Post Article -->
<article id="post-16856" class="cmsmasters_slider_post post-16856 post type-post status-publish format-standard has-post-thumbnail hentry category-gt-4 category-live-8 category-resumos">
	<div class="cmsmasters_slider_post_outer">
	<div class="cmsmasters_slider_post_img_wrap"><figure class="cmsmasters_img_rollover_wrap preloader"><img loading="lazy" decoding="async" width="580" height="580" src="https://i0.wp.com/culturas.cc/congresso2020/wp-content/uploads/sites/9/2020/11/gt4.png?resize=580%2C580&amp;ssl=1" class="full-width wp-post-image" alt="Cultura e pandemia no Brasil: políticas públicas de saúde para os idosos e negacionismo" title="gt4" srcset="https://i0.wp.com/culturas.cc/congresso2020/wp-content/uploads/sites/9/2020/11/gt4.png?w=600&amp;ssl=1 600w, https://i0.wp.com/culturas.cc/congresso2020/wp-content/uploads/sites/9/2020/11/gt4.png?resize=300%2C300&amp;ssl=1 300w, https://i0.wp.com/culturas.cc/congresso2020/wp-content/uploads/sites/9/2020/11/gt4.png?resize=150%2C150&amp;ssl=1 150w, https://i0.wp.com/culturas.cc/congresso2020/wp-content/uploads/sites/9/2020/11/gt4.png?resize=180%2C180&amp;ssl=1 180w, https://i0.wp.com/culturas.cc/congresso2020/wp-content/uploads/sites/9/2020/11/gt4.png?resize=580%2C580&amp;ssl=1 580w" sizes="auto, (max-width: 580px) 100vw, 580px" /><div class="cmsmasters_img_rollover"><a href="https://culturas.cc/congresso2020/16856/" title="Cultura e pandemia no Brasil: políticas públicas de saúde para os idosos e negacionismo" class="cmsmasters_open_link"></a></div></figure></div><header class="cmsmasters_slider_post_header entry-header"><h4 class="cmsmasters_slider_post_title entry-title"><a href="https://culturas.cc/congresso2020/16856/">Cultura e pandemia no Brasil: políticas públicas de saúde para os idosos e negacionismo</a></h4></header><div class="cmsmasters_slider_post_cont_info second entry-meta"><span class="cmsmasters_slider_post_author">by <a href="https://culturas.cc/congresso2020/author/redeculturas/" title="Posts by culturas.cc" class="vcard author"><span class="fn" rel="author">culturas.cc</span></a></span></div><div class="cmsmasters_slider_post_cont_info third entry-meta"><span class="cmsmasters_likes cmsmasters_slider_post_likes"><a href="#" onclick="cmsmastersLike(16856, false); return false;" id="cmsmastersLike-16856" class="cmsmastersLike cmsmasters_theme_icon_like"><span>1 </span></a></span></div>	</div>
</article>
<!-- Finish Posts Slider Post Article -->

</div></div></div>

<p><strong>1º &#8211; Retratos de género na comunicação pública de saúde no contexto covid em Portugal |</strong> Paula Lobo, Ivone Ferreira, Melissa Pio</p>
<p><strong>2º &#8211; Cultura e pandemia no Brasil: políticas públicas de saúde para os idosos e negacionismo | </strong>Cássio Luiz Aragão Matos, Catiane Rocha Passos de Souza, Priscila Chéquer.</p>
<p><strong>3º &#8211; Saúde impossível | </strong>Anna Amélia de Faria, Juliana Maia Borges Sampaio, Natália Barreto de Mesquita, Maria Clara Reis Andrade, Luiz Paulo Carvalho Pires de Oliveira.</p>
