{"id":16431,"date":"2020-11-10T02:22:58","date_gmt":"2020-11-10T05:22:58","guid":{"rendered":"https:\/\/culturas.cc\/congresso2020\/?post_type=tribe_events&#038;p=16431"},"modified":"2020-11-19T00:03:18","modified_gmt":"2020-11-19T03:03:18","slug":"live-7-gt4-cultura-ciencia-saude-modos-de-vida-e-consumo","status":"publish","type":"tribe_events","link":"https:\/\/culturas.cc\/congresso2020\/event\/live-7-gt4-cultura-ciencia-saude-modos-de-vida-e-consumo\/","title":{"rendered":"LIVE 7 | GT4 &#8211; Cultura, Ci\u00eancia, Sa\u00fade, Modos de Vida e Consumo"},"content":{"rendered":"<h3 style=\"text-align: center;\">Assista no Youtube<\/h3>\n<h2 style=\"text-align: center;\"><a href=\"https:\/\/www.youtube.com\/watch?v=Usotsv7DKqU\">Clique aqui<\/a><\/h2>\n<h3>Trabalhos<\/h3>\n<p><strong>1\u00ba &#8211; Consumo cultural na pandemia &#8211; investiga\u00e7\u00e3o preliminar sobre dados de consumo cultural no brasil em 2020 |<\/strong>Sergio Sobreira Araujo, Deolinda Catarina Fran\u00e7a de Vilhena, Ivie de Oliveira Santos Leone, Wallace Nunes Teixeira.<strong><br \/>\n<\/strong><\/p>\n<p><strong>2\u00ba &#8211; Resultados finais da pesquisa \u201cimpactos da covid-19 na economia criativa\u201d | <\/strong>Ra\u00edssa Santos Caldas Almeida, Carlos Magno Guerra, Luiz Gustavo Campos.<\/p>\n<p><strong>3\u00ba &#8211; Cultura na pandemia: estrat\u00e9gias emergentes para produ\u00e7\u00e3o e frui\u00e7\u00e3o cultural no cen\u00e1rio da covid 19 | <\/strong>Rita de C\u00e1ssia da Silva Maia, Monique Magaldi, Carmem Silva, Andr\u00e9 Bomfim dos Santos.<strong><br \/>\n<\/strong><\/p>\n<h3>Confira os resumos dos trabalhos:<\/h3>\n<div class=\"cmsmasters_posts_slider cmsmasters_posts_slider_post\" >\r\n\t\t<div id=\"cmsmasters_slider_lykcf8autl7\" class=\"cmsmasters_owl_slider owl-carousel\" data-items=\"3\" data-single-item=\"false\" data-auto-play=\"false\" data-pagination=\"false\"><div class=\"cmsmasters_owl_slider_item\"><!-- Start Posts Slider Post Article -->\r\n<article id=\"post-16850\" class=\"cmsmasters_slider_post post-16850 post type-post status-publish format-standard has-post-thumbnail hentry category-live-7 category-resumos\">\r\n\t<div class=\"cmsmasters_slider_post_outer\">\r\n\t<div class=\"cmsmasters_slider_post_img_wrap\"><figure class=\"cmsmasters_img_rollover_wrap preloader\"><img loading=\"lazy\" decoding=\"async\" width=\"580\" height=\"580\" src=\"https:\/\/i0.wp.com\/culturas.cc\/congresso2020\/wp-content\/uploads\/sites\/9\/2020\/11\/gt4.png?resize=580%2C580&amp;ssl=1\" class=\"full-width wp-post-image\" alt=\"Resultados finais da pesquisa \u201cimpactos da covid-19 na economia criativa\u201d\" title=\"gt4\" srcset=\"https:\/\/i0.wp.com\/culturas.cc\/congresso2020\/wp-content\/uploads\/sites\/9\/2020\/11\/gt4.png?w=600&amp;ssl=1 600w, https:\/\/i0.wp.com\/culturas.cc\/congresso2020\/wp-content\/uploads\/sites\/9\/2020\/11\/gt4.png?resize=300%2C300&amp;ssl=1 300w, https:\/\/i0.wp.com\/culturas.cc\/congresso2020\/wp-content\/uploads\/sites\/9\/2020\/11\/gt4.png?resize=150%2C150&amp;ssl=1 150w, https:\/\/i0.wp.com\/culturas.cc\/congresso2020\/wp-content\/uploads\/sites\/9\/2020\/11\/gt4.png?resize=180%2C180&amp;ssl=1 180w, https:\/\/i0.wp.com\/culturas.cc\/congresso2020\/wp-content\/uploads\/sites\/9\/2020\/11\/gt4.png?resize=580%2C580&amp;ssl=1 580w\" sizes=\"auto, (max-width: 580px) 100vw, 580px\" \/><div class=\"cmsmasters_img_rollover\"><a href=\"https:\/\/culturas.cc\/congresso2020\/16850\/\" title=\"Resultados finais da pesquisa \u201cimpactos da covid-19 na economia criativa\u201d\" class=\"cmsmasters_open_link\"><\/a><\/div><\/figure><\/div><header class=\"cmsmasters_slider_post_header entry-header\"><h4 class=\"cmsmasters_slider_post_title entry-title\"><a href=\"https:\/\/culturas.cc\/congresso2020\/16850\/\">Resultados finais da pesquisa \u201cimpactos da covid-19 na economia criativa\u201d<\/a><\/h4><\/header><div class=\"cmsmasters_slider_post_cont_info second entry-meta\"><span class=\"cmsmasters_slider_post_author\">by <a href=\"https:\/\/culturas.cc\/congresso2020\/author\/redeculturas\/\" title=\"Posts by culturas.cc\" class=\"vcard author\"><span class=\"fn\" rel=\"author\">culturas.cc<\/span><\/a><\/span><\/div><div class=\"cmsmasters_slider_post_cont_info third entry-meta\"><span class=\"cmsmasters_likes cmsmasters_slider_post_likes\"><a href=\"#\" onclick=\"cmsmastersLike(16850, false); return false;\" id=\"cmsmastersLike-16850\" class=\"cmsmastersLike cmsmasters_theme_icon_like\"><span>0 <\/span><\/a><\/span><\/div>\t<\/div>\r\n<\/article>\r\n<!-- Finish Posts Slider Post Article -->\r\n\r\n<\/div><div class=\"cmsmasters_owl_slider_item\"><!-- Start Posts Slider Post Article -->\r\n<article id=\"post-16852\" class=\"cmsmasters_slider_post post-16852 post type-post status-publish format-standard has-post-thumbnail hentry category-live-7 category-resumos\">\r\n\t<div class=\"cmsmasters_slider_post_outer\">\r\n\t<div class=\"cmsmasters_slider_post_img_wrap\"><figure class=\"cmsmasters_img_rollover_wrap preloader\"><img loading=\"lazy\" decoding=\"async\" width=\"580\" height=\"580\" src=\"https:\/\/i0.wp.com\/culturas.cc\/congresso2020\/wp-content\/uploads\/sites\/9\/2020\/11\/gt4.png?resize=580%2C580&amp;ssl=1\" class=\"full-width wp-post-image\" alt=\"Cultura na pandemia: estrat\u00e9gias emergentes para produ\u00e7\u00e3o e frui\u00e7\u00e3o cultural no cen\u00e1rio da covid 19\" title=\"gt4\" srcset=\"https:\/\/i0.wp.com\/culturas.cc\/congresso2020\/wp-content\/uploads\/sites\/9\/2020\/11\/gt4.png?w=600&amp;ssl=1 600w, https:\/\/i0.wp.com\/culturas.cc\/congresso2020\/wp-content\/uploads\/sites\/9\/2020\/11\/gt4.png?resize=300%2C300&amp;ssl=1 300w, https:\/\/i0.wp.com\/culturas.cc\/congresso2020\/wp-content\/uploads\/sites\/9\/2020\/11\/gt4.png?resize=150%2C150&amp;ssl=1 150w, https:\/\/i0.wp.com\/culturas.cc\/congresso2020\/wp-content\/uploads\/sites\/9\/2020\/11\/gt4.png?resize=180%2C180&amp;ssl=1 180w, https:\/\/i0.wp.com\/culturas.cc\/congresso2020\/wp-content\/uploads\/sites\/9\/2020\/11\/gt4.png?resize=580%2C580&amp;ssl=1 580w\" sizes=\"auto, (max-width: 580px) 100vw, 580px\" \/><div class=\"cmsmasters_img_rollover\"><a href=\"https:\/\/culturas.cc\/congresso2020\/16852\/\" title=\"Cultura na pandemia: estrat\u00e9gias emergentes para produ\u00e7\u00e3o e frui\u00e7\u00e3o cultural no cen\u00e1rio da covid 19\" class=\"cmsmasters_open_link\"><\/a><\/div><\/figure><\/div><header class=\"cmsmasters_slider_post_header entry-header\"><h4 class=\"cmsmasters_slider_post_title entry-title\"><a href=\"https:\/\/culturas.cc\/congresso2020\/16852\/\">Cultura na pandemia: estrat\u00e9gias emergentes para produ\u00e7\u00e3o e frui\u00e7\u00e3o cultural no cen\u00e1rio da covid 19<\/a><\/h4><\/header><div class=\"cmsmasters_slider_post_cont_info second entry-meta\"><span class=\"cmsmasters_slider_post_author\">by <a href=\"https:\/\/culturas.cc\/congresso2020\/author\/redeculturas\/\" title=\"Posts by culturas.cc\" class=\"vcard author\"><span class=\"fn\" rel=\"author\">culturas.cc<\/span><\/a><\/span><\/div><div class=\"cmsmasters_slider_post_cont_info third entry-meta\"><span class=\"cmsmasters_likes cmsmasters_slider_post_likes\"><a href=\"#\" onclick=\"cmsmastersLike(16852, false); return false;\" id=\"cmsmastersLike-16852\" class=\"cmsmastersLike cmsmasters_theme_icon_like\"><span>0 <\/span><\/a><\/span><\/div>\t<\/div>\r\n<\/article>\r\n<!-- Finish Posts Slider Post Article -->\r\n\r\n<\/div><div class=\"cmsmasters_owl_slider_item\"><!-- Start Posts Slider Post Article -->\r\n<article id=\"post-16846\" class=\"cmsmasters_slider_post post-16846 post type-post status-publish format-standard has-post-thumbnail hentry category-live-7 category-resumos\">\r\n\t<div class=\"cmsmasters_slider_post_outer\">\r\n\t<div class=\"cmsmasters_slider_post_img_wrap\"><figure class=\"cmsmasters_img_rollover_wrap preloader\"><img loading=\"lazy\" decoding=\"async\" width=\"580\" height=\"580\" src=\"https:\/\/i0.wp.com\/culturas.cc\/congresso2020\/wp-content\/uploads\/sites\/9\/2020\/11\/gt4.png?resize=580%2C580&amp;ssl=1\" class=\"full-width wp-post-image\" alt=\"Consumo cultural na pandemia \u2013 investiga\u00e7\u00e3o preliminar sobre dados de consumo cultural no brasil em 2020\" title=\"gt4\" srcset=\"https:\/\/i0.wp.com\/culturas.cc\/congresso2020\/wp-content\/uploads\/sites\/9\/2020\/11\/gt4.png?w=600&amp;ssl=1 600w, https:\/\/i0.wp.com\/culturas.cc\/congresso2020\/wp-content\/uploads\/sites\/9\/2020\/11\/gt4.png?resize=300%2C300&amp;ssl=1 300w, https:\/\/i0.wp.com\/culturas.cc\/congresso2020\/wp-content\/uploads\/sites\/9\/2020\/11\/gt4.png?resize=150%2C150&amp;ssl=1 150w, https:\/\/i0.wp.com\/culturas.cc\/congresso2020\/wp-content\/uploads\/sites\/9\/2020\/11\/gt4.png?resize=180%2C180&amp;ssl=1 180w, https:\/\/i0.wp.com\/culturas.cc\/congresso2020\/wp-content\/uploads\/sites\/9\/2020\/11\/gt4.png?resize=580%2C580&amp;ssl=1 580w\" sizes=\"auto, (max-width: 580px) 100vw, 580px\" \/><div class=\"cmsmasters_img_rollover\"><a href=\"https:\/\/culturas.cc\/congresso2020\/16846\/\" title=\"Consumo cultural na pandemia \u2013 investiga\u00e7\u00e3o preliminar sobre dados de consumo cultural no brasil em 2020\" class=\"cmsmasters_open_link\"><\/a><\/div><\/figure><\/div><header class=\"cmsmasters_slider_post_header entry-header\"><h4 class=\"cmsmasters_slider_post_title entry-title\"><a href=\"https:\/\/culturas.cc\/congresso2020\/16846\/\">Consumo cultural na pandemia \u2013 investiga\u00e7\u00e3o preliminar sobre dados de consumo cultural no brasil em 2020<\/a><\/h4><\/header><div class=\"cmsmasters_slider_post_cont_info second entry-meta\"><span class=\"cmsmasters_slider_post_author\">by <a href=\"https:\/\/culturas.cc\/congresso2020\/author\/redeculturas\/\" title=\"Posts by culturas.cc\" class=\"vcard author\"><span class=\"fn\" rel=\"author\">culturas.cc<\/span><\/a><\/span><\/div><div class=\"cmsmasters_slider_post_cont_info third entry-meta\"><span class=\"cmsmasters_likes cmsmasters_slider_post_likes\"><a href=\"#\" onclick=\"cmsmastersLike(16846, false); return false;\" id=\"cmsmastersLike-16846\" class=\"cmsmastersLike cmsmasters_theme_icon_like\"><span>0 <\/span><\/a><\/span><\/div>\t<\/div>\r\n<\/article>\r\n<!-- Finish Posts Slider Post Article -->\r\n\r\n<\/div><\/div><\/div>\n","protected":false},"excerpt":{"rendered":"<p><strong>1\u00ba &#8211; Consumo cultural na pandemia &#8211; investiga\u00e7\u00e3o preliminar sobre dados de consumo cultural no brasil em 2020 |<\/strong>Sergio Sobreira Araujo, Deolinda Catarina Fran\u00e7a de Vilhena, Ivie de Oliveira Santos Leone, Wallace Nunes Teixeira.<strong><br \/>\n<\/strong><\/p>\n<p><strong>2\u00ba &#8211; Resultados finais da pesquisa \u201cimpactos da covid-19 na economia criativa\u201d | <\/strong>Ra\u00edssa Santos Caldas Almeida, Carlos Magno Guerra, Luiz Gustavo Campos.<\/p>\n<p><strong>3\u00ba &#8211; Cultura na pandemia: estrat\u00e9gias emergentes para produ\u00e7\u00e3o e frui\u00e7\u00e3o cultural no cen\u00e1rio da covid 19 | <\/strong>Rita de C\u00e1ssia da Silva Maia, Monique Magaldi, Carmem Silva, Andr\u00e9 Bomfim dos Santos.<strong><br \/>\n<\/strong><\/p>\n","protected":false},"author":1,"featured_media":17177,"template":"","meta":{"_bbp_topic_count":0,"_bbp_reply_count":0,"_bbp_total_topic_count":0,"_bbp_total_reply_count":0,"_bbp_voice_count":0,"_bbp_anonymous_reply_count":0,"_bbp_topic_count_hidden":0,"_bbp_reply_count_hidden":0,"_bbp_forum_subforum_count":0,"_tribe_events_status":"","_tribe_events_status_reason":"","footnotes":""},"tags":[],"tribe_events_cat":[148],"class_list":["post-16431","tribe_events","type-tribe_events","status-publish","has-post-thumbnail","hentry","tribe_events_cat-gt-19nov"],"jetpack_sharing_enabled":true,"_links":{"self":[{"href":"https:\/\/culturas.cc\/congresso2020\/wp-json\/wp\/v2\/tribe_events\/16431","targetHints":{"allow":["GET"]}}],"collection":[{"href":"https:\/\/culturas.cc\/congresso2020\/wp-json\/wp\/v2\/tribe_events"}],"about":[{"href":"https:\/\/culturas.cc\/congresso2020\/wp-json\/wp\/v2\/types\/tribe_events"}],"author":[{"embeddable":true,"href":"https:\/\/culturas.cc\/congresso2020\/wp-json\/wp\/v2\/users\/1"}],"version-history":[{"count":11,"href":"https:\/\/culturas.cc\/congresso2020\/wp-json\/wp\/v2\/tribe_events\/16431\/revisions"}],"predecessor-version":[{"id":17376,"href":"https:\/\/culturas.cc\/congresso2020\/wp-json\/wp\/v2\/tribe_events\/16431\/revisions\/17376"}],"wp:featuredmedia":[{"embeddable":true,"href":"https:\/\/culturas.cc\/congresso2020\/wp-json\/wp\/v2\/media\/17177"}],"wp:attachment":[{"href":"https:\/\/culturas.cc\/congresso2020\/wp-json\/wp\/v2\/media?parent=16431"}],"wp:term":[{"taxonomy":"post_tag","embeddable":true,"href":"https:\/\/culturas.cc\/congresso2020\/wp-json\/wp\/v2\/tags?post=16431"},{"taxonomy":"tribe_events_cat","embeddable":true,"href":"https:\/\/culturas.cc\/congresso2020\/wp-json\/wp\/v2\/tribe_events_cat?post=16431"}],"curies":[{"name":"wp","href":"https:\/\/api.w.org\/{rel}","templated":true}]}}

LIVE 7 | GT4 &#8211; Cultura, Ciência, Saúde, Modos de Vida e Consumo

<h3 style="text-align: center;">Assista no Youtube</h3>
<h2 style="text-align: center;"><a href="https://www.youtube.com/watch?v=Usotsv7DKqU">Clique aqui</a></h2>
<h3>Trabalhos</h3>
<p><strong>1º &#8211; Consumo cultural na pandemia &#8211; investigação preliminar sobre dados de consumo cultural no brasil em 2020 |</strong>Sergio Sobreira Araujo, Deolinda Catarina França de Vilhena, Ivie de Oliveira Santos Leone, Wallace Nunes Teixeira.<strong><br />
</strong></p>
<p><strong>2º &#8211; Resultados finais da pesquisa “impactos da covid-19 na economia criativa” | </strong>Raíssa Santos Caldas Almeida, Carlos Magno Guerra, Luiz Gustavo Campos.</p>
<p><strong>3º &#8211; Cultura na pandemia: estratégias emergentes para produção e fruição cultural no cenário da covid 19 | </strong>Rita de Cássia da Silva Maia, Monique Magaldi, Carmem Silva, André Bomfim dos Santos.<strong><br />
</strong></p>
<h3>Confira os resumos dos trabalhos:</h3>
<div class="cmsmasters_posts_slider cmsmasters_posts_slider_post" >
		<div id="cmsmasters_slider_lykcf8autl7" class="cmsmasters_owl_slider owl-carousel" data-items="3" data-single-item="false" data-auto-play="false" data-pagination="false"><div class="cmsmasters_owl_slider_item"><!-- Start Posts Slider Post Article -->
<article id="post-16850" class="cmsmasters_slider_post post-16850 post type-post status-publish format-standard has-post-thumbnail hentry category-live-7 category-resumos">
	<div class="cmsmasters_slider_post_outer">
	<div class="cmsmasters_slider_post_img_wrap"><figure class="cmsmasters_img_rollover_wrap preloader"><img loading="lazy" decoding="async" width="580" height="580" src="https://i0.wp.com/culturas.cc/congresso2020/wp-content/uploads/sites/9/2020/11/gt4.png?resize=580%2C580&amp;ssl=1" class="full-width wp-post-image" alt="Resultados finais da pesquisa “impactos da covid-19 na economia criativa”" title="gt4" srcset="https://i0.wp.com/culturas.cc/congresso2020/wp-content/uploads/sites/9/2020/11/gt4.png?w=600&amp;ssl=1 600w, https://i0.wp.com/culturas.cc/congresso2020/wp-content/uploads/sites/9/2020/11/gt4.png?resize=300%2C300&amp;ssl=1 300w, https://i0.wp.com/culturas.cc/congresso2020/wp-content/uploads/sites/9/2020/11/gt4.png?resize=150%2C150&amp;ssl=1 150w, https://i0.wp.com/culturas.cc/congresso2020/wp-content/uploads/sites/9/2020/11/gt4.png?resize=180%2C180&amp;ssl=1 180w, https://i0.wp.com/culturas.cc/congresso2020/wp-content/uploads/sites/9/2020/11/gt4.png?resize=580%2C580&amp;ssl=1 580w" sizes="auto, (max-width: 580px) 100vw, 580px" /><div class="cmsmasters_img_rollover"><a href="https://culturas.cc/congresso2020/16850/" title="Resultados finais da pesquisa “impactos da covid-19 na economia criativa”" class="cmsmasters_open_link"></a></div></figure></div><header class="cmsmasters_slider_post_header entry-header"><h4 class="cmsmasters_slider_post_title entry-title"><a href="https://culturas.cc/congresso2020/16850/">Resultados finais da pesquisa “impactos da covid-19 na economia criativa”</a></h4></header><div class="cmsmasters_slider_post_cont_info second entry-meta"><span class="cmsmasters_slider_post_author">by <a href="https://culturas.cc/congresso2020/author/redeculturas/" title="Posts by culturas.cc" class="vcard author"><span class="fn" rel="author">culturas.cc</span></a></span></div><div class="cmsmasters_slider_post_cont_info third entry-meta"><span class="cmsmasters_likes cmsmasters_slider_post_likes"><a href="#" onclick="cmsmastersLike(16850, false); return false;" id="cmsmastersLike-16850" class="cmsmastersLike cmsmasters_theme_icon_like"><span>0 </span></a></span></div>	</div>
</article>
<!-- Finish Posts Slider Post Article -->

</div><div class="cmsmasters_owl_slider_item"><!-- Start Posts Slider Post Article -->
<article id="post-16852" class="cmsmasters_slider_post post-16852 post type-post status-publish format-standard has-post-thumbnail hentry category-live-7 category-resumos">
	<div class="cmsmasters_slider_post_outer">
	<div class="cmsmasters_slider_post_img_wrap"><figure class="cmsmasters_img_rollover_wrap preloader"><img loading="lazy" decoding="async" width="580" height="580" src="https://i0.wp.com/culturas.cc/congresso2020/wp-content/uploads/sites/9/2020/11/gt4.png?resize=580%2C580&amp;ssl=1" class="full-width wp-post-image" alt="Cultura na pandemia: estratégias emergentes para produção e fruição cultural no cenário da covid 19" title="gt4" srcset="https://i0.wp.com/culturas.cc/congresso2020/wp-content/uploads/sites/9/2020/11/gt4.png?w=600&amp;ssl=1 600w, https://i0.wp.com/culturas.cc/congresso2020/wp-content/uploads/sites/9/2020/11/gt4.png?resize=300%2C300&amp;ssl=1 300w, https://i0.wp.com/culturas.cc/congresso2020/wp-content/uploads/sites/9/2020/11/gt4.png?resize=150%2C150&amp;ssl=1 150w, https://i0.wp.com/culturas.cc/congresso2020/wp-content/uploads/sites/9/2020/11/gt4.png?resize=180%2C180&amp;ssl=1 180w, https://i0.wp.com/culturas.cc/congresso2020/wp-content/uploads/sites/9/2020/11/gt4.png?resize=580%2C580&amp;ssl=1 580w" sizes="auto, (max-width: 580px) 100vw, 580px" /><div class="cmsmasters_img_rollover"><a href="https://culturas.cc/congresso2020/16852/" title="Cultura na pandemia: estratégias emergentes para produção e fruição cultural no cenário da covid 19" class="cmsmasters_open_link"></a></div></figure></div><header class="cmsmasters_slider_post_header entry-header"><h4 class="cmsmasters_slider_post_title entry-title"><a href="https://culturas.cc/congresso2020/16852/">Cultura na pandemia: estratégias emergentes para produção e fruição cultural no cenário da covid 19</a></h4></header><div class="cmsmasters_slider_post_cont_info second entry-meta"><span class="cmsmasters_slider_post_author">by <a href="https://culturas.cc/congresso2020/author/redeculturas/" title="Posts by culturas.cc" class="vcard author"><span class="fn" rel="author">culturas.cc</span></a></span></div><div class="cmsmasters_slider_post_cont_info third entry-meta"><span class="cmsmasters_likes cmsmasters_slider_post_likes"><a href="#" onclick="cmsmastersLike(16852, false); return false;" id="cmsmastersLike-16852" class="cmsmastersLike cmsmasters_theme_icon_like"><span>0 </span></a></span></div>	</div>
</article>
<!-- Finish Posts Slider Post Article -->

</div><div class="cmsmasters_owl_slider_item"><!-- Start Posts Slider Post Article -->
<article id="post-16846" class="cmsmasters_slider_post post-16846 post type-post status-publish format-standard has-post-thumbnail hentry category-live-7 category-resumos">
	<div class="cmsmasters_slider_post_outer">
	<div class="cmsmasters_slider_post_img_wrap"><figure class="cmsmasters_img_rollover_wrap preloader"><img loading="lazy" decoding="async" width="580" height="580" src="https://i0.wp.com/culturas.cc/congresso2020/wp-content/uploads/sites/9/2020/11/gt4.png?resize=580%2C580&amp;ssl=1" class="full-width wp-post-image" alt="Consumo cultural na pandemia – investigação preliminar sobre dados de consumo cultural no brasil em 2020" title="gt4" srcset="https://i0.wp.com/culturas.cc/congresso2020/wp-content/uploads/sites/9/2020/11/gt4.png?w=600&amp;ssl=1 600w, https://i0.wp.com/culturas.cc/congresso2020/wp-content/uploads/sites/9/2020/11/gt4.png?resize=300%2C300&amp;ssl=1 300w, https://i0.wp.com/culturas.cc/congresso2020/wp-content/uploads/sites/9/2020/11/gt4.png?resize=150%2C150&amp;ssl=1 150w, https://i0.wp.com/culturas.cc/congresso2020/wp-content/uploads/sites/9/2020/11/gt4.png?resize=180%2C180&amp;ssl=1 180w, https://i0.wp.com/culturas.cc/congresso2020/wp-content/uploads/sites/9/2020/11/gt4.png?resize=580%2C580&amp;ssl=1 580w" sizes="auto, (max-width: 580px) 100vw, 580px" /><div class="cmsmasters_img_rollover"><a href="https://culturas.cc/congresso2020/16846/" title="Consumo cultural na pandemia – investigação preliminar sobre dados de consumo cultural no brasil em 2020" class="cmsmasters_open_link"></a></div></figure></div><header class="cmsmasters_slider_post_header entry-header"><h4 class="cmsmasters_slider_post_title entry-title"><a href="https://culturas.cc/congresso2020/16846/">Consumo cultural na pandemia – investigação preliminar sobre dados de consumo cultural no brasil em 2020</a></h4></header><div class="cmsmasters_slider_post_cont_info second entry-meta"><span class="cmsmasters_slider_post_author">by <a href="https://culturas.cc/congresso2020/author/redeculturas/" title="Posts by culturas.cc" class="vcard author"><span class="fn" rel="author">culturas.cc</span></a></span></div><div class="cmsmasters_slider_post_cont_info third entry-meta"><span class="cmsmasters_likes cmsmasters_slider_post_likes"><a href="#" onclick="cmsmastersLike(16846, false); return false;" id="cmsmastersLike-16846" class="cmsmastersLike cmsmasters_theme_icon_like"><span>0 </span></a></span></div>	</div>
</article>
<!-- Finish Posts Slider Post Article -->

</div></div></div>

<p><strong>1º &#8211; Consumo cultural na pandemia &#8211; investigação preliminar sobre dados de consumo cultural no brasil em 2020 |</strong>Sergio Sobreira Araujo, Deolinda Catarina França de Vilhena, Ivie de Oliveira Santos Leone, Wallace Nunes Teixeira.<strong><br />
</strong></p>
<p><strong>2º &#8211; Resultados finais da pesquisa “impactos da covid-19 na economia criativa” | </strong>Raíssa Santos Caldas Almeida, Carlos Magno Guerra, Luiz Gustavo Campos.</p>
<p><strong>3º &#8211; Cultura na pandemia: estratégias emergentes para produção e fruição cultural no cenário da covid 19 | </strong>Rita de Cássia da Silva Maia, Monique Magaldi, Carmem Silva, André Bomfim dos Santos.<strong><br />
</strong></p>
