{"id":16427,"date":"2020-11-10T02:21:28","date_gmt":"2020-11-10T05:21:28","guid":{"rendered":"https:\/\/culturas.cc\/congresso2020\/?post_type=tribe_events&#038;p=16427"},"modified":"2020-11-20T00:14:08","modified_gmt":"2020-11-20T03:14:08","slug":"live-5-gt3-cultura-desenvolvimento-redes-e-tecnologias","status":"publish","type":"tribe_events","link":"https:\/\/culturas.cc\/congresso2020\/event\/live-5-gt3-cultura-desenvolvimento-redes-e-tecnologias\/","title":{"rendered":"LIVE 5 | GT3 &#8211; Cultura, Desenvolvimento, Redes e Tecnologias"},"content":{"rendered":"<h3 style=\"text-align: center;\">Assista no Youtube<\/h3>\n<h2 style=\"text-align: center;\"><a href=\"https:\/\/www.youtube.com\/watch?v=oIVOSv_cksY\">Clique aqui<\/a><\/h2>\n<h3>Trabalhos:<\/h3>\n<p><strong>1\u00ba &#8211; Entre saberes, fazeres e festas da tradi\u00e7\u00e3o: desafios te\u00f3ricos e metodol\u00f3gicos da pesquisa acad\u00eamica sobre a economia do patrim\u00f4nio cultural imaterial na Bahia | <\/strong>Daniele Pereira Canedo, Carmen Lima, M\u00e9rcia Aquino, Murillo Pereira, Vin\u00edcius Morende.<\/p>\n<p><strong>2\u00ba &#8211; Economia da cultura e gest\u00e3o da cultura como ferramentas estrat\u00e9gicas para a gest\u00e3o da marca |<\/strong>Leandro de Bessa Oliveira, Maicon Lopes de Mello, Lorena Maria de Azevedo Molter, Tales Ramos Monteiro dos Santos, Guilherme Tadeu Peron<\/p>\n<p><strong>3\u00ba &#8211; gest\u00e3o de sedes de grupos de teatro: espa\u00e7os dedicados \u00e0 subjetividade, \u00e0 mem\u00f3ria, \u00e0 percer\u00e7\u00e3o e ao conhecimento |\u00a0<\/strong>Thiago Carvalho de Sousa Correia, Georgennes Issac, Xan Mar\u00e7all.<\/p>\n<h3>Confira os resumos dos trabalhos:<\/h3>\n<div class=\"cmsmasters_posts_slider cmsmasters_posts_slider_post\" >\r\n\t\t<div id=\"cmsmasters_slider_lykcf8autl5\" class=\"cmsmasters_owl_slider owl-carousel\" data-items=\"3\" data-single-item=\"false\" data-auto-play=\"false\" data-pagination=\"false\"><div class=\"cmsmasters_owl_slider_item\"><!-- Start Posts Slider Post Article -->\r\n<article id=\"post-16826\" class=\"cmsmasters_slider_post post-16826 post type-post status-publish format-standard has-post-thumbnail hentry category-gt-3 category-live-5 category-resumos\">\r\n\t<div class=\"cmsmasters_slider_post_outer\">\r\n\t<div class=\"cmsmasters_slider_post_img_wrap\"><figure class=\"cmsmasters_img_rollover_wrap preloader\"><img loading=\"lazy\" decoding=\"async\" width=\"580\" height=\"580\" src=\"https:\/\/i0.wp.com\/culturas.cc\/congresso2020\/wp-content\/uploads\/sites\/9\/2020\/11\/GT3.png?resize=580%2C580&amp;ssl=1\" class=\"full-width wp-post-image\" alt=\"Gest\u00e3o de sedes de grupos de teatro: espa\u00e7os dedicados \u00e0 subjetividade, \u00e0 mem\u00f3ria, \u00e0 percer\u00e7\u00e3o e ao conhecimento\" title=\"GT3\" srcset=\"https:\/\/i0.wp.com\/culturas.cc\/congresso2020\/wp-content\/uploads\/sites\/9\/2020\/11\/GT3.png?w=600&amp;ssl=1 600w, https:\/\/i0.wp.com\/culturas.cc\/congresso2020\/wp-content\/uploads\/sites\/9\/2020\/11\/GT3.png?resize=300%2C300&amp;ssl=1 300w, https:\/\/i0.wp.com\/culturas.cc\/congresso2020\/wp-content\/uploads\/sites\/9\/2020\/11\/GT3.png?resize=150%2C150&amp;ssl=1 150w, https:\/\/i0.wp.com\/culturas.cc\/congresso2020\/wp-content\/uploads\/sites\/9\/2020\/11\/GT3.png?resize=180%2C180&amp;ssl=1 180w, https:\/\/i0.wp.com\/culturas.cc\/congresso2020\/wp-content\/uploads\/sites\/9\/2020\/11\/GT3.png?resize=580%2C580&amp;ssl=1 580w\" sizes=\"auto, (max-width: 580px) 100vw, 580px\" \/><div class=\"cmsmasters_img_rollover\"><a href=\"https:\/\/culturas.cc\/congresso2020\/16826\/\" title=\"Gest\u00e3o de sedes de grupos de teatro: espa\u00e7os dedicados \u00e0 subjetividade, \u00e0 mem\u00f3ria, \u00e0 percer\u00e7\u00e3o e ao conhecimento\" class=\"cmsmasters_open_link\"><\/a><\/div><\/figure><\/div><header class=\"cmsmasters_slider_post_header entry-header\"><h4 class=\"cmsmasters_slider_post_title entry-title\"><a href=\"https:\/\/culturas.cc\/congresso2020\/16826\/\">Gest\u00e3o de sedes de grupos de teatro: espa\u00e7os dedicados \u00e0 subjetividade, \u00e0 mem\u00f3ria, \u00e0 percer\u00e7\u00e3o e ao conhecimento<\/a><\/h4><\/header><div class=\"cmsmasters_slider_post_cont_info second entry-meta\"><span class=\"cmsmasters_slider_post_author\">by <a href=\"https:\/\/culturas.cc\/congresso2020\/author\/redeculturas\/\" title=\"Posts by culturas.cc\" class=\"vcard author\"><span class=\"fn\" rel=\"author\">culturas.cc<\/span><\/a><\/span><\/div><div class=\"cmsmasters_slider_post_cont_info third entry-meta\"><span class=\"cmsmasters_likes cmsmasters_slider_post_likes\"><a href=\"#\" onclick=\"cmsmastersLike(16826, false); return false;\" id=\"cmsmastersLike-16826\" class=\"cmsmastersLike cmsmasters_theme_icon_like\"><span>0 <\/span><\/a><\/span><\/div>\t<\/div>\r\n<\/article>\r\n<!-- Finish Posts Slider Post Article -->\r\n\r\n<\/div><div class=\"cmsmasters_owl_slider_item\"><!-- Start Posts Slider Post Article -->\r\n<article id=\"post-16811\" class=\"cmsmasters_slider_post post-16811 post type-post status-publish format-standard has-post-thumbnail hentry category-gt-3 category-live-5 category-resumos\">\r\n\t<div class=\"cmsmasters_slider_post_outer\">\r\n\t<div class=\"cmsmasters_slider_post_img_wrap\"><figure class=\"cmsmasters_img_rollover_wrap preloader\"><img loading=\"lazy\" decoding=\"async\" width=\"580\" height=\"580\" src=\"https:\/\/i0.wp.com\/culturas.cc\/congresso2020\/wp-content\/uploads\/sites\/9\/2020\/11\/GT3.png?resize=580%2C580&amp;ssl=1\" class=\"full-width wp-post-image\" alt=\"Entre saberes, fazeres e festas da tradi\u00e7\u00e3o: desafios te\u00f3ricos e metodol\u00f3gicos da pesquisa acad\u00eamica sobre a economia do patrim\u00f4nio cultural imaterial na Bahia\" title=\"GT3\" srcset=\"https:\/\/i0.wp.com\/culturas.cc\/congresso2020\/wp-content\/uploads\/sites\/9\/2020\/11\/GT3.png?w=600&amp;ssl=1 600w, https:\/\/i0.wp.com\/culturas.cc\/congresso2020\/wp-content\/uploads\/sites\/9\/2020\/11\/GT3.png?resize=300%2C300&amp;ssl=1 300w, https:\/\/i0.wp.com\/culturas.cc\/congresso2020\/wp-content\/uploads\/sites\/9\/2020\/11\/GT3.png?resize=150%2C150&amp;ssl=1 150w, https:\/\/i0.wp.com\/culturas.cc\/congresso2020\/wp-content\/uploads\/sites\/9\/2020\/11\/GT3.png?resize=180%2C180&amp;ssl=1 180w, https:\/\/i0.wp.com\/culturas.cc\/congresso2020\/wp-content\/uploads\/sites\/9\/2020\/11\/GT3.png?resize=580%2C580&amp;ssl=1 580w\" sizes=\"auto, (max-width: 580px) 100vw, 580px\" \/><div class=\"cmsmasters_img_rollover\"><a href=\"https:\/\/culturas.cc\/congresso2020\/16811\/\" title=\"Entre saberes, fazeres e festas da tradi\u00e7\u00e3o: desafios te\u00f3ricos e metodol\u00f3gicos da pesquisa acad\u00eamica sobre a economia do patrim\u00f4nio cultural imaterial na Bahia\" class=\"cmsmasters_open_link\"><\/a><\/div><\/figure><\/div><header class=\"cmsmasters_slider_post_header entry-header\"><h4 class=\"cmsmasters_slider_post_title entry-title\"><a href=\"https:\/\/culturas.cc\/congresso2020\/16811\/\">Entre saberes, fazeres e festas da tradi\u00e7\u00e3o: desafios te\u00f3ricos e metodol\u00f3gicos da pesquisa acad\u00eamica sobre a economia do patrim\u00f4nio cultural imaterial na Bahia<\/a><\/h4><\/header><div class=\"cmsmasters_slider_post_cont_info second entry-meta\"><span class=\"cmsmasters_slider_post_author\">by <a href=\"https:\/\/culturas.cc\/congresso2020\/author\/redeculturas\/\" title=\"Posts by culturas.cc\" class=\"vcard author\"><span class=\"fn\" rel=\"author\">culturas.cc<\/span><\/a><\/span><\/div><div class=\"cmsmasters_slider_post_cont_info third entry-meta\"><span class=\"cmsmasters_likes cmsmasters_slider_post_likes\"><a href=\"#\" onclick=\"cmsmastersLike(16811, false); return false;\" id=\"cmsmastersLike-16811\" class=\"cmsmastersLike cmsmasters_theme_icon_like\"><span>0 <\/span><\/a><\/span><\/div>\t<\/div>\r\n<\/article>\r\n<!-- Finish Posts Slider Post Article -->\r\n\r\n<\/div><div class=\"cmsmasters_owl_slider_item\"><!-- Start Posts Slider Post Article -->\r\n<article id=\"post-16823\" class=\"cmsmasters_slider_post post-16823 post type-post status-publish format-standard has-post-thumbnail hentry category-gt-3 category-live-5 category-resumos\">\r\n\t<div class=\"cmsmasters_slider_post_outer\">\r\n\t<div class=\"cmsmasters_slider_post_img_wrap\"><figure class=\"cmsmasters_img_rollover_wrap preloader\"><img loading=\"lazy\" decoding=\"async\" width=\"580\" height=\"580\" src=\"https:\/\/i0.wp.com\/culturas.cc\/congresso2020\/wp-content\/uploads\/sites\/9\/2020\/11\/GT3.png?resize=580%2C580&amp;ssl=1\" class=\"full-width wp-post-image\" alt=\"Economia da cultura e gest\u00e3o da cultura como ferramentas estrat\u00e9gicas para a gest\u00e3o da marca\" title=\"GT3\" srcset=\"https:\/\/i0.wp.com\/culturas.cc\/congresso2020\/wp-content\/uploads\/sites\/9\/2020\/11\/GT3.png?w=600&amp;ssl=1 600w, https:\/\/i0.wp.com\/culturas.cc\/congresso2020\/wp-content\/uploads\/sites\/9\/2020\/11\/GT3.png?resize=300%2C300&amp;ssl=1 300w, https:\/\/i0.wp.com\/culturas.cc\/congresso2020\/wp-content\/uploads\/sites\/9\/2020\/11\/GT3.png?resize=150%2C150&amp;ssl=1 150w, https:\/\/i0.wp.com\/culturas.cc\/congresso2020\/wp-content\/uploads\/sites\/9\/2020\/11\/GT3.png?resize=180%2C180&amp;ssl=1 180w, https:\/\/i0.wp.com\/culturas.cc\/congresso2020\/wp-content\/uploads\/sites\/9\/2020\/11\/GT3.png?resize=580%2C580&amp;ssl=1 580w\" sizes=\"auto, (max-width: 580px) 100vw, 580px\" \/><div class=\"cmsmasters_img_rollover\"><a href=\"https:\/\/culturas.cc\/congresso2020\/16823\/\" title=\"Economia da cultura e gest\u00e3o da cultura como ferramentas estrat\u00e9gicas para a gest\u00e3o da marca\" class=\"cmsmasters_open_link\"><\/a><\/div><\/figure><\/div><header class=\"cmsmasters_slider_post_header entry-header\"><h4 class=\"cmsmasters_slider_post_title entry-title\"><a href=\"https:\/\/culturas.cc\/congresso2020\/16823\/\">Economia da cultura e gest\u00e3o da cultura como ferramentas estrat\u00e9gicas para a gest\u00e3o da marca<\/a><\/h4><\/header><div class=\"cmsmasters_slider_post_cont_info second entry-meta\"><span class=\"cmsmasters_slider_post_author\">by <a href=\"https:\/\/culturas.cc\/congresso2020\/author\/redeculturas\/\" title=\"Posts by culturas.cc\" class=\"vcard author\"><span class=\"fn\" rel=\"author\">culturas.cc<\/span><\/a><\/span><\/div><div class=\"cmsmasters_slider_post_cont_info third entry-meta\"><span class=\"cmsmasters_likes cmsmasters_slider_post_likes\"><a href=\"#\" onclick=\"cmsmastersLike(16823, false); return false;\" id=\"cmsmastersLike-16823\" class=\"cmsmastersLike cmsmasters_theme_icon_like\"><span>1 <\/span><\/a><\/span><\/div>\t<\/div>\r\n<\/article>\r\n<!-- Finish Posts Slider Post Article -->\r\n\r\n<\/div><\/div><\/div>\n","protected":false},"excerpt":{"rendered":"<p><strong>1\u00ba &#8211; Entre saberes, fazeres e festas da tradi\u00e7\u00e3o: desafios te\u00f3ricos e metodol\u00f3gicos da pesquisa acad\u00eamica sobre a economia do patrim\u00f4nio cultural imaterial na Bahia | <\/strong>Daniele Pereira Canedo, Carmen Lima, M\u00e9rcia Aquino, Murillo Pereira, Vin\u00edcius Morende.<\/p>\n<p><strong>2\u00ba &#8211; Economia da cultura e gest\u00e3o da cultura como ferramentas estrat\u00e9gicas para a gest\u00e3o da marca |\u00a0<\/strong>Leandro de Bessa Oliveira, Maicon Lopes de Mello, Lorena Maria de Azevedo Molter, Tales Ramos Monteiro dos Santos, Guilherme Tadeu Peron<\/p>\n<p><strong>3\u00ba &#8211; gest\u00e3o de sedes de grupos de teatro: espa\u00e7os dedicados \u00e0 subjetividade, \u00e0 mem\u00f3ria, \u00e0 percer\u00e7\u00e3o e ao conhecimento |\u00a0<\/strong>Thiago Carvalho de Sousa Correia, Georgennes Issac, Xan Mar\u00e7all.<\/p>\n","protected":false},"author":1,"featured_media":17176,"template":"","meta":{"_bbp_topic_count":0,"_bbp_reply_count":0,"_bbp_total_topic_count":0,"_bbp_total_reply_count":0,"_bbp_voice_count":0,"_bbp_anonymous_reply_count":0,"_bbp_topic_count_hidden":0,"_bbp_reply_count_hidden":0,"_bbp_forum_subforum_count":0,"_tribe_events_status":"","_tribe_events_status_reason":"","footnotes":""},"tags":[],"tribe_events_cat":[148],"class_list":["post-16427","tribe_events","type-tribe_events","status-publish","has-post-thumbnail","hentry","tribe_events_cat-gt-19nov"],"jetpack_sharing_enabled":true,"_links":{"self":[{"href":"https:\/\/culturas.cc\/congresso2020\/wp-json\/wp\/v2\/tribe_events\/16427","targetHints":{"allow":["GET"]}}],"collection":[{"href":"https:\/\/culturas.cc\/congresso2020\/wp-json\/wp\/v2\/tribe_events"}],"about":[{"href":"https:\/\/culturas.cc\/congresso2020\/wp-json\/wp\/v2\/types\/tribe_events"}],"author":[{"embeddable":true,"href":"https:\/\/culturas.cc\/congresso2020\/wp-json\/wp\/v2\/users\/1"}],"version-history":[{"count":10,"href":"https:\/\/culturas.cc\/congresso2020\/wp-json\/wp\/v2\/tribe_events\/16427\/revisions"}],"predecessor-version":[{"id":17457,"href":"https:\/\/culturas.cc\/congresso2020\/wp-json\/wp\/v2\/tribe_events\/16427\/revisions\/17457"}],"wp:featuredmedia":[{"embeddable":true,"href":"https:\/\/culturas.cc\/congresso2020\/wp-json\/wp\/v2\/media\/17176"}],"wp:attachment":[{"href":"https:\/\/culturas.cc\/congresso2020\/wp-json\/wp\/v2\/media?parent=16427"}],"wp:term":[{"taxonomy":"post_tag","embeddable":true,"href":"https:\/\/culturas.cc\/congresso2020\/wp-json\/wp\/v2\/tags?post=16427"},{"taxonomy":"tribe_events_cat","embeddable":true,"href":"https:\/\/culturas.cc\/congresso2020\/wp-json\/wp\/v2\/tribe_events_cat?post=16427"}],"curies":[{"name":"wp","href":"https:\/\/api.w.org\/{rel}","templated":true}]}}

<h3 style="text-align: center;">Assista no Youtube</h3>
<h2 style="text-align: center;"><a href="https://www.youtube.com/watch?v=oIVOSv_cksY">Clique aqui</a></h2>
<h3>Trabalhos:</h3>
<p><strong>1º &#8211; Entre saberes, fazeres e festas da tradição: desafios teóricos e metodológicos da pesquisa acadêmica sobre a economia do patrimônio cultural imaterial na Bahia | </strong>Daniele Pereira Canedo, Carmen Lima, Mércia Aquino, Murillo Pereira, Vinícius Morende.</p>
<p><strong>2º &#8211; Economia da cultura e gestão da cultura como ferramentas estratégicas para a gestão da marca |</strong>Leandro de Bessa Oliveira, Maicon Lopes de Mello, Lorena Maria de Azevedo Molter, Tales Ramos Monteiro dos Santos, Guilherme Tadeu Peron</p>
<p><strong>3º &#8211; gestão de sedes de grupos de teatro: espaços dedicados à subjetividade, à memória, à percerção e ao conhecimento | </strong>Thiago Carvalho de Sousa Correia, Georgennes Issac, Xan Marçall.</p>
<h3>Confira os resumos dos trabalhos:</h3>
<div class="cmsmasters_posts_slider cmsmasters_posts_slider_post" >
		<div id="cmsmasters_slider_lykcf8autl5" class="cmsmasters_owl_slider owl-carousel" data-items="3" data-single-item="false" data-auto-play="false" data-pagination="false"><div class="cmsmasters_owl_slider_item"><!-- Start Posts Slider Post Article -->
<article id="post-16826" class="cmsmasters_slider_post post-16826 post type-post status-publish format-standard has-post-thumbnail hentry category-gt-3 category-live-5 category-resumos">
	<div class="cmsmasters_slider_post_outer">
	<div class="cmsmasters_slider_post_img_wrap"><figure class="cmsmasters_img_rollover_wrap preloader"><img loading="lazy" decoding="async" width="580" height="580" src="https://i0.wp.com/culturas.cc/congresso2020/wp-content/uploads/sites/9/2020/11/GT3.png?resize=580%2C580&amp;ssl=1" class="full-width wp-post-image" alt="Gestão de sedes de grupos de teatro: espaços dedicados à subjetividade, à memória, à percerção e ao conhecimento" title="GT3" srcset="https://i0.wp.com/culturas.cc/congresso2020/wp-content/uploads/sites/9/2020/11/GT3.png?w=600&amp;ssl=1 600w, https://i0.wp.com/culturas.cc/congresso2020/wp-content/uploads/sites/9/2020/11/GT3.png?resize=300%2C300&amp;ssl=1 300w, https://i0.wp.com/culturas.cc/congresso2020/wp-content/uploads/sites/9/2020/11/GT3.png?resize=150%2C150&amp;ssl=1 150w, https://i0.wp.com/culturas.cc/congresso2020/wp-content/uploads/sites/9/2020/11/GT3.png?resize=180%2C180&amp;ssl=1 180w, https://i0.wp.com/culturas.cc/congresso2020/wp-content/uploads/sites/9/2020/11/GT3.png?resize=580%2C580&amp;ssl=1 580w" sizes="auto, (max-width: 580px) 100vw, 580px" /><div class="cmsmasters_img_rollover"><a href="https://culturas.cc/congresso2020/16826/" title="Gestão de sedes de grupos de teatro: espaços dedicados à subjetividade, à memória, à percerção e ao conhecimento" class="cmsmasters_open_link"></a></div></figure></div><header class="cmsmasters_slider_post_header entry-header"><h4 class="cmsmasters_slider_post_title entry-title"><a href="https://culturas.cc/congresso2020/16826/">Gestão de sedes de grupos de teatro: espaços dedicados à subjetividade, à memória, à percerção e ao conhecimento</a></h4></header><div class="cmsmasters_slider_post_cont_info second entry-meta"><span class="cmsmasters_slider_post_author">by <a href="https://culturas.cc/congresso2020/author/redeculturas/" title="Posts by culturas.cc" class="vcard author"><span class="fn" rel="author">culturas.cc</span></a></span></div><div class="cmsmasters_slider_post_cont_info third entry-meta"><span class="cmsmasters_likes cmsmasters_slider_post_likes"><a href="#" onclick="cmsmastersLike(16826, false); return false;" id="cmsmastersLike-16826" class="cmsmastersLike cmsmasters_theme_icon_like"><span>0 </span></a></span></div>	</div>
</article>
<!-- Finish Posts Slider Post Article -->

</div><div class="cmsmasters_owl_slider_item"><!-- Start Posts Slider Post Article -->
<article id="post-16811" class="cmsmasters_slider_post post-16811 post type-post status-publish format-standard has-post-thumbnail hentry category-gt-3 category-live-5 category-resumos">
	<div class="cmsmasters_slider_post_outer">
	<div class="cmsmasters_slider_post_img_wrap"><figure class="cmsmasters_img_rollover_wrap preloader"><img loading="lazy" decoding="async" width="580" height="580" src="https://i0.wp.com/culturas.cc/congresso2020/wp-content/uploads/sites/9/2020/11/GT3.png?resize=580%2C580&amp;ssl=1" class="full-width wp-post-image" alt="Entre saberes, fazeres e festas da tradição: desafios teóricos e metodológicos da pesquisa acadêmica sobre a economia do patrimônio cultural imaterial na Bahia" title="GT3" srcset="https://i0.wp.com/culturas.cc/congresso2020/wp-content/uploads/sites/9/2020/11/GT3.png?w=600&amp;ssl=1 600w, https://i0.wp.com/culturas.cc/congresso2020/wp-content/uploads/sites/9/2020/11/GT3.png?resize=300%2C300&amp;ssl=1 300w, https://i0.wp.com/culturas.cc/congresso2020/wp-content/uploads/sites/9/2020/11/GT3.png?resize=150%2C150&amp;ssl=1 150w, https://i0.wp.com/culturas.cc/congresso2020/wp-content/uploads/sites/9/2020/11/GT3.png?resize=180%2C180&amp;ssl=1 180w, https://i0.wp.com/culturas.cc/congresso2020/wp-content/uploads/sites/9/2020/11/GT3.png?resize=580%2C580&amp;ssl=1 580w" sizes="auto, (max-width: 580px) 100vw, 580px" /><div class="cmsmasters_img_rollover"><a href="https://culturas.cc/congresso2020/16811/" title="Entre saberes, fazeres e festas da tradição: desafios teóricos e metodológicos da pesquisa acadêmica sobre a economia do patrimônio cultural imaterial na Bahia" class="cmsmasters_open_link"></a></div></figure></div><header class="cmsmasters_slider_post_header entry-header"><h4 class="cmsmasters_slider_post_title entry-title"><a href="https://culturas.cc/congresso2020/16811/">Entre saberes, fazeres e festas da tradição: desafios teóricos e metodológicos da pesquisa acadêmica sobre a economia do patrimônio cultural imaterial na Bahia</a></h4></header><div class="cmsmasters_slider_post_cont_info second entry-meta"><span class="cmsmasters_slider_post_author">by <a href="https://culturas.cc/congresso2020/author/redeculturas/" title="Posts by culturas.cc" class="vcard author"><span class="fn" rel="author">culturas.cc</span></a></span></div><div class="cmsmasters_slider_post_cont_info third entry-meta"><span class="cmsmasters_likes cmsmasters_slider_post_likes"><a href="#" onclick="cmsmastersLike(16811, false); return false;" id="cmsmastersLike-16811" class="cmsmastersLike cmsmasters_theme_icon_like"><span>0 </span></a></span></div>	</div>
</article>
<!-- Finish Posts Slider Post Article -->

</div><div class="cmsmasters_owl_slider_item"><!-- Start Posts Slider Post Article -->
<article id="post-16823" class="cmsmasters_slider_post post-16823 post type-post status-publish format-standard has-post-thumbnail hentry category-gt-3 category-live-5 category-resumos">
	<div class="cmsmasters_slider_post_outer">
	<div class="cmsmasters_slider_post_img_wrap"><figure class="cmsmasters_img_rollover_wrap preloader"><img loading="lazy" decoding="async" width="580" height="580" src="https://i0.wp.com/culturas.cc/congresso2020/wp-content/uploads/sites/9/2020/11/GT3.png?resize=580%2C580&amp;ssl=1" class="full-width wp-post-image" alt="Economia da cultura e gestão da cultura como ferramentas estratégicas para a gestão da marca" title="GT3" srcset="https://i0.wp.com/culturas.cc/congresso2020/wp-content/uploads/sites/9/2020/11/GT3.png?w=600&amp;ssl=1 600w, https://i0.wp.com/culturas.cc/congresso2020/wp-content/uploads/sites/9/2020/11/GT3.png?resize=300%2C300&amp;ssl=1 300w, https://i0.wp.com/culturas.cc/congresso2020/wp-content/uploads/sites/9/2020/11/GT3.png?resize=150%2C150&amp;ssl=1 150w, https://i0.wp.com/culturas.cc/congresso2020/wp-content/uploads/sites/9/2020/11/GT3.png?resize=180%2C180&amp;ssl=1 180w, https://i0.wp.com/culturas.cc/congresso2020/wp-content/uploads/sites/9/2020/11/GT3.png?resize=580%2C580&amp;ssl=1 580w" sizes="auto, (max-width: 580px) 100vw, 580px" /><div class="cmsmasters_img_rollover"><a href="https://culturas.cc/congresso2020/16823/" title="Economia da cultura e gestão da cultura como ferramentas estratégicas para a gestão da marca" class="cmsmasters_open_link"></a></div></figure></div><header class="cmsmasters_slider_post_header entry-header"><h4 class="cmsmasters_slider_post_title entry-title"><a href="https://culturas.cc/congresso2020/16823/">Economia da cultura e gestão da cultura como ferramentas estratégicas para a gestão da marca</a></h4></header><div class="cmsmasters_slider_post_cont_info second entry-meta"><span class="cmsmasters_slider_post_author">by <a href="https://culturas.cc/congresso2020/author/redeculturas/" title="Posts by culturas.cc" class="vcard author"><span class="fn" rel="author">culturas.cc</span></a></span></div><div class="cmsmasters_slider_post_cont_info third entry-meta"><span class="cmsmasters_likes cmsmasters_slider_post_likes"><a href="#" onclick="cmsmastersLike(16823, false); return false;" id="cmsmastersLike-16823" class="cmsmastersLike cmsmasters_theme_icon_like"><span>1 </span></a></span></div>	</div>
</article>
<!-- Finish Posts Slider Post Article -->

</div></div></div>

<p><strong>1º &#8211; Entre saberes, fazeres e festas da tradição: desafios teóricos e metodológicos da pesquisa acadêmica sobre a economia do patrimônio cultural imaterial na Bahia | </strong>Daniele Pereira Canedo, Carmen Lima, Mércia Aquino, Murillo Pereira, Vinícius Morende.</p>
<p><strong>2º &#8211; Economia da cultura e gestão da cultura como ferramentas estratégicas para a gestão da marca | </strong>Leandro de Bessa Oliveira, Maicon Lopes de Mello, Lorena Maria de Azevedo Molter, Tales Ramos Monteiro dos Santos, Guilherme Tadeu Peron</p>
<p><strong>3º &#8211; gestão de sedes de grupos de teatro: espaços dedicados à subjetividade, à memória, à percerção e ao conhecimento | </strong>Thiago Carvalho de Sousa Correia, Georgennes Issac, Xan Marçall.</p>
