{"id":16413,"date":"2020-11-10T01:57:17","date_gmt":"2020-11-10T04:57:17","guid":{"rendered":"https:\/\/culturas.cc\/congresso2020\/?post_type=tribe_events&#038;p=16413"},"modified":"2020-11-19T00:01:33","modified_gmt":"2020-11-19T03:01:33","slug":"live-3-gt2-diversidade-cultural-direitos-genero-e-sexualidades","status":"publish","type":"tribe_events","link":"https:\/\/culturas.cc\/congresso2020\/event\/live-3-gt2-diversidade-cultural-direitos-genero-e-sexualidades\/","title":{"rendered":"LIVE 3 | GT 2 &#8211; Diversidade Cultural, Direitos, G\u00eanero e Sexualidades"},"content":{"rendered":"<h3 style=\"text-align: center;\">Assista no Youtube<\/h3>\n<h2 style=\"text-align: center;\"><a href=\"https:\/\/www.youtube.com\/watch?v=qKrYu_amiRY\">Clique aqui<\/a><\/h2>\n<h3>Apresenta\u00e7\u00f5es:<\/h3>\n<p><strong>1\u00ba &#8211; Reflex\u00f5es sobre quilombismo e pol\u00edticas de cabelo | <\/strong>Julio Cesar S\u00e1 da Rocha, Maria da Gra\u00e7a Malheiros Silva, Jade Lorena Santos Andrade, Aline Vilena Teles dos Santos, Gine Alberta Ramos Andrade Kinjyo.<\/p>\n<p><strong>2\u00ba &#8211; Mwarusi: uma eutopia para o empoderamento da mulher | <\/strong>Martins Mapera, <span style=\"font-weight: 400;\">Rosa Gimo, <\/span><span style=\"font-weight: 400;\">J\u00falio Mac\u00e1rio, <\/span><span style=\"font-weight: 400;\">Nelson Moda<\/span><\/p>\n<p><strong>3\u00ba &#8211; A quarta onda feminista na publicidade brasileira e portuguesa: beleza feminina, influ\u00eancias e representa\u00e7\u00f5es <\/strong>| <span style=\"font-weight: 400;\">Ma. Hadassa Oliveira, Jorge Ver\u00edssimo, Tiago Lapa.<\/span><\/p>\n<h3>Confira os resumos dos trabalhos:<\/h3>\n<div class=\"cmsmasters_posts_slider cmsmasters_posts_slider_post\" >\r\n\t\t<div id=\"cmsmasters_slider_lykcf8autl3\" class=\"cmsmasters_owl_slider owl-carousel\" data-items=\"3\" data-single-item=\"false\" data-auto-play=\"false\" data-pagination=\"false\"><div class=\"cmsmasters_owl_slider_item\"><!-- Start Posts Slider Post Article -->\r\n<article id=\"post-16783\" class=\"cmsmasters_slider_post post-16783 post type-post status-publish format-standard has-post-thumbnail hentry category-gt-2 category-live-3 category-resumos\">\r\n\t<div class=\"cmsmasters_slider_post_outer\">\r\n\t<div class=\"cmsmasters_slider_post_img_wrap\"><figure class=\"cmsmasters_img_rollover_wrap preloader\"><img loading=\"lazy\" decoding=\"async\" width=\"580\" height=\"580\" src=\"https:\/\/i0.wp.com\/culturas.cc\/congresso2020\/wp-content\/uploads\/sites\/9\/2020\/11\/GT2.png?resize=580%2C580&amp;ssl=1\" class=\"full-width wp-post-image\" alt=\"Reflex\u00f5es sobre quilombismo e pol\u00edticas de cabelo\" title=\"GT2\" srcset=\"https:\/\/i0.wp.com\/culturas.cc\/congresso2020\/wp-content\/uploads\/sites\/9\/2020\/11\/GT2.png?w=600&amp;ssl=1 600w, https:\/\/i0.wp.com\/culturas.cc\/congresso2020\/wp-content\/uploads\/sites\/9\/2020\/11\/GT2.png?resize=300%2C300&amp;ssl=1 300w, https:\/\/i0.wp.com\/culturas.cc\/congresso2020\/wp-content\/uploads\/sites\/9\/2020\/11\/GT2.png?resize=150%2C150&amp;ssl=1 150w, https:\/\/i0.wp.com\/culturas.cc\/congresso2020\/wp-content\/uploads\/sites\/9\/2020\/11\/GT2.png?resize=180%2C180&amp;ssl=1 180w, https:\/\/i0.wp.com\/culturas.cc\/congresso2020\/wp-content\/uploads\/sites\/9\/2020\/11\/GT2.png?resize=580%2C580&amp;ssl=1 580w\" sizes=\"auto, (max-width: 580px) 100vw, 580px\" \/><div class=\"cmsmasters_img_rollover\"><a href=\"https:\/\/culturas.cc\/congresso2020\/16783\/\" title=\"Reflex\u00f5es sobre quilombismo e pol\u00edticas de cabelo\" class=\"cmsmasters_open_link\"><\/a><\/div><\/figure><\/div><header class=\"cmsmasters_slider_post_header entry-header\"><h4 class=\"cmsmasters_slider_post_title entry-title\"><a href=\"https:\/\/culturas.cc\/congresso2020\/16783\/\">Reflex\u00f5es sobre quilombismo e pol\u00edticas de cabelo<\/a><\/h4><\/header><div class=\"cmsmasters_slider_post_cont_info second entry-meta\"><span class=\"cmsmasters_slider_post_author\">by <a href=\"https:\/\/culturas.cc\/congresso2020\/author\/redeculturas\/\" title=\"Posts by culturas.cc\" class=\"vcard author\"><span class=\"fn\" rel=\"author\">culturas.cc<\/span><\/a><\/span><\/div><div class=\"cmsmasters_slider_post_cont_info third entry-meta\"><span class=\"cmsmasters_likes cmsmasters_slider_post_likes\"><a href=\"#\" onclick=\"cmsmastersLike(16783, false); return false;\" id=\"cmsmastersLike-16783\" class=\"cmsmastersLike cmsmasters_theme_icon_like\"><span>0 <\/span><\/a><\/span><\/div>\t<\/div>\r\n<\/article>\r\n<!-- Finish Posts Slider Post Article -->\r\n\r\n<\/div><div class=\"cmsmasters_owl_slider_item\"><!-- Start Posts Slider Post Article -->\r\n<article id=\"post-16787\" class=\"cmsmasters_slider_post post-16787 post type-post status-publish format-standard has-post-thumbnail hentry category-gt-2 category-live-3 category-resumos\">\r\n\t<div class=\"cmsmasters_slider_post_outer\">\r\n\t<div class=\"cmsmasters_slider_post_img_wrap\"><figure class=\"cmsmasters_img_rollover_wrap preloader\"><img loading=\"lazy\" decoding=\"async\" width=\"580\" height=\"580\" src=\"https:\/\/i0.wp.com\/culturas.cc\/congresso2020\/wp-content\/uploads\/sites\/9\/2020\/11\/GT2.png?resize=580%2C580&amp;ssl=1\" class=\"full-width wp-post-image\" alt=\"Mwarusi: uma eutopia para o empoderamento da mulher\" title=\"GT2\" srcset=\"https:\/\/i0.wp.com\/culturas.cc\/congresso2020\/wp-content\/uploads\/sites\/9\/2020\/11\/GT2.png?w=600&amp;ssl=1 600w, https:\/\/i0.wp.com\/culturas.cc\/congresso2020\/wp-content\/uploads\/sites\/9\/2020\/11\/GT2.png?resize=300%2C300&amp;ssl=1 300w, https:\/\/i0.wp.com\/culturas.cc\/congresso2020\/wp-content\/uploads\/sites\/9\/2020\/11\/GT2.png?resize=150%2C150&amp;ssl=1 150w, https:\/\/i0.wp.com\/culturas.cc\/congresso2020\/wp-content\/uploads\/sites\/9\/2020\/11\/GT2.png?resize=180%2C180&amp;ssl=1 180w, https:\/\/i0.wp.com\/culturas.cc\/congresso2020\/wp-content\/uploads\/sites\/9\/2020\/11\/GT2.png?resize=580%2C580&amp;ssl=1 580w\" sizes=\"auto, (max-width: 580px) 100vw, 580px\" \/><div class=\"cmsmasters_img_rollover\"><a href=\"https:\/\/culturas.cc\/congresso2020\/16787\/\" title=\"Mwarusi: uma eutopia para o empoderamento da mulher\" class=\"cmsmasters_open_link\"><\/a><\/div><\/figure><\/div><header class=\"cmsmasters_slider_post_header entry-header\"><h4 class=\"cmsmasters_slider_post_title entry-title\"><a href=\"https:\/\/culturas.cc\/congresso2020\/16787\/\">Mwarusi: uma eutopia para o empoderamento da mulher<\/a><\/h4><\/header><div class=\"cmsmasters_slider_post_cont_info second entry-meta\"><span class=\"cmsmasters_slider_post_author\">by <a href=\"https:\/\/culturas.cc\/congresso2020\/author\/redeculturas\/\" title=\"Posts by culturas.cc\" class=\"vcard author\"><span class=\"fn\" rel=\"author\">culturas.cc<\/span><\/a><\/span><\/div><div class=\"cmsmasters_slider_post_cont_info third entry-meta\"><span class=\"cmsmasters_likes cmsmasters_slider_post_likes\"><a href=\"#\" onclick=\"cmsmastersLike(16787, false); return false;\" id=\"cmsmastersLike-16787\" class=\"cmsmastersLike cmsmasters_theme_icon_like\"><span>0 <\/span><\/a><\/span><\/div>\t<\/div>\r\n<\/article>\r\n<!-- Finish Posts Slider Post Article -->\r\n\r\n<\/div><div class=\"cmsmasters_owl_slider_item\"><!-- Start Posts Slider Post Article -->\r\n<article id=\"post-16789\" class=\"cmsmasters_slider_post post-16789 post type-post status-publish format-standard has-post-thumbnail hentry category-gt-2 category-live-3 category-resumos\">\r\n\t<div class=\"cmsmasters_slider_post_outer\">\r\n\t<div class=\"cmsmasters_slider_post_img_wrap\"><figure class=\"cmsmasters_img_rollover_wrap preloader\"><img loading=\"lazy\" decoding=\"async\" width=\"580\" height=\"580\" src=\"https:\/\/i0.wp.com\/culturas.cc\/congresso2020\/wp-content\/uploads\/sites\/9\/2020\/11\/GT2.png?resize=580%2C580&amp;ssl=1\" class=\"full-width wp-post-image\" alt=\"A quarta onda feminista na publicidade brasileira e portuguesa: beleza feminina, influ\u00eancias e representa\u00e7\u00f5es\" title=\"GT2\" srcset=\"https:\/\/i0.wp.com\/culturas.cc\/congresso2020\/wp-content\/uploads\/sites\/9\/2020\/11\/GT2.png?w=600&amp;ssl=1 600w, https:\/\/i0.wp.com\/culturas.cc\/congresso2020\/wp-content\/uploads\/sites\/9\/2020\/11\/GT2.png?resize=300%2C300&amp;ssl=1 300w, https:\/\/i0.wp.com\/culturas.cc\/congresso2020\/wp-content\/uploads\/sites\/9\/2020\/11\/GT2.png?resize=150%2C150&amp;ssl=1 150w, https:\/\/i0.wp.com\/culturas.cc\/congresso2020\/wp-content\/uploads\/sites\/9\/2020\/11\/GT2.png?resize=180%2C180&amp;ssl=1 180w, https:\/\/i0.wp.com\/culturas.cc\/congresso2020\/wp-content\/uploads\/sites\/9\/2020\/11\/GT2.png?resize=580%2C580&amp;ssl=1 580w\" sizes=\"auto, (max-width: 580px) 100vw, 580px\" \/><div class=\"cmsmasters_img_rollover\"><a href=\"https:\/\/culturas.cc\/congresso2020\/16789\/\" title=\"A quarta onda feminista na publicidade brasileira e portuguesa: beleza feminina, influ\u00eancias e representa\u00e7\u00f5es\" class=\"cmsmasters_open_link\"><\/a><\/div><\/figure><\/div><header class=\"cmsmasters_slider_post_header entry-header\"><h4 class=\"cmsmasters_slider_post_title entry-title\"><a href=\"https:\/\/culturas.cc\/congresso2020\/16789\/\">A quarta onda feminista na publicidade brasileira e portuguesa: beleza feminina, influ\u00eancias e representa\u00e7\u00f5es<\/a><\/h4><\/header><div class=\"cmsmasters_slider_post_cont_info second entry-meta\"><span class=\"cmsmasters_slider_post_author\">by <a href=\"https:\/\/culturas.cc\/congresso2020\/author\/redeculturas\/\" title=\"Posts by culturas.cc\" class=\"vcard author\"><span class=\"fn\" rel=\"author\">culturas.cc<\/span><\/a><\/span><\/div><div class=\"cmsmasters_slider_post_cont_info third entry-meta\"><span class=\"cmsmasters_likes cmsmasters_slider_post_likes\"><a href=\"#\" onclick=\"cmsmastersLike(16789, false); return false;\" id=\"cmsmastersLike-16789\" class=\"cmsmastersLike cmsmasters_theme_icon_like\"><span>0 <\/span><\/a><\/span><\/div>\t<\/div>\r\n<\/article>\r\n<!-- Finish Posts Slider Post Article -->\r\n\r\n<\/div><\/div><\/div>\n","protected":false},"excerpt":{"rendered":"<p><strong>1\u00ba &#8211; Reflex\u00f5es sobre quilombismo e pol\u00edticas de cabelo | <\/strong>Julio Cesar S\u00e1 da Rocha, Maria da Gra\u00e7a Malheiros Silva, Jade Lorena Santos Andrade, Aline Vilena Teles dos Santos, Gine Alberta Ramos Andrade Kinjyo.<\/p>\n<p><strong>2\u00ba &#8211; Mwarusi: uma eutopia para o empoderamento da mulher | <\/strong>Martins Mapera, <span style=\"font-weight: 400;\">Rosa Gimo, <\/span><span style=\"font-weight: 400;\">J\u00falio Mac\u00e1rio, <\/span><span style=\"font-weight: 400;\">Nelson Moda<\/span><\/p>\n<p><strong>3\u00ba &#8211; A quarta onda feminista na publicidade brasileira e portuguesa: beleza feminina, influ\u00eancias e representa\u00e7\u00f5es <\/strong>| <span style=\"font-weight: 400;\">Ma. Hadassa Oliveira, Jorge Ver\u00edssimo, Tiago Lapa.<br \/>\n<\/span><\/p>\n","protected":false},"author":1,"featured_media":17175,"template":"","meta":{"_bbp_topic_count":0,"_bbp_reply_count":0,"_bbp_total_topic_count":0,"_bbp_total_reply_count":0,"_bbp_voice_count":0,"_bbp_anonymous_reply_count":0,"_bbp_topic_count_hidden":0,"_bbp_reply_count_hidden":0,"_bbp_forum_subforum_count":0,"_tribe_events_status":"","_tribe_events_status_reason":"","footnotes":""},"tags":[],"tribe_events_cat":[148],"class_list":["post-16413","tribe_events","type-tribe_events","status-publish","has-post-thumbnail","hentry","tribe_events_cat-gt-19nov"],"jetpack_sharing_enabled":true,"_links":{"self":[{"href":"https:\/\/culturas.cc\/congresso2020\/wp-json\/wp\/v2\/tribe_events\/16413","targetHints":{"allow":["GET"]}}],"collection":[{"href":"https:\/\/culturas.cc\/congresso2020\/wp-json\/wp\/v2\/tribe_events"}],"about":[{"href":"https:\/\/culturas.cc\/congresso2020\/wp-json\/wp\/v2\/types\/tribe_events"}],"author":[{"embeddable":true,"href":"https:\/\/culturas.cc\/congresso2020\/wp-json\/wp\/v2\/users\/1"}],"version-history":[{"count":12,"href":"https:\/\/culturas.cc\/congresso2020\/wp-json\/wp\/v2\/tribe_events\/16413\/revisions"}],"predecessor-version":[{"id":17372,"href":"https:\/\/culturas.cc\/congresso2020\/wp-json\/wp\/v2\/tribe_events\/16413\/revisions\/17372"}],"wp:featuredmedia":[{"embeddable":true,"href":"https:\/\/culturas.cc\/congresso2020\/wp-json\/wp\/v2\/media\/17175"}],"wp:attachment":[{"href":"https:\/\/culturas.cc\/congresso2020\/wp-json\/wp\/v2\/media?parent=16413"}],"wp:term":[{"taxonomy":"post_tag","embeddable":true,"href":"https:\/\/culturas.cc\/congresso2020\/wp-json\/wp\/v2\/tags?post=16413"},{"taxonomy":"tribe_events_cat","embeddable":true,"href":"https:\/\/culturas.cc\/congresso2020\/wp-json\/wp\/v2\/tribe_events_cat?post=16413"}],"curies":[{"name":"wp","href":"https:\/\/api.w.org\/{rel}","templated":true}]}}

LIVE 3 | GT 2 &#8211; Diversidade Cultural, Direitos, Gênero e Sexualidades

<h3 style="text-align: center;">Assista no Youtube</h3>
<h2 style="text-align: center;"><a href="https://www.youtube.com/watch?v=qKrYu_amiRY">Clique aqui</a></h2>
<h3>Apresentações:</h3>
<p><strong>1º &#8211; Reflexões sobre quilombismo e políticas de cabelo | </strong>Julio Cesar Sá da Rocha, Maria da Graça Malheiros Silva, Jade Lorena Santos Andrade, Aline Vilena Teles dos Santos, Gine Alberta Ramos Andrade Kinjyo.</p>
<p><strong>2º &#8211; Mwarusi: uma eutopia para o empoderamento da mulher | </strong>Martins Mapera, <span style="font-weight: 400;">Rosa Gimo, </span><span style="font-weight: 400;">Júlio Macário, </span><span style="font-weight: 400;">Nelson Moda</span></p>
<p><strong>3º &#8211; A quarta onda feminista na publicidade brasileira e portuguesa: beleza feminina, influências e representações </strong>| <span style="font-weight: 400;">Ma. Hadassa Oliveira, Jorge Veríssimo, Tiago Lapa.</span></p>
<h3>Confira os resumos dos trabalhos:</h3>
<div class="cmsmasters_posts_slider cmsmasters_posts_slider_post" >
		<div id="cmsmasters_slider_lykcf8autl3" class="cmsmasters_owl_slider owl-carousel" data-items="3" data-single-item="false" data-auto-play="false" data-pagination="false"><div class="cmsmasters_owl_slider_item"><!-- Start Posts Slider Post Article -->
<article id="post-16783" class="cmsmasters_slider_post post-16783 post type-post status-publish format-standard has-post-thumbnail hentry category-gt-2 category-live-3 category-resumos">
	<div class="cmsmasters_slider_post_outer">
	<div class="cmsmasters_slider_post_img_wrap"><figure class="cmsmasters_img_rollover_wrap preloader"><img loading="lazy" decoding="async" width="580" height="580" src="https://i0.wp.com/culturas.cc/congresso2020/wp-content/uploads/sites/9/2020/11/GT2.png?resize=580%2C580&amp;ssl=1" class="full-width wp-post-image" alt="Reflexões sobre quilombismo e políticas de cabelo" title="GT2" srcset="https://i0.wp.com/culturas.cc/congresso2020/wp-content/uploads/sites/9/2020/11/GT2.png?w=600&amp;ssl=1 600w, https://i0.wp.com/culturas.cc/congresso2020/wp-content/uploads/sites/9/2020/11/GT2.png?resize=300%2C300&amp;ssl=1 300w, https://i0.wp.com/culturas.cc/congresso2020/wp-content/uploads/sites/9/2020/11/GT2.png?resize=150%2C150&amp;ssl=1 150w, https://i0.wp.com/culturas.cc/congresso2020/wp-content/uploads/sites/9/2020/11/GT2.png?resize=180%2C180&amp;ssl=1 180w, https://i0.wp.com/culturas.cc/congresso2020/wp-content/uploads/sites/9/2020/11/GT2.png?resize=580%2C580&amp;ssl=1 580w" sizes="auto, (max-width: 580px) 100vw, 580px" /><div class="cmsmasters_img_rollover"><a href="https://culturas.cc/congresso2020/16783/" title="Reflexões sobre quilombismo e políticas de cabelo" class="cmsmasters_open_link"></a></div></figure></div><header class="cmsmasters_slider_post_header entry-header"><h4 class="cmsmasters_slider_post_title entry-title"><a href="https://culturas.cc/congresso2020/16783/">Reflexões sobre quilombismo e políticas de cabelo</a></h4></header><div class="cmsmasters_slider_post_cont_info second entry-meta"><span class="cmsmasters_slider_post_author">by <a href="https://culturas.cc/congresso2020/author/redeculturas/" title="Posts by culturas.cc" class="vcard author"><span class="fn" rel="author">culturas.cc</span></a></span></div><div class="cmsmasters_slider_post_cont_info third entry-meta"><span class="cmsmasters_likes cmsmasters_slider_post_likes"><a href="#" onclick="cmsmastersLike(16783, false); return false;" id="cmsmastersLike-16783" class="cmsmastersLike cmsmasters_theme_icon_like"><span>0 </span></a></span></div>	</div>
</article>
<!-- Finish Posts Slider Post Article -->

</div><div class="cmsmasters_owl_slider_item"><!-- Start Posts Slider Post Article -->
<article id="post-16787" class="cmsmasters_slider_post post-16787 post type-post status-publish format-standard has-post-thumbnail hentry category-gt-2 category-live-3 category-resumos">
	<div class="cmsmasters_slider_post_outer">
	<div class="cmsmasters_slider_post_img_wrap"><figure class="cmsmasters_img_rollover_wrap preloader"><img loading="lazy" decoding="async" width="580" height="580" src="https://i0.wp.com/culturas.cc/congresso2020/wp-content/uploads/sites/9/2020/11/GT2.png?resize=580%2C580&amp;ssl=1" class="full-width wp-post-image" alt="Mwarusi: uma eutopia para o empoderamento da mulher" title="GT2" srcset="https://i0.wp.com/culturas.cc/congresso2020/wp-content/uploads/sites/9/2020/11/GT2.png?w=600&amp;ssl=1 600w, https://i0.wp.com/culturas.cc/congresso2020/wp-content/uploads/sites/9/2020/11/GT2.png?resize=300%2C300&amp;ssl=1 300w, https://i0.wp.com/culturas.cc/congresso2020/wp-content/uploads/sites/9/2020/11/GT2.png?resize=150%2C150&amp;ssl=1 150w, https://i0.wp.com/culturas.cc/congresso2020/wp-content/uploads/sites/9/2020/11/GT2.png?resize=180%2C180&amp;ssl=1 180w, https://i0.wp.com/culturas.cc/congresso2020/wp-content/uploads/sites/9/2020/11/GT2.png?resize=580%2C580&amp;ssl=1 580w" sizes="auto, (max-width: 580px) 100vw, 580px" /><div class="cmsmasters_img_rollover"><a href="https://culturas.cc/congresso2020/16787/" title="Mwarusi: uma eutopia para o empoderamento da mulher" class="cmsmasters_open_link"></a></div></figure></div><header class="cmsmasters_slider_post_header entry-header"><h4 class="cmsmasters_slider_post_title entry-title"><a href="https://culturas.cc/congresso2020/16787/">Mwarusi: uma eutopia para o empoderamento da mulher</a></h4></header><div class="cmsmasters_slider_post_cont_info second entry-meta"><span class="cmsmasters_slider_post_author">by <a href="https://culturas.cc/congresso2020/author/redeculturas/" title="Posts by culturas.cc" class="vcard author"><span class="fn" rel="author">culturas.cc</span></a></span></div><div class="cmsmasters_slider_post_cont_info third entry-meta"><span class="cmsmasters_likes cmsmasters_slider_post_likes"><a href="#" onclick="cmsmastersLike(16787, false); return false;" id="cmsmastersLike-16787" class="cmsmastersLike cmsmasters_theme_icon_like"><span>0 </span></a></span></div>	</div>
</article>
<!-- Finish Posts Slider Post Article -->

</div><div class="cmsmasters_owl_slider_item"><!-- Start Posts Slider Post Article -->
<article id="post-16789" class="cmsmasters_slider_post post-16789 post type-post status-publish format-standard has-post-thumbnail hentry category-gt-2 category-live-3 category-resumos">
	<div class="cmsmasters_slider_post_outer">
	<div class="cmsmasters_slider_post_img_wrap"><figure class="cmsmasters_img_rollover_wrap preloader"><img loading="lazy" decoding="async" width="580" height="580" src="https://i0.wp.com/culturas.cc/congresso2020/wp-content/uploads/sites/9/2020/11/GT2.png?resize=580%2C580&amp;ssl=1" class="full-width wp-post-image" alt="A quarta onda feminista na publicidade brasileira e portuguesa: beleza feminina, influências e representações" title="GT2" srcset="https://i0.wp.com/culturas.cc/congresso2020/wp-content/uploads/sites/9/2020/11/GT2.png?w=600&amp;ssl=1 600w, https://i0.wp.com/culturas.cc/congresso2020/wp-content/uploads/sites/9/2020/11/GT2.png?resize=300%2C300&amp;ssl=1 300w, https://i0.wp.com/culturas.cc/congresso2020/wp-content/uploads/sites/9/2020/11/GT2.png?resize=150%2C150&amp;ssl=1 150w, https://i0.wp.com/culturas.cc/congresso2020/wp-content/uploads/sites/9/2020/11/GT2.png?resize=180%2C180&amp;ssl=1 180w, https://i0.wp.com/culturas.cc/congresso2020/wp-content/uploads/sites/9/2020/11/GT2.png?resize=580%2C580&amp;ssl=1 580w" sizes="auto, (max-width: 580px) 100vw, 580px" /><div class="cmsmasters_img_rollover"><a href="https://culturas.cc/congresso2020/16789/" title="A quarta onda feminista na publicidade brasileira e portuguesa: beleza feminina, influências e representações" class="cmsmasters_open_link"></a></div></figure></div><header class="cmsmasters_slider_post_header entry-header"><h4 class="cmsmasters_slider_post_title entry-title"><a href="https://culturas.cc/congresso2020/16789/">A quarta onda feminista na publicidade brasileira e portuguesa: beleza feminina, influências e representações</a></h4></header><div class="cmsmasters_slider_post_cont_info second entry-meta"><span class="cmsmasters_slider_post_author">by <a href="https://culturas.cc/congresso2020/author/redeculturas/" title="Posts by culturas.cc" class="vcard author"><span class="fn" rel="author">culturas.cc</span></a></span></div><div class="cmsmasters_slider_post_cont_info third entry-meta"><span class="cmsmasters_likes cmsmasters_slider_post_likes"><a href="#" onclick="cmsmastersLike(16789, false); return false;" id="cmsmastersLike-16789" class="cmsmastersLike cmsmasters_theme_icon_like"><span>0 </span></a></span></div>	</div>
</article>
<!-- Finish Posts Slider Post Article -->

</div></div></div>

<p><strong>1º &#8211; Reflexões sobre quilombismo e políticas de cabelo | </strong>Julio Cesar Sá da Rocha, Maria da Graça Malheiros Silva, Jade Lorena Santos Andrade, Aline Vilena Teles dos Santos, Gine Alberta Ramos Andrade Kinjyo.</p>
<p><strong>2º &#8211; Mwarusi: uma eutopia para o empoderamento da mulher | </strong>Martins Mapera, <span style="font-weight: 400;">Rosa Gimo, </span><span style="font-weight: 400;">Júlio Macário, </span><span style="font-weight: 400;">Nelson Moda</span></p>
<p><strong>3º &#8211; A quarta onda feminista na publicidade brasileira e portuguesa: beleza feminina, influências e representações </strong>| <span style="font-weight: 400;">Ma. Hadassa Oliveira, Jorge Veríssimo, Tiago Lapa.<br />
</span></p>
