{"id":16401,"date":"2020-11-10T01:31:52","date_gmt":"2020-11-10T04:31:52","guid":{"rendered":"https:\/\/culturas.cc\/congresso2020\/?post_type=tribe_events&#038;p=16401"},"modified":"2020-11-18T23:59:17","modified_gmt":"2020-11-19T02:59:17","slug":"live-1-gt-1-cultura-politica-democracia-e-combate-a-desigualdades-e-opressoes","status":"publish","type":"tribe_events","link":"https:\/\/culturas.cc\/congresso2020\/event\/live-1-gt-1-cultura-politica-democracia-e-combate-a-desigualdades-e-opressoes\/","title":{"rendered":"LIVE 1 | GT 1 &#8211; Cultura, Pol\u00edtica, Democracia e Combate a Desigualdades e Opress\u00f5es"},"content":{"rendered":"<h3 style=\"text-align: center;\">Assista no Youtube<\/h3>\n<h2 style=\"text-align: center;\"><a href=\"https:\/\/youtu.be\/vjpm-0DR3Qg\">Clique aqui<\/a><\/h2>\n<h3><\/h3>\n<h3>Trabalhos<\/h3>\n<p><strong>1\u00ba &#8211; Conceito renovado: por um saber perif\u00e9rico no combate ao genoc\u00eddio da juventude negra<\/strong> | Geise Oliveira, Jos\u00e9 Roberto Severino<\/p>\n<p><strong>2\u00ba &#8211; racismo e antirracismo no esporte: o que dizem as den\u00fancias do \u201cobservat\u00f3rio da discrimina\u00e7\u00e3o racial no futebol\u201d?<\/strong> | Bruno Ot\u00e1vio de Lacerda Abrah\u00e3o, George Roque Braga Oliveira, Cleyton Batista, Jiliane de Santana Souza, Jo\u00e3o Gabriel Alves da Silva Dantas<\/p>\n<p><strong>3\u00ba &#8211; grada kilomba: performando negritude e tornando-se sujeito + pol\u00edticas da pele e supremacismo racial<\/strong> | Julio Cesar S\u00e1 da Rocha, Pensilvania Neves, Cecilia Am\u00e1lia Cunha Santos, Sthella Laryssa Barros Loureiro Lima, Deane Barbosa de Jesus, Giovanna Martins Sampaio, Camila Bispo Vale, Leila Santiago Cust\u00f3dio da Silva, Mariane Santos de Oliveira<\/p>\n<h3>Confira os resumos dos trabalhos:<\/h3>\n<div class=\"cmsmasters_posts_slider cmsmasters_posts_slider_post\" >\r\n\t\t<div id=\"cmsmasters_slider_lykcf8autl1\" class=\"cmsmasters_owl_slider owl-carousel\" data-items=\"3\" data-single-item=\"false\" data-auto-play=\"false\" data-pagination=\"false\"><div class=\"cmsmasters_owl_slider_item\"><!-- Start Posts Slider Post Article -->\r\n<article id=\"post-16749\" class=\"cmsmasters_slider_post post-16749 post type-post status-publish format-standard has-post-thumbnail hentry category-gt-1 category-live-1 category-resumos\">\r\n\t<div class=\"cmsmasters_slider_post_outer\">\r\n\t<div class=\"cmsmasters_slider_post_img_wrap\"><figure class=\"cmsmasters_img_rollover_wrap preloader\"><img loading=\"lazy\" decoding=\"async\" width=\"580\" height=\"580\" src=\"https:\/\/i0.wp.com\/culturas.cc\/congresso2020\/wp-content\/uploads\/sites\/9\/2020\/11\/GT1.png?resize=580%2C580&amp;ssl=1\" class=\"full-width wp-post-image\" alt=\"Racismo e antirracismo no esporte: o que dizem as den\u00fancias do \u201cobservat\u00f3rio da discrimina\u00e7\u00e3o racial no futebol\u201d?\" title=\"GT1\" srcset=\"https:\/\/i0.wp.com\/culturas.cc\/congresso2020\/wp-content\/uploads\/sites\/9\/2020\/11\/GT1.png?w=600&amp;ssl=1 600w, https:\/\/i0.wp.com\/culturas.cc\/congresso2020\/wp-content\/uploads\/sites\/9\/2020\/11\/GT1.png?resize=300%2C300&amp;ssl=1 300w, https:\/\/i0.wp.com\/culturas.cc\/congresso2020\/wp-content\/uploads\/sites\/9\/2020\/11\/GT1.png?resize=150%2C150&amp;ssl=1 150w, https:\/\/i0.wp.com\/culturas.cc\/congresso2020\/wp-content\/uploads\/sites\/9\/2020\/11\/GT1.png?resize=180%2C180&amp;ssl=1 180w, https:\/\/i0.wp.com\/culturas.cc\/congresso2020\/wp-content\/uploads\/sites\/9\/2020\/11\/GT1.png?resize=580%2C580&amp;ssl=1 580w\" sizes=\"auto, (max-width: 580px) 100vw, 580px\" \/><div class=\"cmsmasters_img_rollover\"><a href=\"https:\/\/culturas.cc\/congresso2020\/16749\/\" title=\"Racismo e antirracismo no esporte: o que dizem as den\u00fancias do \u201cobservat\u00f3rio da discrimina\u00e7\u00e3o racial no futebol\u201d?\" class=\"cmsmasters_open_link\"><\/a><\/div><\/figure><\/div><header class=\"cmsmasters_slider_post_header entry-header\"><h4 class=\"cmsmasters_slider_post_title entry-title\"><a href=\"https:\/\/culturas.cc\/congresso2020\/16749\/\">Racismo e antirracismo no esporte: o que dizem as den\u00fancias do \u201cobservat\u00f3rio da discrimina\u00e7\u00e3o racial no futebol\u201d?<\/a><\/h4><\/header><div class=\"cmsmasters_slider_post_cont_info second entry-meta\"><span class=\"cmsmasters_slider_post_author\">by <a href=\"https:\/\/culturas.cc\/congresso2020\/author\/redeculturas\/\" title=\"Posts by culturas.cc\" class=\"vcard author\"><span class=\"fn\" rel=\"author\">culturas.cc<\/span><\/a><\/span><\/div><div class=\"cmsmasters_slider_post_cont_info third entry-meta\"><span class=\"cmsmasters_likes cmsmasters_slider_post_likes\"><a href=\"#\" onclick=\"cmsmastersLike(16749, false); return false;\" id=\"cmsmastersLike-16749\" class=\"cmsmastersLike cmsmasters_theme_icon_like\"><span>1 <\/span><\/a><\/span><\/div>\t<\/div>\r\n<\/article>\r\n<!-- Finish Posts Slider Post Article -->\r\n\r\n<\/div><div class=\"cmsmasters_owl_slider_item\"><!-- Start Posts Slider Post Article -->\r\n<article id=\"post-16752\" class=\"cmsmasters_slider_post post-16752 post type-post status-publish format-standard has-post-thumbnail hentry category-gt-1 category-live-1 category-resumos\">\r\n\t<div class=\"cmsmasters_slider_post_outer\">\r\n\t<div class=\"cmsmasters_slider_post_img_wrap\"><figure class=\"cmsmasters_img_rollover_wrap preloader\"><img loading=\"lazy\" decoding=\"async\" width=\"580\" height=\"580\" src=\"https:\/\/i0.wp.com\/culturas.cc\/congresso2020\/wp-content\/uploads\/sites\/9\/2020\/11\/GT1.png?resize=580%2C580&amp;ssl=1\" class=\"full-width wp-post-image\" alt=\"Grada Kilomba: performando negritude e tornando-se sujeito + Pol\u00edticas da pele e supremacismo racial\" title=\"GT1\" srcset=\"https:\/\/i0.wp.com\/culturas.cc\/congresso2020\/wp-content\/uploads\/sites\/9\/2020\/11\/GT1.png?w=600&amp;ssl=1 600w, https:\/\/i0.wp.com\/culturas.cc\/congresso2020\/wp-content\/uploads\/sites\/9\/2020\/11\/GT1.png?resize=300%2C300&amp;ssl=1 300w, https:\/\/i0.wp.com\/culturas.cc\/congresso2020\/wp-content\/uploads\/sites\/9\/2020\/11\/GT1.png?resize=150%2C150&amp;ssl=1 150w, https:\/\/i0.wp.com\/culturas.cc\/congresso2020\/wp-content\/uploads\/sites\/9\/2020\/11\/GT1.png?resize=180%2C180&amp;ssl=1 180w, https:\/\/i0.wp.com\/culturas.cc\/congresso2020\/wp-content\/uploads\/sites\/9\/2020\/11\/GT1.png?resize=580%2C580&amp;ssl=1 580w\" sizes=\"auto, (max-width: 580px) 100vw, 580px\" \/><div class=\"cmsmasters_img_rollover\"><a href=\"https:\/\/culturas.cc\/congresso2020\/16752\/\" title=\"Grada Kilomba: performando negritude e tornando-se sujeito + Pol\u00edticas da pele e supremacismo racial\" class=\"cmsmasters_open_link\"><\/a><\/div><\/figure><\/div><header class=\"cmsmasters_slider_post_header entry-header\"><h4 class=\"cmsmasters_slider_post_title entry-title\"><a href=\"https:\/\/culturas.cc\/congresso2020\/16752\/\">Grada Kilomba: performando negritude e tornando-se sujeito + Pol\u00edticas da pele e supremacismo racial<\/a><\/h4><\/header><div class=\"cmsmasters_slider_post_cont_info second entry-meta\"><span class=\"cmsmasters_slider_post_author\">by <a href=\"https:\/\/culturas.cc\/congresso2020\/author\/redeculturas\/\" title=\"Posts by culturas.cc\" class=\"vcard author\"><span class=\"fn\" rel=\"author\">culturas.cc<\/span><\/a><\/span><\/div><div class=\"cmsmasters_slider_post_cont_info third entry-meta\"><span class=\"cmsmasters_likes cmsmasters_slider_post_likes\"><a href=\"#\" onclick=\"cmsmastersLike(16752, false); return false;\" id=\"cmsmastersLike-16752\" class=\"cmsmastersLike cmsmasters_theme_icon_like\"><span>1 <\/span><\/a><\/span><\/div>\t<\/div>\r\n<\/article>\r\n<!-- Finish Posts Slider Post Article -->\r\n\r\n<\/div><div class=\"cmsmasters_owl_slider_item\"><!-- Start Posts Slider Post Article -->\r\n<article id=\"post-16703\" class=\"cmsmasters_slider_post post-16703 post type-post status-publish format-standard has-post-thumbnail hentry category-gt-1 category-live-1 category-resumos\">\r\n\t<div class=\"cmsmasters_slider_post_outer\">\r\n\t<div class=\"cmsmasters_slider_post_img_wrap\"><figure class=\"cmsmasters_img_rollover_wrap preloader\"><img loading=\"lazy\" decoding=\"async\" width=\"580\" height=\"580\" src=\"https:\/\/i0.wp.com\/culturas.cc\/congresso2020\/wp-content\/uploads\/sites\/9\/2020\/11\/GT1.png?resize=580%2C580&amp;ssl=1\" class=\"full-width wp-post-image\" alt=\"Conceito renovado: por um saber perif\u00e9rico no combate ao genoc\u00eddio da juventude negra\" title=\"GT1\" srcset=\"https:\/\/i0.wp.com\/culturas.cc\/congresso2020\/wp-content\/uploads\/sites\/9\/2020\/11\/GT1.png?w=600&amp;ssl=1 600w, https:\/\/i0.wp.com\/culturas.cc\/congresso2020\/wp-content\/uploads\/sites\/9\/2020\/11\/GT1.png?resize=300%2C300&amp;ssl=1 300w, https:\/\/i0.wp.com\/culturas.cc\/congresso2020\/wp-content\/uploads\/sites\/9\/2020\/11\/GT1.png?resize=150%2C150&amp;ssl=1 150w, https:\/\/i0.wp.com\/culturas.cc\/congresso2020\/wp-content\/uploads\/sites\/9\/2020\/11\/GT1.png?resize=180%2C180&amp;ssl=1 180w, https:\/\/i0.wp.com\/culturas.cc\/congresso2020\/wp-content\/uploads\/sites\/9\/2020\/11\/GT1.png?resize=580%2C580&amp;ssl=1 580w\" sizes=\"auto, (max-width: 580px) 100vw, 580px\" \/><div class=\"cmsmasters_img_rollover\"><a href=\"https:\/\/culturas.cc\/congresso2020\/16703\/\" title=\"Conceito renovado: por um saber perif\u00e9rico no combate ao genoc\u00eddio da juventude negra\" class=\"cmsmasters_open_link\"><\/a><\/div><\/figure><\/div><header class=\"cmsmasters_slider_post_header entry-header\"><h4 class=\"cmsmasters_slider_post_title entry-title\"><a href=\"https:\/\/culturas.cc\/congresso2020\/16703\/\">Conceito renovado: por um saber perif\u00e9rico no combate ao genoc\u00eddio da juventude negra<\/a><\/h4><\/header><div class=\"cmsmasters_slider_post_cont_info second entry-meta\"><span class=\"cmsmasters_slider_post_author\">by <a href=\"https:\/\/culturas.cc\/congresso2020\/author\/redeculturas\/\" title=\"Posts by culturas.cc\" class=\"vcard author\"><span class=\"fn\" rel=\"author\">culturas.cc<\/span><\/a><\/span><\/div><div class=\"cmsmasters_slider_post_cont_info third entry-meta\"><span class=\"cmsmasters_likes cmsmasters_slider_post_likes\"><a href=\"#\" onclick=\"cmsmastersLike(16703, false); return false;\" id=\"cmsmastersLike-16703\" class=\"cmsmastersLike cmsmasters_theme_icon_like\"><span>1 <\/span><\/a><\/span><\/div>\t<\/div>\r\n<\/article>\r\n<!-- Finish Posts Slider Post Article -->\r\n\r\n<\/div><\/div><\/div>\n","protected":false},"excerpt":{"rendered":"<p><strong>*Excepcionalmente<\/strong>, o 1\u00ba trabalho ter\u00e1 45 minutos de apresenta\u00e7\u00e3o; como consequ\u00eancia, os demais trabalhos desta live come\u00e7ar\u00e3o 30 minutos antes.<\/p>\n<p>&#8211;<\/p>\n<p><strong>1\u00ba &#8211; Conceito renovado: por um saber perif\u00e9rico no combate ao genoc\u00eddio da juventude negra<\/strong> | Geise Oliveira,\u00a0 Jos\u00e9 Roberto Severino<\/p>\n<p><strong>2\u00ba<\/strong> &#8211; <strong>racismo e antirracismo no esporte: o que dizem as den\u00fancias do \u201cobservat\u00f3rio da discrimina\u00e7\u00e3o racial no futebol\u201d?<\/strong> | Bruno Ot\u00e1vio de Lacerda Abrah\u00e3o, George Roque Braga Oliveira, Cleyton Batista, Jiliane de Santana Souza, Jo\u00e3o Gabriel Alves da Silva Dantas<\/p>\n<p><strong>3\u00ba<\/strong> &#8211; <strong>grada kilomba: performando negritude e tornando-se sujeito + pol\u00edticas da pele e supremacismo racial<\/strong> | Julio Cesar S\u00e1 da Rocha, Pensilvania Neves, Cecilia Am\u00e1lia Cunha Santos, Sthella Laryssa Barros Loureiro Lima, Deane Barbosa de Jesus, Giovanna Martins Sampaio, Camila Bispo Vale, Leila Santiago Cust\u00f3dio da Silva, Mariane Santos de Oliveira<\/p>\n","protected":false},"author":1,"featured_media":17174,"template":"","meta":{"_bbp_topic_count":0,"_bbp_reply_count":0,"_bbp_total_topic_count":0,"_bbp_total_reply_count":0,"_bbp_voice_count":0,"_bbp_anonymous_reply_count":0,"_bbp_topic_count_hidden":0,"_bbp_reply_count_hidden":0,"_bbp_forum_subforum_count":0,"_tribe_events_status":"","_tribe_events_status_reason":"","footnotes":""},"tags":[],"tribe_events_cat":[148],"class_list":["post-16401","tribe_events","type-tribe_events","status-publish","has-post-thumbnail","hentry","tribe_events_cat-gt-19nov"],"jetpack_sharing_enabled":true,"_links":{"self":[{"href":"https:\/\/culturas.cc\/congresso2020\/wp-json\/wp\/v2\/tribe_events\/16401","targetHints":{"allow":["GET"]}}],"collection":[{"href":"https:\/\/culturas.cc\/congresso2020\/wp-json\/wp\/v2\/tribe_events"}],"about":[{"href":"https:\/\/culturas.cc\/congresso2020\/wp-json\/wp\/v2\/types\/tribe_events"}],"author":[{"embeddable":true,"href":"https:\/\/culturas.cc\/congresso2020\/wp-json\/wp\/v2\/users\/1"}],"version-history":[{"count":79,"href":"https:\/\/culturas.cc\/congresso2020\/wp-json\/wp\/v2\/tribe_events\/16401\/revisions"}],"predecessor-version":[{"id":17370,"href":"https:\/\/culturas.cc\/congresso2020\/wp-json\/wp\/v2\/tribe_events\/16401\/revisions\/17370"}],"wp:featuredmedia":[{"embeddable":true,"href":"https:\/\/culturas.cc\/congresso2020\/wp-json\/wp\/v2\/media\/17174"}],"wp:attachment":[{"href":"https:\/\/culturas.cc\/congresso2020\/wp-json\/wp\/v2\/media?parent=16401"}],"wp:term":[{"taxonomy":"post_tag","embeddable":true,"href":"https:\/\/culturas.cc\/congresso2020\/wp-json\/wp\/v2\/tags?post=16401"},{"taxonomy":"tribe_events_cat","embeddable":true,"href":"https:\/\/culturas.cc\/congresso2020\/wp-json\/wp\/v2\/tribe_events_cat?post=16401"}],"curies":[{"name":"wp","href":"https:\/\/api.w.org\/{rel}","templated":true}]}}

LIVE 1 | GT 1 &#8211; Cultura, Política, Democracia e Combate a Desigualdades e Opressões

<h3 style="text-align: center;">Assista no Youtube</h3>
<h2 style="text-align: center;"><a href="https://youtu.be/vjpm-0DR3Qg">Clique aqui</a></h2>
<h3></h3>
<h3>Trabalhos</h3>
<p><strong>1º &#8211; Conceito renovado: por um saber periférico no combate ao genocídio da juventude negra</strong> | Geise Oliveira, José Roberto Severino</p>
<p><strong>2º &#8211; racismo e antirracismo no esporte: o que dizem as denúncias do “observatório da discriminação racial no futebol”?</strong> | Bruno Otávio de Lacerda Abrahão, George Roque Braga Oliveira, Cleyton Batista, Jiliane de Santana Souza, João Gabriel Alves da Silva Dantas</p>
<p><strong>3º &#8211; grada kilomba: performando negritude e tornando-se sujeito + políticas da pele e supremacismo racial</strong> | Julio Cesar Sá da Rocha, Pensilvania Neves, Cecilia Amália Cunha Santos, Sthella Laryssa Barros Loureiro Lima, Deane Barbosa de Jesus, Giovanna Martins Sampaio, Camila Bispo Vale, Leila Santiago Custódio da Silva, Mariane Santos de Oliveira</p>
<h3>Confira os resumos dos trabalhos:</h3>
<div class="cmsmasters_posts_slider cmsmasters_posts_slider_post" >
		<div id="cmsmasters_slider_lykcf8autl1" class="cmsmasters_owl_slider owl-carousel" data-items="3" data-single-item="false" data-auto-play="false" data-pagination="false"><div class="cmsmasters_owl_slider_item"><!-- Start Posts Slider Post Article -->
<article id="post-16749" class="cmsmasters_slider_post post-16749 post type-post status-publish format-standard has-post-thumbnail hentry category-gt-1 category-live-1 category-resumos">
	<div class="cmsmasters_slider_post_outer">
	<div class="cmsmasters_slider_post_img_wrap"><figure class="cmsmasters_img_rollover_wrap preloader"><img loading="lazy" decoding="async" width="580" height="580" src="https://i0.wp.com/culturas.cc/congresso2020/wp-content/uploads/sites/9/2020/11/GT1.png?resize=580%2C580&amp;ssl=1" class="full-width wp-post-image" alt="Racismo e antirracismo no esporte: o que dizem as denúncias do “observatório da discriminação racial no futebol”?" title="GT1" srcset="https://i0.wp.com/culturas.cc/congresso2020/wp-content/uploads/sites/9/2020/11/GT1.png?w=600&amp;ssl=1 600w, https://i0.wp.com/culturas.cc/congresso2020/wp-content/uploads/sites/9/2020/11/GT1.png?resize=300%2C300&amp;ssl=1 300w, https://i0.wp.com/culturas.cc/congresso2020/wp-content/uploads/sites/9/2020/11/GT1.png?resize=150%2C150&amp;ssl=1 150w, https://i0.wp.com/culturas.cc/congresso2020/wp-content/uploads/sites/9/2020/11/GT1.png?resize=180%2C180&amp;ssl=1 180w, https://i0.wp.com/culturas.cc/congresso2020/wp-content/uploads/sites/9/2020/11/GT1.png?resize=580%2C580&amp;ssl=1 580w" sizes="auto, (max-width: 580px) 100vw, 580px" /><div class="cmsmasters_img_rollover"><a href="https://culturas.cc/congresso2020/16749/" title="Racismo e antirracismo no esporte: o que dizem as denúncias do “observatório da discriminação racial no futebol”?" class="cmsmasters_open_link"></a></div></figure></div><header class="cmsmasters_slider_post_header entry-header"><h4 class="cmsmasters_slider_post_title entry-title"><a href="https://culturas.cc/congresso2020/16749/">Racismo e antirracismo no esporte: o que dizem as denúncias do “observatório da discriminação racial no futebol”?</a></h4></header><div class="cmsmasters_slider_post_cont_info second entry-meta"><span class="cmsmasters_slider_post_author">by <a href="https://culturas.cc/congresso2020/author/redeculturas/" title="Posts by culturas.cc" class="vcard author"><span class="fn" rel="author">culturas.cc</span></a></span></div><div class="cmsmasters_slider_post_cont_info third entry-meta"><span class="cmsmasters_likes cmsmasters_slider_post_likes"><a href="#" onclick="cmsmastersLike(16749, false); return false;" id="cmsmastersLike-16749" class="cmsmastersLike cmsmasters_theme_icon_like"><span>1 </span></a></span></div>	</div>
</article>
<!-- Finish Posts Slider Post Article -->

</div><div class="cmsmasters_owl_slider_item"><!-- Start Posts Slider Post Article -->
<article id="post-16752" class="cmsmasters_slider_post post-16752 post type-post status-publish format-standard has-post-thumbnail hentry category-gt-1 category-live-1 category-resumos">
	<div class="cmsmasters_slider_post_outer">
	<div class="cmsmasters_slider_post_img_wrap"><figure class="cmsmasters_img_rollover_wrap preloader"><img loading="lazy" decoding="async" width="580" height="580" src="https://i0.wp.com/culturas.cc/congresso2020/wp-content/uploads/sites/9/2020/11/GT1.png?resize=580%2C580&amp;ssl=1" class="full-width wp-post-image" alt="Grada Kilomba: performando negritude e tornando-se sujeito + Políticas da pele e supremacismo racial" title="GT1" srcset="https://i0.wp.com/culturas.cc/congresso2020/wp-content/uploads/sites/9/2020/11/GT1.png?w=600&amp;ssl=1 600w, https://i0.wp.com/culturas.cc/congresso2020/wp-content/uploads/sites/9/2020/11/GT1.png?resize=300%2C300&amp;ssl=1 300w, https://i0.wp.com/culturas.cc/congresso2020/wp-content/uploads/sites/9/2020/11/GT1.png?resize=150%2C150&amp;ssl=1 150w, https://i0.wp.com/culturas.cc/congresso2020/wp-content/uploads/sites/9/2020/11/GT1.png?resize=180%2C180&amp;ssl=1 180w, https://i0.wp.com/culturas.cc/congresso2020/wp-content/uploads/sites/9/2020/11/GT1.png?resize=580%2C580&amp;ssl=1 580w" sizes="auto, (max-width: 580px) 100vw, 580px" /><div class="cmsmasters_img_rollover"><a href="https://culturas.cc/congresso2020/16752/" title="Grada Kilomba: performando negritude e tornando-se sujeito + Políticas da pele e supremacismo racial" class="cmsmasters_open_link"></a></div></figure></div><header class="cmsmasters_slider_post_header entry-header"><h4 class="cmsmasters_slider_post_title entry-title"><a href="https://culturas.cc/congresso2020/16752/">Grada Kilomba: performando negritude e tornando-se sujeito + Políticas da pele e supremacismo racial</a></h4></header><div class="cmsmasters_slider_post_cont_info second entry-meta"><span class="cmsmasters_slider_post_author">by <a href="https://culturas.cc/congresso2020/author/redeculturas/" title="Posts by culturas.cc" class="vcard author"><span class="fn" rel="author">culturas.cc</span></a></span></div><div class="cmsmasters_slider_post_cont_info third entry-meta"><span class="cmsmasters_likes cmsmasters_slider_post_likes"><a href="#" onclick="cmsmastersLike(16752, false); return false;" id="cmsmastersLike-16752" class="cmsmastersLike cmsmasters_theme_icon_like"><span>1 </span></a></span></div>	</div>
</article>
<!-- Finish Posts Slider Post Article -->

</div><div class="cmsmasters_owl_slider_item"><!-- Start Posts Slider Post Article -->
<article id="post-16703" class="cmsmasters_slider_post post-16703 post type-post status-publish format-standard has-post-thumbnail hentry category-gt-1 category-live-1 category-resumos">
	<div class="cmsmasters_slider_post_outer">
	<div class="cmsmasters_slider_post_img_wrap"><figure class="cmsmasters_img_rollover_wrap preloader"><img loading="lazy" decoding="async" width="580" height="580" src="https://i0.wp.com/culturas.cc/congresso2020/wp-content/uploads/sites/9/2020/11/GT1.png?resize=580%2C580&amp;ssl=1" class="full-width wp-post-image" alt="Conceito renovado: por um saber periférico no combate ao genocídio da juventude negra" title="GT1" srcset="https://i0.wp.com/culturas.cc/congresso2020/wp-content/uploads/sites/9/2020/11/GT1.png?w=600&amp;ssl=1 600w, https://i0.wp.com/culturas.cc/congresso2020/wp-content/uploads/sites/9/2020/11/GT1.png?resize=300%2C300&amp;ssl=1 300w, https://i0.wp.com/culturas.cc/congresso2020/wp-content/uploads/sites/9/2020/11/GT1.png?resize=150%2C150&amp;ssl=1 150w, https://i0.wp.com/culturas.cc/congresso2020/wp-content/uploads/sites/9/2020/11/GT1.png?resize=180%2C180&amp;ssl=1 180w, https://i0.wp.com/culturas.cc/congresso2020/wp-content/uploads/sites/9/2020/11/GT1.png?resize=580%2C580&amp;ssl=1 580w" sizes="auto, (max-width: 580px) 100vw, 580px" /><div class="cmsmasters_img_rollover"><a href="https://culturas.cc/congresso2020/16703/" title="Conceito renovado: por um saber periférico no combate ao genocídio da juventude negra" class="cmsmasters_open_link"></a></div></figure></div><header class="cmsmasters_slider_post_header entry-header"><h4 class="cmsmasters_slider_post_title entry-title"><a href="https://culturas.cc/congresso2020/16703/">Conceito renovado: por um saber periférico no combate ao genocídio da juventude negra</a></h4></header><div class="cmsmasters_slider_post_cont_info second entry-meta"><span class="cmsmasters_slider_post_author">by <a href="https://culturas.cc/congresso2020/author/redeculturas/" title="Posts by culturas.cc" class="vcard author"><span class="fn" rel="author">culturas.cc</span></a></span></div><div class="cmsmasters_slider_post_cont_info third entry-meta"><span class="cmsmasters_likes cmsmasters_slider_post_likes"><a href="#" onclick="cmsmastersLike(16703, false); return false;" id="cmsmastersLike-16703" class="cmsmastersLike cmsmasters_theme_icon_like"><span>1 </span></a></span></div>	</div>
</article>
<!-- Finish Posts Slider Post Article -->

</div></div></div>

<p><strong>*Excepcionalmente</strong>, o 1º trabalho terá 45 minutos de apresentação; como consequência, os demais trabalhos desta live começarão 30 minutos antes.</p>
<p>&#8211;</p>
<p><strong>1º &#8211; Conceito renovado: por um saber periférico no combate ao genocídio da juventude negra</strong> | Geise Oliveira,  José Roberto Severino</p>
<p><strong>2º</strong> &#8211; <strong>racismo e antirracismo no esporte: o que dizem as denúncias do “observatório da discriminação racial no futebol”?</strong> | Bruno Otávio de Lacerda Abrahão, George Roque Braga Oliveira, Cleyton Batista, Jiliane de Santana Souza, João Gabriel Alves da Silva Dantas</p>
<p><strong>3º</strong> &#8211; <strong>grada kilomba: performando negritude e tornando-se sujeito + políticas da pele e supremacismo racial</strong> | Julio Cesar Sá da Rocha, Pensilvania Neves, Cecilia Amália Cunha Santos, Sthella Laryssa Barros Loureiro Lima, Deane Barbosa de Jesus, Giovanna Martins Sampaio, Camila Bispo Vale, Leila Santiago Custódio da Silva, Mariane Santos de Oliveira</p>
