{"id":15815,"date":"2020-09-03T00:01:59","date_gmt":"2020-09-03T03:01:59","guid":{"rendered":"https:\/\/culturas.cc\/congresso2020\/?post_type=tribe_events&#038;p=15815"},"modified":"2020-11-18T23:51:45","modified_gmt":"2020-11-19T02:51:45","slug":"painel-5-voz-corpo-e-midias-tramas-da-cultura","status":"publish","type":"tribe_events","link":"https:\/\/culturas.cc\/congresso2020\/event\/painel-5-voz-corpo-e-midias-tramas-da-cultura\/","title":{"rendered":"Painel 5 | Voz, Corpo e M\u00eddias: Tramas da Cultura"},"content":{"rendered":"<p><span style=\"font-weight: 400;\">Esta mesa busca refletir sobre a inquietante rela\u00e7\u00e3o oral-visual que n\u00e3o \u00e9 oral-vocal, mas que se refere \u00e0 concretude da voz diante do olhar. A refer\u00eancia ao oral-visual \u00e9 por conta da necessidade, do chamamento de uma boca (e de uma voz) para interpretar o visual. A rela\u00e7\u00e3o oral-visual \u00e9 problem\u00e1tica porque anal\u00f3gica, sem linearidade e exige, portanto, uma articula\u00e7\u00e3o para ser interpretada. E essa articula\u00e7\u00e3o, que \u00e9 uma interpreta\u00e7\u00e3o anal\u00f3gica, implica a instala\u00e7\u00e3o de sentido e que passa por tecidos do corpo e da cultura, sendo o corpo uma m\u00eddia prim\u00e1ria, porque a primeira m\u00eddia do homem. O homem, criativo e inquieto, aumenta a capacidade criativa dessa m\u00eddia prim\u00e1ria com m\u00e1scaras, pinturas corporais, adere\u00e7os, roupas&#8230; e se p\u00f5e como uma m\u00eddia \u201csecund\u00e1ria\u201d. E a m\u00eddia terci\u00e1ria vai ser se voltar para o receptor: r\u00e1dio, televis\u00e3o, v\u00eddeo, correio eletr\u00f4nico, m\u00eddias sociais.<\/span><\/p>\n<p><strong>Edilene Matos<\/strong> | UFBA; <strong>Renata Pitombo<\/strong> | UFRB; <strong>Beatriz Pires<\/strong> | USP<\/p>\n<h2><a href=\"https:\/\/www.youtube.com\/channel\/UCIK-EIYExB5Ia09PLqz46Ow?view_as=subscriber\">Clique aqui para ver ao vivo no Youtube<\/a><\/h2>\n<h2><a href=\"https:\/\/culturas.cc\/congresso2020\/#aovivo\">Clique aqui para ver ao vivo no site<\/a><\/h2>\n<div id=\"cmsmasters_divider_8fj513pts4\" class=\"cmsmasters_divider cmsmasters_divider_width_long cmsmasters_divider_pos_center\"><\/div>\n<div class=\"cmsmasters_sidebar sidebar_layout_1434\"><aside id=\"text-6\" class=\"widget widget_text\">\t\t\t<div class=\"textwidget\"><p><a href=\"https:\/\/culturas.cc\"><img loading=\"lazy\" decoding=\"async\" data-recalc-dims=\"1\" class=\"alignnone size-medium wp-image-15395\" src=\"https:\/\/i0.wp.com\/culturas.cc\/congresso2020\/wp-content\/uploads\/sites\/9\/2020\/09\/culturascc-bk.png?resize=300%2C109&#038;ssl=1\" alt=\"\" width=\"300\" height=\"109\" srcset=\"https:\/\/i0.wp.com\/culturas.cc\/congresso2020\/wp-content\/uploads\/sites\/9\/2020\/09\/culturascc-bk.png?w=530&amp;ssl=1 530w, https:\/\/i0.wp.com\/culturas.cc\/congresso2020\/wp-content\/uploads\/sites\/9\/2020\/09\/culturascc-bk.png?resize=300%2C109&amp;ssl=1 300w\" sizes=\"auto, (max-width: 300px) 100vw, 300px\" \/><\/a><\/p>\n<h4>Contatos<\/h4>\n<p>Universidade Federal da Bahia<br \/>\nSalvador &#8211; Bahia &#8211; Brasil<br \/>\ncongresso2020@culturas.cc<\/p>\n<\/div>\n\t\t<\/aside><aside id=\"text-9\" class=\"widget widget_text\"><h3 class=\"widgettitle\">Assine nosso livro de visitas<\/h3>\t\t\t<div class=\"textwidget\"><blockquote class=\"wp-embedded-content\" data-secret=\"EnKOD1aKxE\"><p><a href=\"https:\/\/culturas.cc\/congresso2020\/guestbook\/\">Livro de Visitas<\/a><\/p><\/blockquote>\n<p><iframe class=\"wp-embedded-content\" sandbox=\"allow-scripts\" security=\"restricted\" style=\"position: absolute; visibility: hidden;\" title=\"&#8220;Livro de Visitas&#8221; &#8212; 2020 - congresso internacional sobre culturas\" src=\"https:\/\/culturas.cc\/congresso2020\/guestbook\/embed\/#?secret=cUZMVLyznD#?secret=EnKOD1aKxE\" data-secret=\"EnKOD1aKxE\" frameborder=\"0\" marginwidth=\"0\" marginheight=\"0\" scrolling=\"no\"><\/iframe><\/p>\n<\/div>\n\t\t<\/aside><div class=\"cl\"><\/div>\n<\/div>\n","protected":false},"excerpt":{"rendered":"<p><strong>Edilene Matos (UFBA)<\/strong><br \/>\n<strong>Renata Pitombo (UFRB)<\/strong><br \/>\n<strong>Beatriz Pires (USP)<\/strong><\/p>\n","protected":false},"author":1,"featured_media":17195,"template":"","meta":{"_bbp_topic_count":0,"_bbp_reply_count":0,"_bbp_total_topic_count":0,"_bbp_total_reply_count":0,"_bbp_voice_count":0,"_bbp_anonymous_reply_count":0,"_bbp_topic_count_hidden":0,"_bbp_reply_count_hidden":0,"_bbp_forum_subforum_count":0,"_tribe_events_status":"","_tribe_events_status_reason":"","footnotes":""},"tags":[108],"tribe_events_cat":[151],"class_list":["post-15815","tribe_events","type-tribe_events","status-publish","has-post-thumbnail","hentry","tag-painel","tribe_events_cat-painel-20nov","cat_painel-20nov"],"jetpack_sharing_enabled":true,"_links":{"self":[{"href":"https:\/\/culturas.cc\/congresso2020\/wp-json\/wp\/v2\/tribe_events\/15815","targetHints":{"allow":["GET"]}}],"collection":[{"href":"https:\/\/culturas.cc\/congresso2020\/wp-json\/wp\/v2\/tribe_events"}],"about":[{"href":"https:\/\/culturas.cc\/congresso2020\/wp-json\/wp\/v2\/types\/tribe_events"}],"author":[{"embeddable":true,"href":"https:\/\/culturas.cc\/congresso2020\/wp-json\/wp\/v2\/users\/1"}],"version-history":[{"count":10,"href":"https:\/\/culturas.cc\/congresso2020\/wp-json\/wp\/v2\/tribe_events\/15815\/revisions"}],"predecessor-version":[{"id":17361,"href":"https:\/\/culturas.cc\/congresso2020\/wp-json\/wp\/v2\/tribe_events\/15815\/revisions\/17361"}],"wp:featuredmedia":[{"embeddable":true,"href":"https:\/\/culturas.cc\/congresso2020\/wp-json\/wp\/v2\/media\/17195"}],"wp:attachment":[{"href":"https:\/\/culturas.cc\/congresso2020\/wp-json\/wp\/v2\/media?parent=15815"}],"wp:term":[{"taxonomy":"post_tag","embeddable":true,"href":"https:\/\/culturas.cc\/congresso2020\/wp-json\/wp\/v2\/tags?post=15815"},{"taxonomy":"tribe_events_cat","embeddable":true,"href":"https:\/\/culturas.cc\/congresso2020\/wp-json\/wp\/v2\/tribe_events_cat?post=15815"}],"curies":[{"name":"wp","href":"https:\/\/api.w.org\/{rel}","templated":true}]}}

Painel 5 | Voz, Corpo e Mídias: Tramas da Cultura

<p><span style="font-weight: 400;">Esta mesa busca refletir sobre a inquietante relação oral-visual que não é oral-vocal, mas que se refere à concretude da voz diante do olhar. A referência ao oral-visual é por conta da necessidade, do chamamento de uma boca (e de uma voz) para interpretar o visual. A relação oral-visual é problemática porque analógica, sem linearidade e exige, portanto, uma articulação para ser interpretada. E essa articulação, que é uma interpretação analógica, implica a instalação de sentido e que passa por tecidos do corpo e da cultura, sendo o corpo uma mídia primária, porque a primeira mídia do homem. O homem, criativo e inquieto, aumenta a capacidade criativa dessa mídia primária com máscaras, pinturas corporais, adereços, roupas&#8230; e se põe como uma mídia “secundária”. E a mídia terciária vai ser se voltar para o receptor: rádio, televisão, vídeo, correio eletrônico, mídias sociais.</span></p>
<p><strong>Edilene Matos</strong> | UFBA; <strong>Renata Pitombo</strong> | UFRB; <strong>Beatriz Pires</strong> | USP</p>
<h2><a href="https://www.youtube.com/channel/UCIK-EIYExB5Ia09PLqz46Ow?view_as=subscriber">Clique aqui para ver ao vivo no Youtube</a></h2>
<h2><a href="https://culturas.cc/congresso2020/#aovivo">Clique aqui para ver ao vivo no site</a></h2>
<div id="cmsmasters_divider_8fj513pts4" class="cmsmasters_divider cmsmasters_divider_width_long cmsmasters_divider_pos_center"></div>
<div class="cmsmasters_sidebar sidebar_layout_1434"><aside id="text-6" class="widget widget_text">			<div class="textwidget"><p><a href="https://culturas.cc"><img loading="lazy" decoding="async" data-recalc-dims="1" class="alignnone size-medium wp-image-15395" src="https://i0.wp.com/culturas.cc/congresso2020/wp-content/uploads/sites/9/2020/09/culturascc-bk.png?resize=300%2C109&#038;ssl=1" alt="" width="300" height="109" srcset="https://i0.wp.com/culturas.cc/congresso2020/wp-content/uploads/sites/9/2020/09/culturascc-bk.png?w=530&amp;ssl=1 530w, https://i0.wp.com/culturas.cc/congresso2020/wp-content/uploads/sites/9/2020/09/culturascc-bk.png?resize=300%2C109&amp;ssl=1 300w" sizes="auto, (max-width: 300px) 100vw, 300px" /></a></p>
<h4>Contatos</h4>
<p>Universidade Federal da Bahia<br />
Salvador &#8211; Bahia &#8211; Brasil<br />
congresso2020@culturas.cc</p>
</div>
		</aside><aside id="text-9" class="widget widget_text"><h3 class="widgettitle">Assine nosso livro de visitas</h3>			<div class="textwidget"><blockquote class="wp-embedded-content" data-secret="EnKOD1aKxE"><p><a href="https://culturas.cc/congresso2020/guestbook/">Livro de Visitas</a></p></blockquote>
<p><iframe class="wp-embedded-content" sandbox="allow-scripts" security="restricted" style="position: absolute; visibility: hidden;" title="&#8220;Livro de Visitas&#8221; &#8212; 2020 - congresso internacional sobre culturas" src="https://culturas.cc/congresso2020/guestbook/embed/#?secret=cUZMVLyznD#?secret=EnKOD1aKxE" data-secret="EnKOD1aKxE" frameborder="0" marginwidth="0" marginheight="0" scrolling="no"></iframe></p>
</div>
		</aside><div class="cl"></div>
</div>
