{"id":15804,"date":"2020-09-02T00:01:17","date_gmt":"2020-09-02T03:01:17","guid":{"rendered":"https:\/\/culturas.cc\/congresso2020\/?post_type=tribe_events&#038;p=15804"},"modified":"2020-11-18T23:50:58","modified_gmt":"2020-11-19T02:50:58","slug":"painel-2-enlaces-culturais-brasil-portugal","status":"publish","type":"tribe_events","link":"https:\/\/culturas.cc\/congresso2020\/event\/painel-2-enlaces-culturais-brasil-portugal\/","title":{"rendered":"Painel 2 | Enlaces culturais: Brasil &#8211; Portugal"},"content":{"rendered":"<p>A mesa-redonda deriva do projeto de livro, intitulado Enlaces culturais Brasil-Portugal , coordenado por Antonio Albino Canelas Rubim (UFBA) e Urbano Sidoncha (UBI), tamb\u00e9m proponentes desta atividade. O livro e a mesa buscam discutir as conex\u00f5es culturais entre Brasil e Portugal, por meio de variados conte\u00fados em uma dezena de artigos. O objetivo comum do livro e da mesa-redonda \u00e9 tornar mais efetiva a coopera\u00e7\u00e3o entre Brasil e Portugal, possibilitada pela rede de universidades e pelos congressos internacionais de culturas. No caso espec\u00edfico da mesa ser\u00e3o tratados temas como: forma\u00e7\u00e3o cultural, identidades culturais, marca lugar\/cidade e pol\u00edticas culturais. Ela ter\u00e1 a participa\u00e7\u00e3o de quatro dos autores do livro: al\u00e9m dos coordenadores, os professores Adriano Sampaio (UFBA) e Paulo Serra (UBI) apresentam seus trabalhos.<\/p>\n<p><strong>Albino Rubim<\/strong> | UFBA; <strong>Urbano Sidoncha<\/strong> | UBI; <strong>Paulo Serra<\/strong> | UBI; <strong>Adriano Sampaio<\/strong> | UFBA<\/p>\n<h2><a href=\"https:\/\/www.youtube.com\/channel\/UCIK-EIYExB5Ia09PLqz46Ow?view_as=subscriber\">Clique aqui para ver ao vivo no Youtube<\/a><\/h2>\n<h2><a href=\"https:\/\/culturas.cc\/congresso2020\/#aovivo\">Clique aqui para ver ao vivo no site<\/a><\/h2>\n<div id=\"cmsmasters_divider_8fj513pts4\" class=\"cmsmasters_divider cmsmasters_divider_width_long cmsmasters_divider_pos_center\"><\/div>\n<div class=\"cmsmasters_sidebar sidebar_layout_1434\"><aside id=\"text-6\" class=\"widget widget_text\">\t\t\t<div class=\"textwidget\"><p><a href=\"https:\/\/culturas.cc\"><img loading=\"lazy\" decoding=\"async\" data-recalc-dims=\"1\" class=\"alignnone size-medium wp-image-15395\" src=\"https:\/\/i0.wp.com\/culturas.cc\/congresso2020\/wp-content\/uploads\/sites\/9\/2020\/09\/culturascc-bk.png?resize=300%2C109&#038;ssl=1\" alt=\"\" width=\"300\" height=\"109\" srcset=\"https:\/\/i0.wp.com\/culturas.cc\/congresso2020\/wp-content\/uploads\/sites\/9\/2020\/09\/culturascc-bk.png?w=530&amp;ssl=1 530w, https:\/\/i0.wp.com\/culturas.cc\/congresso2020\/wp-content\/uploads\/sites\/9\/2020\/09\/culturascc-bk.png?resize=300%2C109&amp;ssl=1 300w\" sizes=\"auto, (max-width: 300px) 100vw, 300px\" \/><\/a><\/p>\n<h4>Contatos<\/h4>\n<p>Universidade Federal da Bahia<br \/>\nSalvador &#8211; Bahia &#8211; Brasil<br \/>\ncongresso2020@culturas.cc<\/p>\n<\/div>\n\t\t<\/aside><aside id=\"text-9\" class=\"widget widget_text\"><h3 class=\"widgettitle\">Assine nosso livro de visitas<\/h3>\t\t\t<div class=\"textwidget\"><blockquote class=\"wp-embedded-content\" data-secret=\"EnKOD1aKxE\"><p><a href=\"https:\/\/culturas.cc\/congresso2020\/guestbook\/\">Livro de Visitas<\/a><\/p><\/blockquote>\n<p><iframe class=\"wp-embedded-content\" sandbox=\"allow-scripts\" security=\"restricted\" style=\"position: absolute; visibility: hidden;\" title=\"&#8220;Livro de Visitas&#8221; &#8212; 2020 - congresso internacional sobre culturas\" src=\"https:\/\/culturas.cc\/congresso2020\/guestbook\/embed\/#?secret=cUZMVLyznD#?secret=EnKOD1aKxE\" data-secret=\"EnKOD1aKxE\" frameborder=\"0\" marginwidth=\"0\" marginheight=\"0\" scrolling=\"no\"><\/iframe><\/p>\n<\/div>\n\t\t<\/aside><div class=\"cl\"><\/div>\n<\/div>\n","protected":false},"excerpt":{"rendered":"<p><strong>Albino Rubim | UFBA<\/strong><br \/>\n<strong>Urbano Sidoncha | UBI<\/strong><br \/>\n<strong>Paulo Serra | UBI<\/strong><br \/>\n<strong>Adriano Sampaio | UFBA<\/strong><\/p>\n","protected":false},"author":1,"featured_media":17192,"template":"","meta":{"_bbp_topic_count":0,"_bbp_reply_count":0,"_bbp_total_topic_count":0,"_bbp_total_reply_count":0,"_bbp_voice_count":0,"_bbp_anonymous_reply_count":0,"_bbp_topic_count_hidden":0,"_bbp_reply_count_hidden":0,"_bbp_forum_subforum_count":0,"_tribe_events_status":"","_tribe_events_status_reason":"","footnotes":""},"tags":[108],"tribe_events_cat":[142,150],"class_list":["post-15804","tribe_events","type-tribe_events","status-publish","has-post-thumbnail","hentry","tag-painel","tribe_events_cat-19-nov-20","tribe_events_cat-painel-19nov","cat_19-nov-20","cat_painel-19nov"],"jetpack_sharing_enabled":true,"_links":{"self":[{"href":"https:\/\/culturas.cc\/congresso2020\/wp-json\/wp\/v2\/tribe_events\/15804","targetHints":{"allow":["GET"]}}],"collection":[{"href":"https:\/\/culturas.cc\/congresso2020\/wp-json\/wp\/v2\/tribe_events"}],"about":[{"href":"https:\/\/culturas.cc\/congresso2020\/wp-json\/wp\/v2\/types\/tribe_events"}],"author":[{"embeddable":true,"href":"https:\/\/culturas.cc\/congresso2020\/wp-json\/wp\/v2\/users\/1"}],"version-history":[{"count":15,"href":"https:\/\/culturas.cc\/congresso2020\/wp-json\/wp\/v2\/tribe_events\/15804\/revisions"}],"predecessor-version":[{"id":17359,"href":"https:\/\/culturas.cc\/congresso2020\/wp-json\/wp\/v2\/tribe_events\/15804\/revisions\/17359"}],"wp:featuredmedia":[{"embeddable":true,"href":"https:\/\/culturas.cc\/congresso2020\/wp-json\/wp\/v2\/media\/17192"}],"wp:attachment":[{"href":"https:\/\/culturas.cc\/congresso2020\/wp-json\/wp\/v2\/media?parent=15804"}],"wp:term":[{"taxonomy":"post_tag","embeddable":true,"href":"https:\/\/culturas.cc\/congresso2020\/wp-json\/wp\/v2\/tags?post=15804"},{"taxonomy":"tribe_events_cat","embeddable":true,"href":"https:\/\/culturas.cc\/congresso2020\/wp-json\/wp\/v2\/tribe_events_cat?post=15804"}],"curies":[{"name":"wp","href":"https:\/\/api.w.org\/{rel}","templated":true}]}}

<p>A mesa-redonda deriva do projeto de livro, intitulado Enlaces culturais Brasil-Portugal , coordenado por Antonio Albino Canelas Rubim (UFBA) e Urbano Sidoncha (UBI), também proponentes desta atividade. O livro e a mesa buscam discutir as conexões culturais entre Brasil e Portugal, por meio de variados conteúdos em uma dezena de artigos. O objetivo comum do livro e da mesa-redonda é tornar mais efetiva a cooperação entre Brasil e Portugal, possibilitada pela rede de universidades e pelos congressos internacionais de culturas. No caso específico da mesa serão tratados temas como: formação cultural, identidades culturais, marca lugar/cidade e políticas culturais. Ela terá a participação de quatro dos autores do livro: além dos coordenadores, os professores Adriano Sampaio (UFBA) e Paulo Serra (UBI) apresentam seus trabalhos.</p>
<p><strong>Albino Rubim</strong> | UFBA; <strong>Urbano Sidoncha</strong> | UBI; <strong>Paulo Serra</strong> | UBI; <strong>Adriano Sampaio</strong> | UFBA</p>
<h2><a href="https://www.youtube.com/channel/UCIK-EIYExB5Ia09PLqz46Ow?view_as=subscriber">Clique aqui para ver ao vivo no Youtube</a></h2>
<h2><a href="https://culturas.cc/congresso2020/#aovivo">Clique aqui para ver ao vivo no site</a></h2>
<div id="cmsmasters_divider_8fj513pts4" class="cmsmasters_divider cmsmasters_divider_width_long cmsmasters_divider_pos_center"></div>
<div class="cmsmasters_sidebar sidebar_layout_1434"><aside id="text-6" class="widget widget_text">			<div class="textwidget"><p><a href="https://culturas.cc"><img loading="lazy" decoding="async" data-recalc-dims="1" class="alignnone size-medium wp-image-15395" src="https://i0.wp.com/culturas.cc/congresso2020/wp-content/uploads/sites/9/2020/09/culturascc-bk.png?resize=300%2C109&#038;ssl=1" alt="" width="300" height="109" srcset="https://i0.wp.com/culturas.cc/congresso2020/wp-content/uploads/sites/9/2020/09/culturascc-bk.png?w=530&amp;ssl=1 530w, https://i0.wp.com/culturas.cc/congresso2020/wp-content/uploads/sites/9/2020/09/culturascc-bk.png?resize=300%2C109&amp;ssl=1 300w" sizes="auto, (max-width: 300px) 100vw, 300px" /></a></p>
<h4>Contatos</h4>
<p>Universidade Federal da Bahia<br />
Salvador &#8211; Bahia &#8211; Brasil<br />
congresso2020@culturas.cc</p>
</div>
		</aside><aside id="text-9" class="widget widget_text"><h3 class="widgettitle">Assine nosso livro de visitas</h3>			<div class="textwidget"><blockquote class="wp-embedded-content" data-secret="EnKOD1aKxE"><p><a href="https://culturas.cc/congresso2020/guestbook/">Livro de Visitas</a></p></blockquote>
<p><iframe class="wp-embedded-content" sandbox="allow-scripts" security="restricted" style="position: absolute; visibility: hidden;" title="&#8220;Livro de Visitas&#8221; &#8212; 2020 - congresso internacional sobre culturas" src="https://culturas.cc/congresso2020/guestbook/embed/#?secret=cUZMVLyznD#?secret=EnKOD1aKxE" data-secret="EnKOD1aKxE" frameborder="0" marginwidth="0" marginheight="0" scrolling="no"></iframe></p>
</div>
		</aside><div class="cl"></div>
</div>
