{"id":15801,"date":"2020-09-02T00:00:47","date_gmt":"2020-09-02T03:00:47","guid":{"rendered":"https:\/\/culturas.cc\/congresso2020\/?post_type=tribe_events&#038;p=15801"},"modified":"2020-11-18T23:50:24","modified_gmt":"2020-11-19T02:50:24","slug":"painel-1-cultura-pandemia-e-desigualdades-impactos-e-perspectivas","status":"publish","type":"tribe_events","link":"https:\/\/culturas.cc\/congresso2020\/event\/painel-1-cultura-pandemia-e-desigualdades-impactos-e-perspectivas\/","title":{"rendered":"Painel 1 | Cultura, Pandemia e Desigualdades: Impactos e Perspectivas"},"content":{"rendered":"<p><span style=\"font-weight: 400;\">A atividade tem como\u00a0 principal objetivo discutir os impactos da pandemia da Covid-19 no \u00e2mbito ambiental, sociocultural e no campo da sa\u00fade, em particular debater de que modo a dissemina\u00e7\u00e3o da crise epidemiol\u00f3gica aprofunda as desigualdades sociais no\u00a0 Brasil e em todo o mundo. <\/span><span style=\"font-weight: 400;\">Participam da Mesa: Carmen Teixeira, Doutora em Sa\u00fade P\u00fablicaUFBA, Pesquisadora do Observat\u00f3rio em An\u00e1lise Pol\u00edtica em Sa\u00fade UFBAISC CNPq , Docente IHAC E ISC; Jorge Mar\u00edn\u00a0 Doutor em SociologiaUSC, docente Sociologia e PPG em Educa\u00e7\u00e3o e G\u00eanero USC e Marcelo Faria Ge\u00f3grafoUSP, Doutor em Educa\u00e7\u00e3o UFBA, Docente UEFS . Mediadora da Mesa: Rita Arag\u00e3o Doutora em Comunica\u00e7\u00e3o e Cultura Contempor\u00e2neasUFBA, Docente IHAC e PPG em Cultura e Sociedade UFBA.<\/span><\/p>\n<p><strong>Rita Arag\u00e3o<\/strong> | UFBA; <strong>Carmen Teixeira<\/strong> | UFBA; <strong>Jorge Mar\u00edn<\/strong> | USC; <strong>Marcelo Faria<\/strong> | USP<\/p>\n<h2><a href=\"https:\/\/www.youtube.com\/channel\/UCIK-EIYExB5Ia09PLqz46Ow?view_as=subscriber\">Clique aqui para ver ao vivo no Youtube<\/a><\/h2>\n<h2><a href=\"https:\/\/culturas.cc\/congresso2020\/#aovivo\">Clique aqui para ver ao vivo no site<\/a><\/h2>\n<div id=\"cmsmasters_divider_8fj513pts4\" class=\"cmsmasters_divider cmsmasters_divider_width_long cmsmasters_divider_pos_center\"><\/div>\n<div class=\"cmsmasters_sidebar sidebar_layout_1434\"><aside id=\"text-6\" class=\"widget widget_text\">\t\t\t<div class=\"textwidget\"><p><a href=\"https:\/\/culturas.cc\"><img loading=\"lazy\" decoding=\"async\" data-recalc-dims=\"1\" class=\"alignnone size-medium wp-image-15395\" src=\"https:\/\/i0.wp.com\/culturas.cc\/congresso2020\/wp-content\/uploads\/sites\/9\/2020\/09\/culturascc-bk.png?resize=300%2C109&#038;ssl=1\" alt=\"\" width=\"300\" height=\"109\" srcset=\"https:\/\/i0.wp.com\/culturas.cc\/congresso2020\/wp-content\/uploads\/sites\/9\/2020\/09\/culturascc-bk.png?w=530&amp;ssl=1 530w, https:\/\/i0.wp.com\/culturas.cc\/congresso2020\/wp-content\/uploads\/sites\/9\/2020\/09\/culturascc-bk.png?resize=300%2C109&amp;ssl=1 300w\" sizes=\"auto, (max-width: 300px) 100vw, 300px\" \/><\/a><\/p>\n<h4>Contatos<\/h4>\n<p>Universidade Federal da Bahia<br \/>\nSalvador &#8211; Bahia &#8211; Brasil<br \/>\ncongresso2020@culturas.cc<\/p>\n<\/div>\n\t\t<\/aside><aside id=\"text-9\" class=\"widget widget_text\"><h3 class=\"widgettitle\">Assine nosso livro de visitas<\/h3>\t\t\t<div class=\"textwidget\"><blockquote class=\"wp-embedded-content\" data-secret=\"EnKOD1aKxE\"><p><a href=\"https:\/\/culturas.cc\/congresso2020\/guestbook\/\">Livro de Visitas<\/a><\/p><\/blockquote>\n<p><iframe class=\"wp-embedded-content\" sandbox=\"allow-scripts\" security=\"restricted\" style=\"position: absolute; visibility: hidden;\" title=\"&#8220;Livro de Visitas&#8221; &#8212; 2020 - congresso internacional sobre culturas\" src=\"https:\/\/culturas.cc\/congresso2020\/guestbook\/embed\/#?secret=cUZMVLyznD#?secret=EnKOD1aKxE\" data-secret=\"EnKOD1aKxE\" frameborder=\"0\" marginwidth=\"0\" marginheight=\"0\" scrolling=\"no\"><\/iframe><\/p>\n<\/div>\n\t\t<\/aside><div class=\"cl\"><\/div>\n<\/div>\n","protected":false},"excerpt":{"rendered":"<p><strong>Rita Arag\u00e3o | UFBA<\/strong><br \/>\n<strong>Carmen Teixeira | UFBA<\/strong><br \/>\n<strong>Jorge Mar\u00edn | USC<\/strong><br \/>\n<strong>Marcelo Faria | USP<\/strong><\/p>\n","protected":false},"author":1,"featured_media":17191,"template":"","meta":{"_bbp_topic_count":0,"_bbp_reply_count":0,"_bbp_total_topic_count":0,"_bbp_total_reply_count":0,"_bbp_voice_count":0,"_bbp_anonymous_reply_count":0,"_bbp_topic_count_hidden":0,"_bbp_reply_count_hidden":0,"_bbp_forum_subforum_count":0,"_tribe_events_status":"","_tribe_events_status_reason":"","footnotes":""},"tags":[108],"tribe_events_cat":[142,150],"class_list":["post-15801","tribe_events","type-tribe_events","status-publish","has-post-thumbnail","hentry","tag-painel","tribe_events_cat-19-nov-20","tribe_events_cat-painel-19nov","cat_19-nov-20","cat_painel-19nov"],"jetpack_sharing_enabled":true,"_links":{"self":[{"href":"https:\/\/culturas.cc\/congresso2020\/wp-json\/wp\/v2\/tribe_events\/15801","targetHints":{"allow":["GET"]}}],"collection":[{"href":"https:\/\/culturas.cc\/congresso2020\/wp-json\/wp\/v2\/tribe_events"}],"about":[{"href":"https:\/\/culturas.cc\/congresso2020\/wp-json\/wp\/v2\/types\/tribe_events"}],"author":[{"embeddable":true,"href":"https:\/\/culturas.cc\/congresso2020\/wp-json\/wp\/v2\/users\/1"}],"version-history":[{"count":24,"href":"https:\/\/culturas.cc\/congresso2020\/wp-json\/wp\/v2\/tribe_events\/15801\/revisions"}],"predecessor-version":[{"id":17358,"href":"https:\/\/culturas.cc\/congresso2020\/wp-json\/wp\/v2\/tribe_events\/15801\/revisions\/17358"}],"wp:featuredmedia":[{"embeddable":true,"href":"https:\/\/culturas.cc\/congresso2020\/wp-json\/wp\/v2\/media\/17191"}],"wp:attachment":[{"href":"https:\/\/culturas.cc\/congresso2020\/wp-json\/wp\/v2\/media?parent=15801"}],"wp:term":[{"taxonomy":"post_tag","embeddable":true,"href":"https:\/\/culturas.cc\/congresso2020\/wp-json\/wp\/v2\/tags?post=15801"},{"taxonomy":"tribe_events_cat","embeddable":true,"href":"https:\/\/culturas.cc\/congresso2020\/wp-json\/wp\/v2\/tribe_events_cat?post=15801"}],"curies":[{"name":"wp","href":"https:\/\/api.w.org\/{rel}","templated":true}]}}

<p><span style="font-weight: 400;">A atividade tem como  principal objetivo discutir os impactos da pandemia da Covid-19 no âmbito ambiental, sociocultural e no campo da saúde, em particular debater de que modo a disseminação da crise epidemiológica aprofunda as desigualdades sociais no  Brasil e em todo o mundo. </span><span style="font-weight: 400;">Participam da Mesa: Carmen Teixeira, Doutora em Saúde PúblicaUFBA, Pesquisadora do Observatório em Análise Política em Saúde UFBAISC CNPq , Docente IHAC E ISC; Jorge Marín  Doutor em SociologiaUSC, docente Sociologia e PPG em Educação e Gênero USC e Marcelo Faria GeógrafoUSP, Doutor em Educação UFBA, Docente UEFS . Mediadora da Mesa: Rita Aragão Doutora em Comunicação e Cultura ContemporâneasUFBA, Docente IHAC e PPG em Cultura e Sociedade UFBA.</span></p>
<p><strong>Rita Aragão</strong> | UFBA; <strong>Carmen Teixeira</strong> | UFBA; <strong>Jorge Marín</strong> | USC; <strong>Marcelo Faria</strong> | USP</p>
<h2><a href="https://www.youtube.com/channel/UCIK-EIYExB5Ia09PLqz46Ow?view_as=subscriber">Clique aqui para ver ao vivo no Youtube</a></h2>
<h2><a href="https://culturas.cc/congresso2020/#aovivo">Clique aqui para ver ao vivo no site</a></h2>
<div id="cmsmasters_divider_8fj513pts4" class="cmsmasters_divider cmsmasters_divider_width_long cmsmasters_divider_pos_center"></div>
<div class="cmsmasters_sidebar sidebar_layout_1434"><aside id="text-6" class="widget widget_text">			<div class="textwidget"><p><a href="https://culturas.cc"><img loading="lazy" decoding="async" data-recalc-dims="1" class="alignnone size-medium wp-image-15395" src="https://i0.wp.com/culturas.cc/congresso2020/wp-content/uploads/sites/9/2020/09/culturascc-bk.png?resize=300%2C109&#038;ssl=1" alt="" width="300" height="109" srcset="https://i0.wp.com/culturas.cc/congresso2020/wp-content/uploads/sites/9/2020/09/culturascc-bk.png?w=530&amp;ssl=1 530w, https://i0.wp.com/culturas.cc/congresso2020/wp-content/uploads/sites/9/2020/09/culturascc-bk.png?resize=300%2C109&amp;ssl=1 300w" sizes="auto, (max-width: 300px) 100vw, 300px" /></a></p>
<h4>Contatos</h4>
<p>Universidade Federal da Bahia<br />
Salvador &#8211; Bahia &#8211; Brasil<br />
congresso2020@culturas.cc</p>
</div>
		</aside><aside id="text-9" class="widget widget_text"><h3 class="widgettitle">Assine nosso livro de visitas</h3>			<div class="textwidget"><blockquote class="wp-embedded-content" data-secret="EnKOD1aKxE"><p><a href="https://culturas.cc/congresso2020/guestbook/">Livro de Visitas</a></p></blockquote>
<p><iframe class="wp-embedded-content" sandbox="allow-scripts" security="restricted" style="position: absolute; visibility: hidden;" title="&#8220;Livro de Visitas&#8221; &#8212; 2020 - congresso internacional sobre culturas" src="https://culturas.cc/congresso2020/guestbook/embed/#?secret=cUZMVLyznD#?secret=EnKOD1aKxE" data-secret="EnKOD1aKxE" frameborder="0" marginwidth="0" marginheight="0" scrolling="no"></iframe></p>
</div>
		</aside><div class="cl"></div>
</div>

<p><strong>Rita Aragão | UFBA</strong><br />
<strong>Carmen Teixeira | UFBA</strong><br />
<strong>Jorge Marín | USC</strong><br />
<strong>Marcelo Faria | USP</strong></p>
