{"id":10801,"date":"2020-09-01T00:00:00","date_gmt":"2020-09-01T03:00:00","guid":{"rendered":"http:\/\/eco-press.cmsmasters.net\/?post_type=tribe_events&#038;p=10801"},"modified":"2020-11-18T23:55:58","modified_gmt":"2020-11-19T02:55:58","slug":"conferencia-com-paulina-chiziane-escritora-mocambicana","status":"publish","type":"tribe_events","link":"https:\/\/culturas.cc\/congresso2020\/event\/conferencia-com-paulina-chiziane-escritora-mocambicana\/","title":{"rendered":"Confer\u00eancia de abertura com Paulina Chiziane"},"content":{"rendered":"<p>A confer\u00eancia de abertura do VI Congresso Internacional sobre Culturas contar\u00e1 com a presen\u00e7a da ilustre escritora mo\u00e7ambicana Paulina Chiziane, primeira mulher a publicar um romance no seu pa\u00eds. Sua obra \u00e9 reconhecida e celebrada no mundo todo, sendo alguns de seus t\u00edtulos mais conhecidos \u201cA balada de amor ao vento\u201d (1990), \u201cVentos do Apocalipse\u201d (1995), \u201cNiketche: Uma Hist\u00f3ria de Poligamia\u201d (2002) e \u201cO Alegre Canto da Perdiz\u201d (2008). Na ocasi\u00e3o, Paulina refletir\u00e1 a partir do tema central do congresso \u2013 \u201cVidas, Mares e Territ\u00f3rios em um Mundo Angustiado\u201d.<\/p>\n<h2>Assista ao Vivo<\/h2>\n<p><strong>Dia 18 de novembro (quarta-feira), \u00e0s 15h30 no Brasil, 18h30 em Portugal e 20h30 em Mo\u00e7ambique. Transmiss\u00e3o ao vivo pelo culturas.cc\/congresso2020.<\/strong><\/p>\n<h2><a href=\"https:\/\/www.youtube.com\/channel\/UCIK-EIYExB5Ia09PLqz46Ow?view_as=subscriber\">Clique aqui para ver ao vivo no Youtube<\/a><\/h2>\n<h2><a href=\"https:\/\/culturas.cc\/congresso2020\/#aovivo\">Clique aqui para ver ao vivo no site<\/a><\/h2>\n<div id=\"cmsmasters_divider_8fj513pts4\" class=\"cmsmasters_divider cmsmasters_divider_width_long cmsmasters_divider_pos_center\"><\/div>\n<div class=\"cmsmasters_sidebar sidebar_layout_1434\"><aside id=\"text-6\" class=\"widget widget_text\">\t\t\t<div class=\"textwidget\"><p><a href=\"https:\/\/culturas.cc\"><img loading=\"lazy\" decoding=\"async\" data-recalc-dims=\"1\" class=\"alignnone size-medium wp-image-15395\" src=\"https:\/\/i0.wp.com\/culturas.cc\/congresso2020\/wp-content\/uploads\/sites\/9\/2020\/09\/culturascc-bk.png?resize=300%2C109&#038;ssl=1\" alt=\"\" width=\"300\" height=\"109\" srcset=\"https:\/\/i0.wp.com\/culturas.cc\/congresso2020\/wp-content\/uploads\/sites\/9\/2020\/09\/culturascc-bk.png?w=530&amp;ssl=1 530w, https:\/\/i0.wp.com\/culturas.cc\/congresso2020\/wp-content\/uploads\/sites\/9\/2020\/09\/culturascc-bk.png?resize=300%2C109&amp;ssl=1 300w\" sizes=\"auto, (max-width: 300px) 100vw, 300px\" \/><\/a><\/p>\n<h4>Contatos<\/h4>\n<p>Universidade Federal da Bahia<br \/>\nSalvador &#8211; Bahia &#8211; Brasil<br \/>\ncongresso2020@culturas.cc<\/p>\n<\/div>\n\t\t<\/aside><aside id=\"text-9\" class=\"widget widget_text\"><h3 class=\"widgettitle\">Assine nosso livro de visitas<\/h3>\t\t\t<div class=\"textwidget\"><blockquote class=\"wp-embedded-content\" data-secret=\"EnKOD1aKxE\"><p><a href=\"https:\/\/culturas.cc\/congresso2020\/guestbook\/\">Livro de Visitas<\/a><\/p><\/blockquote>\n<p><iframe class=\"wp-embedded-content\" sandbox=\"allow-scripts\" security=\"restricted\" style=\"position: absolute; visibility: hidden;\" title=\"&#8220;Livro de Visitas&#8221; &#8212; 2020 - congresso internacional sobre culturas\" src=\"https:\/\/culturas.cc\/congresso2020\/guestbook\/embed\/#?secret=cUZMVLyznD#?secret=EnKOD1aKxE\" data-secret=\"EnKOD1aKxE\" frameborder=\"0\" marginwidth=\"0\" marginheight=\"0\" scrolling=\"no\"><\/iframe><\/p>\n<\/div>\n\t\t<\/aside><div class=\"cl\"><\/div>\n<\/div>\n","protected":false},"excerpt":{"rendered":"<p>A confer\u00eancia de abertura do VI Congresso Internacional sobre Culturas contar\u00e1 com a presen\u00e7a da ilustre escritora mo\u00e7ambicana Paulina Chiziane, primeira mulher a publicar um romance no seu pa\u00eds. Sua obra \u00e9 reconhecida e celebrada no mundo todo, sendo alguns de seus t\u00edtulos mais conhecidos \u201cA balada de amor ao vento\u201d (1990), \u201cVentos do Apocalipse\u201d (1995), \u201cNiketche: Uma Hist\u00f3ria de Poligamia\u201d (2002) e \u201cO Alegre Canto da Perdiz\u201d (2008). Na ocasi\u00e3o, Paulina refletir\u00e1 a partir do tema central do congresso \u2013 \u201cVidas, Mares e Territ\u00f3rios em um Mundo Angustiado\u201d.<\/p>\n","protected":false},"author":1,"featured_media":17197,"template":"","meta":{"_bbp_topic_count":0,"_bbp_reply_count":0,"_bbp_total_topic_count":0,"_bbp_total_reply_count":0,"_bbp_voice_count":0,"_bbp_anonymous_reply_count":0,"_bbp_topic_count_hidden":0,"_bbp_reply_count_hidden":0,"_bbp_forum_subforum_count":0,"_tribe_events_status":"","_tribe_events_status_reason":"","footnotes":""},"tags":[105,104],"tribe_events_cat":[141,80],"class_list":["post-10801","tribe_events","type-tribe_events","status-publish","has-post-thumbnail","hentry","tag-abertura","tag-conferencia","tribe_events_cat-18-nov-20","tribe_events_cat-congresso-2020","cat_18-nov-20","cat_congresso-2020"],"jetpack_sharing_enabled":true,"_links":{"self":[{"href":"https:\/\/culturas.cc\/congresso2020\/wp-json\/wp\/v2\/tribe_events\/10801","targetHints":{"allow":["GET"]}}],"collection":[{"href":"https:\/\/culturas.cc\/congresso2020\/wp-json\/wp\/v2\/tribe_events"}],"about":[{"href":"https:\/\/culturas.cc\/congresso2020\/wp-json\/wp\/v2\/types\/tribe_events"}],"author":[{"embeddable":true,"href":"https:\/\/culturas.cc\/congresso2020\/wp-json\/wp\/v2\/users\/1"}],"version-history":[{"count":48,"href":"https:\/\/culturas.cc\/congresso2020\/wp-json\/wp\/v2\/tribe_events\/10801\/revisions"}],"predecessor-version":[{"id":17366,"href":"https:\/\/culturas.cc\/congresso2020\/wp-json\/wp\/v2\/tribe_events\/10801\/revisions\/17366"}],"wp:featuredmedia":[{"embeddable":true,"href":"https:\/\/culturas.cc\/congresso2020\/wp-json\/wp\/v2\/media\/17197"}],"wp:attachment":[{"href":"https:\/\/culturas.cc\/congresso2020\/wp-json\/wp\/v2\/media?parent=10801"}],"wp:term":[{"taxonomy":"post_tag","embeddable":true,"href":"https:\/\/culturas.cc\/congresso2020\/wp-json\/wp\/v2\/tags?post=10801"},{"taxonomy":"tribe_events_cat","embeddable":true,"href":"https:\/\/culturas.cc\/congresso2020\/wp-json\/wp\/v2\/tribe_events_cat?post=10801"}],"curies":[{"name":"wp","href":"https:\/\/api.w.org\/{rel}","templated":true}]}}

Conferência de abertura com Paulina Chiziane

<p>A conferência de abertura do VI Congresso Internacional sobre Culturas contará com a presença da ilustre escritora moçambicana Paulina Chiziane, primeira mulher a publicar um romance no seu país. Sua obra é reconhecida e celebrada no mundo todo, sendo alguns de seus títulos mais conhecidos “A balada de amor ao vento” (1990), “Ventos do Apocalipse” (1995), “Niketche: Uma História de Poligamia” (2002) e “O Alegre Canto da Perdiz” (2008). Na ocasião, Paulina refletirá a partir do tema central do congresso – “Vidas, Mares e Territórios em um Mundo Angustiado”.</p>
<h2>Assista ao Vivo</h2>
<p><strong>Dia 18 de novembro (quarta-feira), às 15h30 no Brasil, 18h30 em Portugal e 20h30 em Moçambique. Transmissão ao vivo pelo culturas.cc/congresso2020.</strong></p>
<h2><a href="https://www.youtube.com/channel/UCIK-EIYExB5Ia09PLqz46Ow?view_as=subscriber">Clique aqui para ver ao vivo no Youtube</a></h2>
<h2><a href="https://culturas.cc/congresso2020/#aovivo">Clique aqui para ver ao vivo no site</a></h2>
<div id="cmsmasters_divider_8fj513pts4" class="cmsmasters_divider cmsmasters_divider_width_long cmsmasters_divider_pos_center"></div>
<div class="cmsmasters_sidebar sidebar_layout_1434"><aside id="text-6" class="widget widget_text">			<div class="textwidget"><p><a href="https://culturas.cc"><img loading="lazy" decoding="async" data-recalc-dims="1" class="alignnone size-medium wp-image-15395" src="https://i0.wp.com/culturas.cc/congresso2020/wp-content/uploads/sites/9/2020/09/culturascc-bk.png?resize=300%2C109&#038;ssl=1" alt="" width="300" height="109" srcset="https://i0.wp.com/culturas.cc/congresso2020/wp-content/uploads/sites/9/2020/09/culturascc-bk.png?w=530&amp;ssl=1 530w, https://i0.wp.com/culturas.cc/congresso2020/wp-content/uploads/sites/9/2020/09/culturascc-bk.png?resize=300%2C109&amp;ssl=1 300w" sizes="auto, (max-width: 300px) 100vw, 300px" /></a></p>
<h4>Contatos</h4>
<p>Universidade Federal da Bahia<br />
Salvador &#8211; Bahia &#8211; Brasil<br />
congresso2020@culturas.cc</p>
</div>
		</aside><aside id="text-9" class="widget widget_text"><h3 class="widgettitle">Assine nosso livro de visitas</h3>			<div class="textwidget"><blockquote class="wp-embedded-content" data-secret="EnKOD1aKxE"><p><a href="https://culturas.cc/congresso2020/guestbook/">Livro de Visitas</a></p></blockquote>
<p><iframe class="wp-embedded-content" sandbox="allow-scripts" security="restricted" style="position: absolute; visibility: hidden;" title="&#8220;Livro de Visitas&#8221; &#8212; 2020 - congresso internacional sobre culturas" src="https://culturas.cc/congresso2020/guestbook/embed/#?secret=cUZMVLyznD#?secret=EnKOD1aKxE" data-secret="EnKOD1aKxE" frameborder="0" marginwidth="0" marginheight="0" scrolling="no"></iframe></p>
</div>
		</aside><div class="cl"></div>
</div>

<p>A conferência de abertura do VI Congresso Internacional sobre Culturas contará com a presença da ilustre escritora moçambicana Paulina Chiziane, primeira mulher a publicar um romance no seu país. Sua obra é reconhecida e celebrada no mundo todo, sendo alguns de seus títulos mais conhecidos “A balada de amor ao vento” (1990), “Ventos do Apocalipse” (1995), “Niketche: Uma História de Poligamia” (2002) e “O Alegre Canto da Perdiz” (2008). Na ocasião, Paulina refletirá a partir do tema central do congresso – “Vidas, Mares e Territórios em um Mundo Angustiado”.</p>
