{"id":16255,"date":"2020-11-08T14:43:36","date_gmt":"2020-11-08T17:43:36","guid":{"rendered":"https:\/\/culturas.cc\/congresso2020\/?page_id=16255"},"modified":"2020-11-11T11:55:11","modified_gmt":"2020-11-11T14:55:11","slug":"pagamento","status":"publish","type":"page","link":"https:\/\/culturas.cc\/congresso2020\/confirmar\/pagamento\/","title":{"rendered":"Pagamento"},"content":{"rendered":"<div id=\"cmsmasters_row_tjuwwinfq\" class=\"cmsmasters_row cmsmasters_color_scheme_default cmsmasters_row_top_default cmsmasters_row_bot_default cmsmasters_row_boxed\">\n<div class=\"cmsmasters_row_outer_parent\">\n<div class=\"cmsmasters_row_outer\">\n<div class=\"cmsmasters_row_inner\">\n<div class=\"cmsmasters_row_margin\">\n<div id=\"cmsmasters_column_sy28sbpm2\" class=\"cmsmasters_column one_first\">\n<div class=\"cmsmasters_column_inner\"><\/div><\/div>\n<\/div>\n<\/div>\n<\/div>\n<\/div>\n<\/div>\n<div id=\"cmsmasters_row_oswe1k7tm7\" class=\"cmsmasters_row cmsmasters_color_scheme_default cmsmasters_row_top_default cmsmasters_row_bot_default cmsmasters_row_boxed\">\n<div id=\"pag1\" class=\"cmsmasters_row_outer_parent\">\n<div class=\"cmsmasters_row_outer\">\n<div class=\"cmsmasters_row_inner\">\n<div class=\"cmsmasters_row_margin\">\n<div id=\"cmsmasters_column_sghq3nq8nj\" class=\"cmsmasters_column one_first\">\n<div class=\"cmsmasters_column_inner\"><div class=\"cmsmasters_text\">\n<h2>Para pa\u00edses da Zona Euro, utilize o bot\u00e3o doar (PayPal) a seguir:<\/h2>\n<h3>( <a href=\"#pag2\">Para pagamentos do Brasil e Mo\u00e7ambique, clique aqui<\/a> )<\/h3>\n<\/div>\n<div class=\"custom_html\">\n<form action=\"https:\/\/www.paypal.com\/donate\" method=\"post\" target=\"_top\">\n<input type=\"hidden\" name=\"hosted_button_id\" value=\"WFJ7AD863RJDU\" \/><br \/>\n<input type=\"image\" src=\"https:\/\/www.paypalobjects.com\/pt_PT\/PT\/i\/btn\/btn_donateCC_LG.gif\" border=\"0\" name=\"submit\" title=\"PayPal - The safer, easier way to pay online!\" alt=\"Donate with PayPal button\" \/><br \/>\n<img data-recalc-dims=\"1\" loading=\"lazy\" decoding=\"async\" alt=\"\" border=\"0\" src=\"https:\/\/i0.wp.com\/www.paypal.com\/pt_PT\/i\/scr\/pixel.gif?resize=1%2C1&#038;ssl=1\" width=\"1\" height=\"1\" \/><br \/>\n<\/form>\n<\/div>\n<div class=\"cmsmasters_text\">\n<p>Sugest\u00e3o de valores:<\/p>\n<\/div>\n<div class=\"cmsmasters_pricing_table pricing_four\">\n<div id=\"cmsmasters_pricing_item_8anj1xfctn\" class=\"cmsmasters_pricing_item\">\n<div class=\"cmsmasters_pricing_item_inner\">\n<h3 class=\"pricing_title\">Estudante de gradua\u00e7\u00e3o<\/h3>\n<div class=\"cmsmasters_price_wrap\">\n<span class=\"cmsmasters_currency\">EUR<\/span>\n<span class=\"cmsmasters_price\">10<\/span>\n<\/div>\n<ul class=\"feature_list\">\n<li>Bacharelado<\/li>\n<li>Licenciatura<\/li>\n<li>Tecnol\u00f3gico<\/li>\n<\/ul>\n<\/div>\n<\/div>\n<div id=\"cmsmasters_pricing_item_l3uamfbj7i\" class=\"cmsmasters_pricing_item\">\n<div class=\"cmsmasters_pricing_item_inner\">\n<h3 class=\"pricing_title\">Estudante de p\u00f3s-gradua\u00e7\u00e3o<\/h3>\n<div class=\"cmsmasters_price_wrap\">\n<span class=\"cmsmasters_currency\">EUR<\/span>\n<span class=\"cmsmasters_price\">20<\/span>\n<\/div>\n<ul class=\"feature_list\">\n<li>Especializa\u00e7\u00e3o<\/li>\n<li> Mestrado<\/li>\n<li> Doutorado<\/li>\n<\/ul>\n<\/div>\n<\/div>\n<div id=\"cmsmasters_pricing_item_q39xolbdea\" class=\"cmsmasters_pricing_item\">\n<div class=\"cmsmasters_pricing_item_inner\">\n<h3 class=\"pricing_title\">Geral<\/h3>\n<div class=\"cmsmasters_price_wrap\">\n<span class=\"cmsmasters_currency\">EUR<\/span>\n<span class=\"cmsmasters_price\">40<\/span>\n<\/div>\n<ul class=\"feature_list\">\n<li>Profissionais<\/li>\n<li>Professores<\/li>\n<li> Pesquisadores<\/li>\n<\/ul>\n<\/div>\n<\/div>\n<div id=\"cmsmasters_pricing_item_vp32qs5s7b\" class=\"cmsmasters_pricing_item\">\n<div class=\"cmsmasters_pricing_item_inner\">\n<h3 class=\"pricing_title\">Outro valor<\/h3>\n<div class=\"cmsmasters_price_wrap\">\n<span class=\"cmsmasters_currency\">$<\/span>\n<span class=\"cmsmasters_price\">escolha<\/span>\n<\/div>\n<ul class=\"feature_list\">\n<li>Contribui\u00e7\u00e3o Livre<\/li>\n<li>Escolha qualquer valor<\/li>\n<\/ul>\n<\/div>\n<\/div>\n<\/div>\n<\/div><\/div>\n<\/div>\n<\/div>\n<\/div>\n<\/div>\n<\/div>\n<div id=\"cmsmasters_row_w45hj9d2w\" class=\"cmsmasters_row cmsmasters_color_scheme_default cmsmasters_row_top_default cmsmasters_row_bot_default cmsmasters_row_boxed\">\n<div id=\"pag2\" class=\"cmsmasters_row_outer_parent\">\n<div class=\"cmsmasters_row_outer\">\n<div class=\"cmsmasters_row_inner\">\n<div class=\"cmsmasters_row_margin\">\n<div id=\"cmsmasters_column_a8f6b14tp7\" class=\"cmsmasters_column one_first\">\n<div class=\"cmsmasters_column_inner\">\n<div id=\"cmsmasters_divider_m5y1w4u69u\" class=\"cmsmasters_divider cmsmasters_divider_width_long cmsmasters_divider_pos_center\"><\/div>\n<div class=\"cmsmasters_text\">\n<h2>Para pagamentos do Brasil e de Mo\u00e7ambique, utilize o bot\u00e3o doar (PayPal) a seguir:<\/h2>\n<h3>( <a href=\"#pag1\">Para pagamentos da Zona Euro, clique aqui<\/a> )<\/h3>\n<\/div>\n<div class=\"custom_html\">\n<form action=\"https:\/\/www.paypal.com\/donate\" method=\"post\" target=\"_top\">\n<input type=\"hidden\" name=\"hosted_button_id\" value=\"XJHLL2TB6G4VU\" \/><br \/>\n<input type=\"image\" src=\"https:\/\/www.paypalobjects.com\/pt_BR\/BR\/i\/btn\/btn_donateCC_LG.gif\" border=\"0\" name=\"submit\" title=\"PayPal - The safer, easier way to pay online!\" alt=\"Donate with PayPal button\" \/><br \/>\n<img data-recalc-dims=\"1\" loading=\"lazy\" decoding=\"async\" alt=\"\" border=\"0\" src=\"https:\/\/i0.wp.com\/www.paypal.com\/pt_BR\/i\/scr\/pixel.gif?resize=1%2C1&#038;ssl=1\" width=\"1\" height=\"1\" \/><br \/>\n<\/form>\n<\/div>\n<div class=\"cmsmasters_text\">\n<p>Sugest\u00e3o de valores:<\/p>\n<\/div>\n<div class=\"cmsmasters_pricing_table pricing_four\">\n<div id=\"cmsmasters_pricing_item_28gxa4xuon\" class=\"cmsmasters_pricing_item\">\n<div class=\"cmsmasters_pricing_item_inner\">\n<h3 class=\"pricing_title\">Estudante de gradua\u00e7\u00e3o<\/h3>\n<div class=\"cmsmasters_price_wrap\">\n<span class=\"cmsmasters_currency\">R$<\/span>\n<span class=\"cmsmasters_price\">20<\/span>\n<\/div>\n<ul class=\"feature_list\">\n<li>Bacharelado<\/li>\n<li>Licenciatura<\/li>\n<li>Tecnol\u00f3gico<\/li>\n<\/ul>\n<\/div>\n<\/div>\n<div id=\"cmsmasters_pricing_item_zd04zg0r28\" class=\"cmsmasters_pricing_item\">\n<div class=\"cmsmasters_pricing_item_inner\">\n<h3 class=\"pricing_title\">Estudante de p\u00f3s-gradua\u00e7\u00e3o<\/h3>\n<div class=\"cmsmasters_price_wrap\">\n<span class=\"cmsmasters_currency\">R$<\/span>\n<span class=\"cmsmasters_price\">50<\/span>\n<\/div>\n<ul class=\"feature_list\">\n<li>Especializa\u00e7\u00e3o<\/li>\n<li> Mestrado<\/li>\n<li> Doutorado<\/li>\n<\/ul>\n<\/div>\n<\/div>\n<div id=\"cmsmasters_pricing_item_54mpw5tx71\" class=\"cmsmasters_pricing_item\">\n<div class=\"cmsmasters_pricing_item_inner\">\n<h3 class=\"pricing_title\">Geral<\/h3>\n<div class=\"cmsmasters_price_wrap\">\n<span class=\"cmsmasters_currency\">R$<\/span>\n<span class=\"cmsmasters_price\">100<\/span>\n<\/div>\n<ul class=\"feature_list\">\n<li>Profissionais<\/li>\n<li>Professores<\/li>\n<li> Pesquisadores<\/li>\n<\/ul>\n<\/div>\n<\/div>\n<div id=\"cmsmasters_pricing_item_q7c3xkyz0j\" class=\"cmsmasters_pricing_item\">\n<div class=\"cmsmasters_pricing_item_inner\">\n<h3 class=\"pricing_title\">Outro valor<\/h3>\n<div class=\"cmsmasters_price_wrap\">\n<span class=\"cmsmasters_currency\">$<\/span>\n<span class=\"cmsmasters_price\">escolha<\/span>\n<\/div>\n<ul class=\"feature_list\">\n<li>Contribui\u00e7\u00e3o Livre<\/li>\n<li>Escolha qualquer valor<\/li>\n<\/ul>\n<\/div>\n<\/div>\n<\/div>\n<\/div><\/div>\n<\/div>\n<\/div>\n<\/div>\n<\/div>\n<\/div>\n<div id=\"cmsmasters_row_3hq045br9d\" class=\"cmsmasters_row cmsmasters_color_scheme_default cmsmasters_row_top_default cmsmasters_row_bot_default cmsmasters_row_boxed\">\n<div class=\"cmsmasters_row_outer_parent\">\n<div class=\"cmsmasters_row_outer\">\n<div class=\"cmsmasters_row_inner\">\n<div class=\"cmsmasters_row_margin\">\n<div id=\"cmsmasters_column_2rgs8vsv8g\" class=\"cmsmasters_column one_first\">\n<div class=\"cmsmasters_column_inner\"><\/div><\/div>\n<\/div>\n<\/div>\n<\/div>\n<\/div>\n<\/div>\n<div id=\"cmsmasters_row_l01p0luso\" class=\"cmsmasters_row cmsmasters_color_scheme_default cmsmasters_row_top_default cmsmasters_row_bot_default cmsmasters_row_boxed\">\n<div class=\"cmsmasters_row_outer_parent\">\n<div class=\"cmsmasters_row_outer\">\n<div class=\"cmsmasters_row_inner\">\n<div class=\"cmsmasters_row_margin\">\n<div id=\"cmsmasters_column_nidwi4cxkh\" class=\"cmsmasters_column one_first\">\n<div class=\"cmsmasters_column_inner\"><\/div><\/div>\n<\/div>\n<\/div>\n<\/div>\n<\/div>\n<\/div>\n\n","protected":false},"excerpt":{"rendered":"","protected":false},"author":1,"featured_media":0,"parent":16191,"menu_order":0,"comment_status":"closed","ping_status":"closed","template":"","meta":{"_bbp_topic_count":0,"_bbp_reply_count":0,"_bbp_total_topic_count":0,"_bbp_total_reply_count":0,"_bbp_voice_count":0,"_bbp_anonymous_reply_count":0,"_bbp_topic_count_hidden":0,"_bbp_reply_count_hidden":0,"_bbp_forum_subforum_count":0,"footnotes":""},"class_list":["post-16255","page","type-page","status-publish","hentry"],"jetpack_sharing_enabled":true,"_links":{"self":[{"href":"https:\/\/culturas.cc\/congresso2020\/wp-json\/wp\/v2\/pages\/16255","targetHints":{"allow":["GET"]}}],"collection":[{"href":"https:\/\/culturas.cc\/congresso2020\/wp-json\/wp\/v2\/pages"}],"about":[{"href":"https:\/\/culturas.cc\/congresso2020\/wp-json\/wp\/v2\/types\/page"}],"author":[{"embeddable":true,"href":"https:\/\/culturas.cc\/congresso2020\/wp-json\/wp\/v2\/users\/1"}],"replies":[{"embeddable":true,"href":"https:\/\/culturas.cc\/congresso2020\/wp-json\/wp\/v2\/comments?post=16255"}],"version-history":[{"count":31,"href":"https:\/\/culturas.cc\/congresso2020\/wp-json\/wp\/v2\/pages\/16255\/revisions"}],"predecessor-version":[{"id":16641,"href":"https:\/\/culturas.cc\/congresso2020\/wp-json\/wp\/v2\/pages\/16255\/revisions\/16641"}],"up":[{"embeddable":true,"href":"https:\/\/culturas.cc\/congresso2020\/wp-json\/wp\/v2\/pages\/16191"}],"wp:attachment":[{"href":"https:\/\/culturas.cc\/congresso2020\/wp-json\/wp\/v2\/media?parent=16255"}],"curies":[{"name":"wp","href":"https:\/\/api.w.org\/{rel}","templated":true}]}}