{"id":16135,"date":"2020-11-05T23:37:51","date_gmt":"2020-11-06T02:37:51","guid":{"rendered":"https:\/\/culturas.cc\/congresso2020\/?page_id=16135"},"modified":"2020-11-11T15:54:56","modified_gmt":"2020-11-11T18:54:56","slug":"resultado-dos-gts","status":"publish","type":"page","link":"https:\/\/culturas.cc\/congresso2020\/resultado-dos-gts\/","title":{"rendered":"Resultado dos GTs"},"content":{"rendered":"<div id=\"cmsmasters_row_ghz5bvao\" class=\"cmsmasters_row cmsmasters_color_scheme_default cmsmasters_row_top_default cmsmasters_row_bot_default cmsmasters_row_boxed\">\n<div id=\"trabalhos-1\" class=\"cmsmasters_row_outer_parent\">\n<div class=\"cmsmasters_row_outer\">\n<div class=\"cmsmasters_row_inner\">\n<div class=\"cmsmasters_row_margin\">\n<div id=\"cmsmasters_column_7kgzbecx3\" class=\"cmsmasters_column one_first\">\n<div class=\"cmsmasters_column_inner\"><div id=\"cmsmasters_heading_71z5q4z2y\" class=\"cmsmasters_heading_wrap cmsmasters_heading_align_left\">\n\t<h5 class=\"cmsmasters_heading\">Resultado<\/h5>\n<\/div><div id=\"cmsmasters_heading_ik1wjq9l3\" class=\"cmsmasters_heading_wrap cmsmasters_heading_align_left\">\n\t<h2 class=\"cmsmasters_heading\">Grupos de Trabalhos &#8211; Aprovados<\/h2>\n<\/div><div id=\"cmsmasters_notice_n07wvd0v54\" class=\"cmsmasters_notice cmsmasters_notice_success cmsmasters-icon-custom-information\">\n<a href=\"#\" class=\"notice_close cmsmasters_theme_icon_cancel\"><\/a><div class=\"notice_content\">\n<p><strong>Aten\u00e7\u00e3o:<\/strong> alguns trabalhos aprovados foram direcionados a outros GTs.<\/p>\n<\/div>\n<\/div>\n<div id=\"cmsmasters_notice_wddn4s9jfz\" class=\"cmsmasters_notice cmsmasters_notice_success cmsmasters-icon-custom-arrow-thin-right\">\n<a href=\"#\" class=\"notice_close cmsmasters_theme_icon_cancel\"><\/a><div class=\"notice_content\">\n<h3>Acesse o item <strong>Programa\u00e7\u00e3o<\/strong>, no menu principal acima, <strong>para ver o dia\/hor\u00e1rio<\/strong> das apresenta\u00e7\u00f5es dos GTs.<\/h3>\n<\/div>\n<\/div>\n<div id=\"cmsmasters_divider_9i9107dfqe\" class=\"cmsmasters_divider cmsmasters_divider_width_long cmsmasters_divider_pos_center\"><\/div>\n<ul id=\"cmsmasters_icon_list_items_jm4l84hmrt\" class=\"cmsmasters_icon_list_items cmsmasters_icon_list_type_block cmsmasters_icon_list_pos_left cmsmasters_color_type_border\"><li id=\"cmsmasters_icon_list_item_7smhpodica\" class=\"cmsmasters_icon_list_item cmsmasters_icon_type_image\">\n<div class=\"cmsmasters_icon_list_item_inner\">\n<div class=\"cmsmasters_icon_list_icon_wrap\">\n<span class=\"cmsmasters_icon_list_icon \"><\/span>\n<\/div>\n<div class=\"cmsmasters_icon_list_item_content\">\n<h4 class=\"cmsmasters_icon_list_item_title\">GT1 - Cultura, Pol\u00edtica, Democracia e Combate a Desigualdades e Opress\u00f5es<\/h4>\n<div class=\"cmsmasters_icon_list_item_text\">\n<p>Este grupo ir\u00e1 discutir os aspectos da pol\u00edtica e da democracia, bem como os recentes movimentos antirracistas que, por meio da cultura, podem contribuir com pr\u00e1ticas visando \u00e0 preserva\u00e7\u00e3o de direitos e liberdades e \u00e0 plena conviv\u00eancia entre os povos. Ir\u00e1 tratar, ainda, dos diversos processos que afetam a cultura, as pol\u00edticas p\u00fablicas e as dimens\u00f5es \u00e9ticas do poder nas sociedades contempor\u00e2neas.<\/p>\n<p>Coordena\u00e7\u00e3o: Albino Rubim (UFBA), Jos\u00e9 Rosa (UBI), Rita Arag\u00e3o (UFBA), Rosa Cabecinhas (UMinho) e Urbano Sidoncha (UBI)<\/p>\n<div id=\"cmsmasters_button_cx0r2hj8vl\" class=\"button_wrap\"><a href=\"https:\/\/culturas.cc\/congresso2020\/wp-content\/uploads\/sites\/9\/2020\/11\/RESULTADO_GT-1.pdf\" class=\"cmsmasters_button cmsmasters-icon-custom-download\" target=\"_blank\"><span>RESULTADO DO GT 1<\/span><\/a><\/div>\n<\/div>\n<\/div>\n<\/div>\n<\/li><li id=\"cmsmasters_icon_list_item_up8ax0g80u\" class=\"cmsmasters_icon_list_item cmsmasters_icon_type_image\">\n<div class=\"cmsmasters_icon_list_item_inner\">\n<div class=\"cmsmasters_icon_list_icon_wrap\">\n<span class=\"cmsmasters_icon_list_icon \"><\/span>\n<\/div>\n<div class=\"cmsmasters_icon_list_item_content\">\n<h4 class=\"cmsmasters_icon_list_item_title\">GT2 - Diversidade Cultural, Direitos, G\u00eanero e Sexualidades<\/h4>\n<div class=\"cmsmasters_icon_list_item_text\">\n<p>Este grupo pretende oferecer um panorama da diversidade nos \u00e2mbitos da cultura e suas transversalidades, sobretudo as tem\u00e1ticas de g\u00eanero e sexualidade. Assim, a compreens\u00e3o da diversidade cultural possui uma centralidade enquanto elemento essencial ao estudo das culturas, considerando os movimentos pelos direitos LGBTQIA+, as pol\u00edticas p\u00f3s-i dentit\u00e1rias e constru\u00e7\u00f5es medi\u00e1ticas ou contra hegem\u00f4nicas das feminilidades e masculinidades.<\/p>\n<p>Coordena\u00e7\u00e3o: Leandro Colling (UFBA), Linda Rubim (UFBA), Martins Mapera (UZ), S\u00f3nia S\u00e1 (UBI) e Zara Pinto-Coelho (UMinho)<\/p>\n<div id=\"cmsmasters_button_203ou1wm9\" class=\"button_wrap\"><a href=\"https:\/\/culturas.cc\/congresso2020\/wp-content\/uploads\/sites\/9\/2020\/11\/RESULTADO_GT-2.pdf\" class=\"cmsmasters_button cmsmasters-icon-custom-download\" target=\"_blank\"><span>RESULTADO DO GT 2<\/span><\/a><\/div>\n<\/div>\n<\/div>\n<\/div>\n<\/li><li id=\"cmsmasters_icon_list_item_zd2vfzfzzf\" class=\"cmsmasters_icon_list_item cmsmasters_icon_type_image\">\n<div class=\"cmsmasters_icon_list_item_inner\">\n<div class=\"cmsmasters_icon_list_icon_wrap\">\n<span class=\"cmsmasters_icon_list_icon \"><\/span>\n<\/div>\n<div class=\"cmsmasters_icon_list_item_content\">\n<h4 class=\"cmsmasters_icon_list_item_title\">GT3 - Cultura, Desenvolvimento, Redes e Tecnologias<\/h4>\n<div class=\"cmsmasters_icon_list_item_text\">\n<p>Este grupo de trabalho est\u00e1 orientado ao estudo dos processos econ\u00f4micos, tecnol\u00f3gicos e sociais que constituem os fen\u00f4menos culturais das redes. A &#8220;culturaliza\u00e7\u00e3o&#8221; de tais processos demonstra, por um lado, uma tentativa de responsabiliza\u00e7\u00e3o da cultura para al\u00e9m dos seus tradicionais vetores identit\u00e1rios e de integra\u00e7\u00e3o social. Por outro, um amplo esfor\u00e7o de conjugar, por meio da cultura, o desenvolvimento e a justi\u00e7a social. Assim, os trabalhos devem contemplar um arco de an\u00e1lise que vai da economia da cultura \u00e0s redes digitais.<\/p>\n<p>Coordena\u00e7\u00e3o: Adriano Sampaio (UFBA), Jo\u00e3o Correia (UBI), Jos\u00e9 Roberto Severino (UFBA), Madalena Oliveira (UMinho), Messias Guimar\u00e3es Bandeira (UFBA)\u00a0 e Paulo Miguez (UFBA)<\/p>\n<div id=\"cmsmasters_button_us9pwjy96k\" class=\"button_wrap\"><a href=\"https:\/\/culturas.cc\/congresso2020\/wp-content\/uploads\/sites\/9\/2020\/11\/RESULTADO_GT-3.pdf\" class=\"cmsmasters_button cmsmasters-icon-custom-download\" target=\"_blank\"><span>RESULTADO DO GT 3<\/span><\/a><\/div>\n<\/div>\n<\/div>\n<\/div>\n<\/li><li id=\"cmsmasters_icon_list_item_n4qf15857\" class=\"cmsmasters_icon_list_item cmsmasters_icon_type_image\">\n<div class=\"cmsmasters_icon_list_item_inner\">\n<div class=\"cmsmasters_icon_list_icon_wrap\">\n<span class=\"cmsmasters_icon_list_icon \"><\/span>\n<\/div>\n<div class=\"cmsmasters_icon_list_item_content\">\n<h4 class=\"cmsmasters_icon_list_item_title\">GT4 - Cultura, Ci\u00eancia, Sa\u00fade, Modos de Vida e Consumo<\/h4>\n<div class=\"cmsmasters_icon_list_item_text\">\n<p>Este grupo ir\u00e1 oferecer um panorama da produ\u00e7\u00e3o de conhecimento e da cultura considerando o contexto de sa\u00fade p\u00fablica a partir da emerg\u00eancia da pandemia por Covid-19. Ser\u00e3o priorizados os trabalhos dedicados aos novos modos de conviv\u00eancia, cuidado e processos de redefini\u00e7\u00e3o do consumo num contexto de ressignifica\u00e7\u00e3o da vida e dos afetos.<\/p>\n<p>Coordena\u00e7\u00e3o: Andr\u00e9 Bonfim (UFOB), Anna Palacios (UFBA), Catarina Moura (UBI), Em\u00edlia Ara\u00fajo (UMinho) e Ivone Ferreira (UNL)<\/p>\n<div id=\"cmsmasters_button_tx5y6xvy6j\" class=\"button_wrap\"><a href=\"https:\/\/culturas.cc\/congresso2020\/wp-content\/uploads\/sites\/9\/2020\/11\/RESULTADO_GT-4.pdf\" class=\"cmsmasters_button cmsmasters-icon-custom-download\" target=\"_blank\"><span>RESULTADO DO GT 4<\/span><\/a><\/div>\n<p>&nbsp;<\/p>\n<\/div>\n<\/div>\n<\/div>\n<\/li><li id=\"cmsmasters_icon_list_item_ord23srqwi\" class=\"cmsmasters_icon_list_item cmsmasters_icon_type_image\">\n<div class=\"cmsmasters_icon_list_item_inner\">\n<div class=\"cmsmasters_icon_list_icon_wrap\">\n<span class=\"cmsmasters_icon_list_icon \"><\/span>\n<\/div>\n<div class=\"cmsmasters_icon_list_item_content\">\n<h4 class=\"cmsmasters_icon_list_item_title\">GT5 - Cultura, Comunica\u00e7\u00e3o, Artes, Sensibilidade e Saberes Populares<\/h4>\n<div class=\"cmsmasters_icon_list_item_text\">\n<p>O grupo de trabalho pretende destacar as rela\u00e7\u00f5es entre cultura, processos comunicacionais, est\u00e9ticos e art\u00edsticos, refletindo a transversalidade da cultura e da ecologia dos saberes nas sociedades contempor\u00e2neas. Neste sentido, fazem parte do repert\u00f3rio os debates atuais sobre a dimens\u00e3o do sens\u00edvel nas variantes art\u00edsticas e as experi\u00eancias ampliadas pelas diversas formas de express\u00e3o cultural.<\/p>\n<p>Coordena\u00e7\u00e3o: Edilene Matos (UFBA), Francisco Paiva (UBI), Idalina Sidoncha (UBI), Renata Pitombo (UFRB) e Rita Ribeiro (UMinho)<\/p>\n<div id=\"cmsmasters_button_qshucrb0vr\" class=\"button_wrap\"><a href=\"https:\/\/culturas.cc\/congresso2020\/wp-content\/uploads\/sites\/9\/2020\/11\/RESULTADO_GT-5.pdf\" class=\"cmsmasters_button cmsmasters-icon-custom-download\" target=\"_blank\"><span>RESULTADO DO GT 5<\/span><\/a><\/div>\n<\/div>\n<\/div>\n<\/div>\n<\/li><\/ul>\n<\/div><\/div>\n<\/div>\n<\/div>\n<\/div>\n<\/div>\n<\/div>\n<div id=\"cmsmasters_row_sihayctjer\" class=\"cmsmasters_row cmsmasters_color_scheme_default cmsmasters_row_top_default cmsmasters_row_bot_default cmsmasters_row_boxed\">\n<div class=\"cmsmasters_row_outer_parent\">\n<div class=\"cmsmasters_row_outer\">\n<div class=\"cmsmasters_row_inner\">\n<div class=\"cmsmasters_row_margin\">\n<div id=\"cmsmasters_column_fypujzdv7l\" class=\"cmsmasters_column one_first\">\n<div class=\"cmsmasters_column_inner\"><\/div><\/div>\n<\/div>\n<\/div>\n<\/div>\n<\/div>\n<\/div>\n\n","protected":false},"excerpt":{"rendered":"","protected":false},"author":1,"featured_media":0,"parent":0,"menu_order":0,"comment_status":"closed","ping_status":"closed","template":"","meta":{"_bbp_topic_count":0,"_bbp_reply_count":0,"_bbp_total_topic_count":0,"_bbp_total_reply_count":0,"_bbp_voice_count":0,"_bbp_anonymous_reply_count":0,"_bbp_topic_count_hidden":0,"_bbp_reply_count_hidden":0,"_bbp_forum_subforum_count":0,"footnotes":""},"class_list":["post-16135","page","type-page","status-publish","hentry"],"jetpack_sharing_enabled":true,"_links":{"self":[{"href":"https:\/\/culturas.cc\/congresso2020\/wp-json\/wp\/v2\/pages\/16135","targetHints":{"allow":["GET"]}}],"collection":[{"href":"https:\/\/culturas.cc\/congresso2020\/wp-json\/wp\/v2\/pages"}],"about":[{"href":"https:\/\/culturas.cc\/congresso2020\/wp-json\/wp\/v2\/types\/page"}],"author":[{"embeddable":true,"href":"https:\/\/culturas.cc\/congresso2020\/wp-json\/wp\/v2\/users\/1"}],"replies":[{"embeddable":true,"href":"https:\/\/culturas.cc\/congresso2020\/wp-json\/wp\/v2\/comments?post=16135"}],"version-history":[{"count":23,"href":"https:\/\/culturas.cc\/congresso2020\/wp-json\/wp\/v2\/pages\/16135\/revisions"}],"predecessor-version":[{"id":16692,"href":"https:\/\/culturas.cc\/congresso2020\/wp-json\/wp\/v2\/pages\/16135\/revisions\/16692"}],"wp:attachment":[{"href":"https:\/\/culturas.cc\/congresso2020\/wp-json\/wp\/v2\/media?parent=16135"}],"curies":[{"name":"wp","href":"https:\/\/api.w.org\/{rel}","templated":true}]}}